{"id":6020,"date":"2020-09-28T07:19:55","date_gmt":"2020-09-28T05:19:55","guid":{"rendered":"http:\/\/new.kinoroma.zabrze.pl\/mapa\/?page_id=6020"},"modified":"2020-10-20T10:49:30","modified_gmt":"2020-10-20T08:49:30","slug":"aleksandra-poplawska","status":"publish","type":"page","link":"https:\/\/kinoroma.zabrze.pl\/mapa\/?page_id=6020","title":{"rendered":"Aleksandra Pop\u0142awska"},"content":{"rendered":"<p class=\"western\"><a href=\"https:\/\/kinoroma.zabrze.pl\/mapa\/wp-content\/uploads\/Aleksandra_Poplawska.jpg\"><img loading=\"lazy\" class=\"alignleft wp-image-6617 size-medium\" src=\"https:\/\/kinoroma.zabrze.pl\/mapa\/wp-content\/uploads\/Aleksandra_Poplawska-300x300.jpg\" alt=\"\" width=\"300\" height=\"300\" srcset=\"https:\/\/kinoroma.zabrze.pl\/mapa\/wp-content\/uploads\/Aleksandra_Poplawska-300x300.jpg 300w, https:\/\/kinoroma.zabrze.pl\/mapa\/wp-content\/uploads\/Aleksandra_Poplawska.jpg 1024w, https:\/\/kinoroma.zabrze.pl\/mapa\/wp-content\/uploads\/Aleksandra_Poplawska-150x150.jpg 150w, https:\/\/kinoroma.zabrze.pl\/mapa\/wp-content\/uploads\/Aleksandra_Poplawska-768x768.jpg 768w\" sizes=\"(max-width: 300px) 100vw, 300px\" \/><\/a>Urodzona 17 marca 1976 w Zabrzu. Jest aktork\u0105 teatraln\u0105 i filmow\u0105 oraz re\u017cyserk\u0105 teatraln\u0105. Uko\u0144czy\u0142a wroc\u0142awski Wydzia\u0142 Aktorski krakowskiej PWST w 2000 roku. W latach 2000\u20132007 by\u0142a aktork\u0105 Teatru Rozmaito\u015bci w Warszawie. Do zespo\u0142u tej sceny wr\u00f3ci\u0142a w 2018 roku. Wielokrotnie nagradzana za swoje role sceniczne i filmowe.<\/p>\n<p class=\"western\">W teatrze zadebiutowa\u0142a w 1998 roku w podw\u00f3jnej roli Halinki i Cypojry w &#8222;Sztukmistrzu z Lublina&#8221; Isaaca Bashevisa Singera, w re\u017cyserii Jana Szurmieja, na scenie Teatru Muzycznego Operetki Wroc\u0142awskiej we Wroc\u0142awiu. Wyst\u0119powa\u0142a w spektaklach re\u017cyserowanych m.in. przez Grzegorza Jarzyn\u0119, Agnieszk\u0119 Gli\u0144sk\u0105 i Miko\u0142aja Grabowskiego.<\/p>\n<p class=\"western\">Ma na koncie wsp\u00f3\u0142re\u017cyseri\u0119 spektaklu &#8222;Kompleks Portnoya&#8221; w Teatrze Konsekwentnym w Warszawie (2010), za kt\u00f3r\u0105 zosta\u0142a nagrodzona &#8222;Feliksem Warszawskim&#8221; i Nagrod\u0105 Publiczno\u015bci na Koszali\u0144skich Konfrontacjach M\u0142odych m-teatr. Dwa lata p\u00f3\u017aniej wyre\u017cyserowa\u0142a sztuk\u0119 &#8222;Genera\u0142&#8221; w Teatrze IMKA w Warszawie, za kt\u00f3r\u0105 otrzyma\u0142a nagrod\u0119 na Og\u00f3lnopolskim Konkursie na Wystawienie Polskiej Sztuki Wsp\u00f3\u0142czesnej.<\/p>\n<p class=\"western\">Na ekranie zadebiutowa\u0142a w tym samym roku, co w teatrze. W 1998 znalaz\u0142a si\u0119 w obsadzie serialu \u201cKlasa na obcasach\u201d. Potem przysz\u0142y wyst\u0119py w popularnych seriach: \u201cMiodowe lata\u201d, \u201cSamo \u017cycie\u201d, \u201cNa Wsp\u00f3lnej\u201d. Debiutem kinowym by\u0142 film Przemys\u0142awa Wojcieszka \u201cW d\u00f3\u0142 kolorowym wzg\u00f3rzem\u201d z 2004 roku.<\/p>\n<p class=\"western\">W kolejnych latach pojawia\u0142a si\u0119 w serialach \u201cNa dobre i na z\u0142e\u201d, \u201cTrzeci oficer\u201d, \u201c39 i p\u00f3\u0142\u201d, \u201cPrawo Agaty\u201d, \u201cHotel 52\u201d, \u201cLekarze\u201d, \u201cKomisarz Alex\u201d i \u201cBarwy szcz\u0119\u015bcia\u201d. Rok 2014 przyni\u00f3s\u0142 wa\u017cn\u0105 rol\u0119 w jej karierze &#8211; prokurator Igi Dobosz w serialu &#8222;Wataha&#8221;, kt\u00f3r\u0105 kontynuowa\u0142a w kolejnych 2 sezonach serii. Wyst\u0105pi\u0142a te\u017c w wysoko ocenianym serialu \u201cBelfer\u201d. W 2018 i 2019 wcieli\u0142a si\u0119 w rol\u0119 Justyny, pseudonim \u201cSiekiera\u201d, w \u201cKobietach mafii\u201d i \u201cKobietach mafii 2\u201d.<\/p>\n<p class=\"western\">Obecnie gra, obok Maciej Stuhra, g\u0142\u00f3wn\u0105 rol\u0119 w emitowanym na platformie Player serialu &#8222;Szad\u017a&#8221;.<\/p>\n<p class=\"western\">Za rol\u0119 w serii \u201cWataha\u201d otrzyma\u0142a wraz z Leszkiem Lichot\u0105 \u201cO!L\u015bnienia\u201d &#8211; nagrod\u0119 kulturaln\u0105 Onetu i Miasta Krakowa.<\/p>\n<p>Jej starsza siostra Magdalena r\u00f3wnie\u017c jest aktork\u0105.<\/p>\n<p class=\"western\"><u><b>Nagrody<\/b><\/u><\/p>\n<ul>\n<li>\n<p class=\"western\">2001 &#8211; Nagroda aktorska na XLI Kaliskich Spotkaniach Teatralnych<\/p>\n<\/li>\n<li>\n<p class=\"western\">2002, 2009 &#8211; nagroda na Festiwalu Dramaturgii Wsp\u00f3\u0142czesnej \u201eRzeczywisto\u015b\u0107 przedstawiona\u201d w Zabrzu<\/p>\n<\/li>\n<li>\n<p class=\"western\">2007 &#8211; Wyr\u00f3\u017cnienie na XIII Og\u00f3lnopolskim Konkursie na Wystawienie Polskiej Sztuki Wsp\u00f3\u0142czesnej w Warszawie<\/p>\n<\/li>\n<li>\n<p class=\"western\">2010 &#8211; Wyr\u00f3\u017cnienie Przegl\u0105dzie Teatr\u00f3w Ma\u0142ych Form KONTRAPUNKT w Szczecinie<\/p>\n<\/li>\n<li>\n<p class=\"western\">2010 &#8211; Wyr\u00f3\u017cnienie aktorskie na 50. Kaliskich Spotkaniach Teatralnych<\/p>\n<\/li>\n<li>\n<p class=\"western\">2010 &#8211; &#8222;Feliks Warszawski&#8221; za re\u017cyseri\u0119 spektaklu &#8222;Kompleks Portnoya&#8221; w Teatrze Konsekwentnym w Warszawie<\/p>\n<\/li>\n<li>\n<p class=\"western\">2010 &#8211; Nagroda Publiczno\u015bci na II Koszali\u0144skich Konfrontacjach M\u0142odych m-teatr za re\u017cyseri\u0119 spektaklu &#8222;Kompleks Portnoya&#8221; w Teatrze Konsekwentnym w Warszawie<\/p>\n<\/li>\n<li>\n<p class=\"western\">2012 &#8211; Wyr\u00f3\u017cnienie na Og\u00f3lnopolskim Konkursie na Wystawienie Polskiej Sztuki Wsp\u00f3\u0142czesnej za re\u017cyseri\u0119 sztuki &#8222;Genera\u0142&#8221; w Teatrze IMKA w Warszawie<\/p>\n<\/li>\n<\/ul>\n<p class=\"western\">\n","protected":false},"excerpt":{"rendered":"<p>Urodzona 17 marca 1976 w Zabrzu. Jest aktork\u0105 teatraln\u0105 i filmow\u0105 oraz re\u017cyserk\u0105 teatraln\u0105. Uko\u0144czy\u0142a wroc\u0142awski Wydzia\u0142 Aktorski krakowskiej PWST w 2000 roku. W latach 2000\u20132007 by\u0142a aktork\u0105 Teatru Rozmaito\u015bci w Warszawie. Do zespo\u0142u tej sceny wr\u00f3ci\u0142a w 2018 roku. Wielokrotnie nagradzana za swoje role sceniczne i filmowe. W teatrze zadebiutowa\u0142a w 1998 roku w [&hellip;]<\/p>\n","protected":false},"author":1,"featured_media":0,"parent":6014,"menu_order":0,"comment_status":"closed","ping_status":"closed","template":"","meta":[],"_links":{"self":[{"href":"https:\/\/kinoroma.zabrze.pl\/mapa\/index.php?rest_route=\/wp\/v2\/pages\/6020"}],"collection":[{"href":"https:\/\/kinoroma.zabrze.pl\/mapa\/index.php?rest_route=\/wp\/v2\/pages"}],"about":[{"href":"https:\/\/kinoroma.zabrze.pl\/mapa\/index.php?rest_route=\/wp\/v2\/types\/page"}],"author":[{"embeddable":true,"href":"https:\/\/kinoroma.zabrze.pl\/mapa\/index.php?rest_route=\/wp\/v2\/users\/1"}],"replies":[{"embeddable":true,"href":"https:\/\/kinoroma.zabrze.pl\/mapa\/index.php?rest_route=%2Fwp%2Fv2%2Fcomments&post=6020"}],"version-history":[{"count":6,"href":"https:\/\/kinoroma.zabrze.pl\/mapa\/index.php?rest_route=\/wp\/v2\/pages\/6020\/revisions"}],"predecessor-version":[{"id":7652,"href":"https:\/\/kinoroma.zabrze.pl\/mapa\/index.php?rest_route=\/wp\/v2\/pages\/6020\/revisions\/7652"}],"up":[{"embeddable":true,"href":"https:\/\/kinoroma.zabrze.pl\/mapa\/index.php?rest_route=\/wp\/v2\/pages\/6014"}],"wp:attachment":[{"href":"https:\/\/kinoroma.zabrze.pl\/mapa\/index.php?rest_route=%2Fwp%2Fv2%2Fmedia&parent=6020"}],"curies":[{"name":"wp","href":"https:\/\/api.w.org\/{rel}","templated":true}]}}