{"id":6024,"date":"2020-09-28T07:21:38","date_gmt":"2020-09-28T05:21:38","guid":{"rendered":"http:\/\/new.kinoroma.zabrze.pl\/mapa\/?page_id=6024"},"modified":"2020-10-09T08:04:14","modified_gmt":"2020-10-09T06:04:14","slug":"bartosz-martyna","status":"publish","type":"page","link":"https:\/\/kinoroma.zabrze.pl\/mapa\/?page_id=6024","title":{"rendered":"Bartosz Martyna"},"content":{"rendered":"<p class=\"western\"><span lang=\"pl-PL\">Urodzony 7 marca 1984 roku w Zabrzu, aktor teatralny, filmowy oraz pedagog. Jeden z najwa\u017cniejszych polskich aktor\u00f3w dubbingowych, maj\u0105cy na koncie kilkaset takich r\u00f3l. Jest laureatem wielu nagr\u00f3d i wyr\u00f3\u017cnie\u0144. <\/span><\/p>\n<p class=\"western\"><span lang=\"pl-PL\">W 2010 roku uko\u0144czy\u0142 wydzia\u0142 aktorski na Akademii Teatralnej w Warszawie, a w 2015 roku uzyska\u0142 stopie\u0144 doktora sztuki. Studiowa\u0142 r\u00f3wnie\u017c na Mi\u0119dzywydzia\u0142owych Indywidualnych Studiach Humanistycznych Uniwersytetu \u015al\u0105skiego w Katowicach.<\/span><\/p>\n<p class=\"western\"><span lang=\"pl-PL\">Na scenie zadebiutowa\u0142 w 2009 roku rol\u0105 Ludwika XIV u boku Ignacego Gogolewskiego, w spektaklu \u201eDiabe\u0142 w purpurze\u201d. W 2013 roku po raz pierwszy pojawi\u0142 si\u0119 na du\u017cym ekranie w filmie \u201eKanadyjskie sukienki\u201d, u boku Anny Seniuk. <\/span><\/p>\n<p class=\"western\"><span lang=\"pl-PL\">Wsp\u00f3\u0142pracowa\u0142 m.in. z: Teatrem Dramatycznym w Warszawie, Nowym Teatrem w Warszawie, Warszawsk\u0105 Oper\u0105 Kameraln\u0105, Theater der K\u00fcnste w Z\u00fcrichu. Jako pedagog wyk\u0142ada na Akademii Teatralnej w Warszawie, Uniwersytecie Muzycznym Fryderyka Chopina w Warszawie oraz Kolegium Artes Liberales Uniwersytetu Warszawskiego.<\/span><\/p>\n<p class=\"western\"><span lang=\"pl-PL\">Jest wicedyrektorem Warszawskiego Teatru Ta\u0144ca oraz wicedyrektorem Mi\u0119dzynarodowego Festiwalu Ta\u0144ca Wsp\u00f3\u0142czesnego Warsaw Dance Days. W Warszawskim Teatrze Ta\u0144ca sprawuje ponadto wiele innych funkcji \u2013 dramaturga, konsultanta aktorstwa, wykonawcy oraz re\u017cysera. <\/span><\/p>\n<p class=\"western\"><span lang=\"pl-PL\">Jego autorskim dzie\u0142em jest monodram \u201ePerformer\u201d, nagradzany na festiwalach i spotkaniach teatralnych. Sztuk\u0119 dostrze\u017cono m.in. na Olszty\u0144skich Spotkaniach Teatr\u00f3w Jednego Aktora, Festiwalu Sztuki Teatralnej w Rybniku i Og\u00f3lnopolskim Przegl\u0105dzie Monodramu Wsp\u00f3\u0142czesnego w Warszawie.<\/span><\/p>\n<p class=\"western\"><span lang=\"pl-PL\">Wyst\u0119powa\u0142 w drugoplanowych i epizodycznych rolach w filmach i serialach telewizyjnych, takich jak <\/span>\u201eNa dobre i na z\u0142e\u201d <span lang=\"pl-PL\">oraz <\/span>\u201eNa Wsp\u00f3lnej\u201d<span lang=\"pl-PL\">.<\/span><\/p>\n<p class=\"western\"><span lang=\"pl-PL\">Jest jednym z najbardziej do\u015bwiadczonych i cenionych aktor\u00f3w dubbingowych w Polsce. Od roku 2009 zrealizowa\u0142 kilkaset takich r\u00f3l.\u00a0 Podk\u0142ada\u0142 g\u0142os w takich animacjach jak m.in.: &#8222;Pok\u00e9mon&#8221;, &#8222;Asterix i Obelix: W s\u0142u\u017cbie Jej Kr\u00f3lewskiej Mo\u015bci&#8221;, &#8222;Madagaskar 3&#8221;, &#8222;Merida waleczna&#8221;, &#8222;Ralph Demolka&#8221;, &#8222;Tomek i przyjaciele&#8221;, &#8222;Toy Story&#8221;, &#8222;Samoloty&#8221;, &#8222;Smerfy: Legenda Smerfnej Doliny&#8221;, &#8222;Uniwersytet potworny&#8221;, &#8222;LEGO przygoda&#8221; czy &#8222;Muppety: Poza prawem&#8221;.<\/span><\/p>\n<p class=\"western\"><span lang=\"pl-PL\">Wyst\u0119powa\u0142 te\u017c w rolach dubbingowych w fabularnych superprodukcjach ameryka\u0144skich, m.in. w &#8222;\u0141otr 1. Gwiezdne wojny \u2013 historie&#8221;, &#8222;X-Men: Apocalypse&#8221;, &#8222;Doktor Strange&#8221;, &#8222;2016: Kapitan Ameryka: Wojna bohater\u00f3w&#8221;, &#8222;Kapitan Ameryka: Zimowy \u017bo\u0142nierz&#8221;, &#8222;Piraci z Karaib\u00f3w: Zemsta Salazara&#8221;, &#8222;Spider-Man: Homecoming&#8221;, &#8222;Wonder Woman&#8221;, &#8222;Czarna Pantera&#8221; czy &#8222;Spider-Man: Uniwersum&#8221;<\/span><\/p>\n<p class=\"western\"><span lang=\"pl-PL\">Kolejnym wcieleniem dubbingowym Bartosza Martyny s\u0105 gry komputerowe. Udzieli\u0142 g\u0142osu postaciom z takich gier jak &#8222;&#8221;Wied\u017amin 2: Zab\u00f3jcy Kr\u00f3l\u00f3w&#8221;, &#8222;Call of Duty: Infinite Warfare&#8221; oraz &#8222;Star Wars: Battlefront II&#8221;.<\/span><\/p>\n<p class=\"western\"><span lang=\"pl-PL\"><u><b>Nagrody<\/b><\/u><\/span><\/p>\n<ul>\n<li>\n<p class=\"western\"><span lang=\"pl-PL\">2014 -Nagroda Olszty\u0144skich Spotka\u0144 Teatr\u00f3w Jednego Aktora \u201eSOLO\u201d za monodram \u201ePerformer\u201d.<br \/>\n<\/span><\/p>\n<\/li>\n<li>\n<p class=\"western\"><span lang=\"pl-PL\">2014 &#8211; I nagroda XVI Festiwalu Sztuki Teatralnej w Rybniku za monodram \u201ePerformer\u201d.<br \/>\n<\/span><\/p>\n<\/li>\n<li>\n<p class=\"western\"><span lang=\"pl-PL\">2014 &#8211; Wyr\u00f3\u017cnienie XII Og\u00f3lnopolskiego Przegl\u0105du Monodramu Wsp\u00f3\u0142czesnego w Warszawie za monodram \u201ePerformer\u201d.<\/span><\/p>\n<\/li>\n<\/ul>\n","protected":false},"excerpt":{"rendered":"<p>Urodzony 7 marca 1984 roku w Zabrzu, aktor teatralny, filmowy oraz pedagog. Jeden z najwa\u017cniejszych polskich aktor\u00f3w dubbingowych, maj\u0105cy na koncie kilkaset takich r\u00f3l. Jest laureatem wielu nagr\u00f3d i wyr\u00f3\u017cnie\u0144. W 2010 roku uko\u0144czy\u0142 wydzia\u0142 aktorski na Akademii Teatralnej w Warszawie, a w 2015 roku uzyska\u0142 stopie\u0144 doktora sztuki. Studiowa\u0142 r\u00f3wnie\u017c na Mi\u0119dzywydzia\u0142owych Indywidualnych Studiach [&hellip;]<\/p>\n","protected":false},"author":1,"featured_media":0,"parent":6014,"menu_order":0,"comment_status":"closed","ping_status":"closed","template":"","meta":[],"_links":{"self":[{"href":"https:\/\/kinoroma.zabrze.pl\/mapa\/index.php?rest_route=\/wp\/v2\/pages\/6024"}],"collection":[{"href":"https:\/\/kinoroma.zabrze.pl\/mapa\/index.php?rest_route=\/wp\/v2\/pages"}],"about":[{"href":"https:\/\/kinoroma.zabrze.pl\/mapa\/index.php?rest_route=\/wp\/v2\/types\/page"}],"author":[{"embeddable":true,"href":"https:\/\/kinoroma.zabrze.pl\/mapa\/index.php?rest_route=\/wp\/v2\/users\/1"}],"replies":[{"embeddable":true,"href":"https:\/\/kinoroma.zabrze.pl\/mapa\/index.php?rest_route=%2Fwp%2Fv2%2Fcomments&post=6024"}],"version-history":[{"count":3,"href":"https:\/\/kinoroma.zabrze.pl\/mapa\/index.php?rest_route=\/wp\/v2\/pages\/6024\/revisions"}],"predecessor-version":[{"id":7233,"href":"https:\/\/kinoroma.zabrze.pl\/mapa\/index.php?rest_route=\/wp\/v2\/pages\/6024\/revisions\/7233"}],"up":[{"embeddable":true,"href":"https:\/\/kinoroma.zabrze.pl\/mapa\/index.php?rest_route=\/wp\/v2\/pages\/6014"}],"wp:attachment":[{"href":"https:\/\/kinoroma.zabrze.pl\/mapa\/index.php?rest_route=%2Fwp%2Fv2%2Fmedia&parent=6024"}],"curies":[{"name":"wp","href":"https:\/\/api.w.org\/{rel}","templated":true}]}}