{"id":6028,"date":"2020-09-28T07:22:56","date_gmt":"2020-09-28T05:22:56","guid":{"rendered":"http:\/\/new.kinoroma.zabrze.pl\/mapa\/?page_id=6028"},"modified":"2020-10-09T07:53:55","modified_gmt":"2020-10-09T05:53:55","slug":"dariusz-chojnacki","status":"publish","type":"page","link":"https:\/\/kinoroma.zabrze.pl\/mapa\/?page_id=6028","title":{"rendered":"Dariusz Chojnacki"},"content":{"rendered":"<p class=\"western\">Urodzony 14 wrze\u015bnia 1981 w Zabrzu-Ko\u0144czycach. Aktor teatralny i filmowy. Wielokrotnie <span lang=\"pl-PL\">honorowany<\/span> nagrodami za role w teatrze i filmie.<\/p>\n<p class=\"western\">Chojnacki podkre\u015bla, \u017ce jest nierozerwalnie zwi\u0105zany z Ko\u0144czycami, dzielnic\u0105 Zabrza<span lang=\"pl-PL\">,<\/span> <span lang=\"pl-PL\">w<\/span> <span lang=\"pl-PL\">kt\u00f3rej<\/span> <span lang=\"pl-PL\">si\u0119 urodzi\u0142 i wychowywa\u0142<\/span>. Pochodzi z g\u00f3rniczej rodziny, a do s<span lang=\"pl-PL\">z<\/span>ko\u0142y aktorskiej zdawa\u0142 jako absolwent liceum zawodowego o profilu monter urz\u0105dze\u0144 elektronicznych. Jak sam podkre\u015bla, do ko\u0144ca podstaw\u00f3wki m\u00f3wi\u0142 tylko po \u015bl\u0105sku i dopiero w szkole \u015bredniej nauczy\u0142 si\u0119 literackiej polszczyzny.<\/p>\n<p class=\"western\"><span lang=\"pl-PL\">Od <\/span>200<span lang=\"pl-PL\">4<\/span> roku by\u0142 zwi\u0105zany z wroc\u0142awskimi teatrami Ad Spectatores i Pie\u015b\u0144 Koz\u0142a. Do zespo\u0142u Teatru \u015al\u0105skiego w Katowicach przyj\u0105\u0142 go Tadeusz Bradecki<span lang=\"pl-PL\"> &#8211; <\/span>tak\u017ce rodowity zabrzanin i<span lang=\"pl-PL\"> \u00f3<\/span>wczesny dyrektor tej sceny. Chojnacki zadebiutowa\u0142 w \u201ePoskromieniu z\u0142o\u015bnicy\u201d Szekspira, wyre\u017cyserowanym przez Bradeckiego.<\/p>\n<p class=\"western\">W 2014 roku <span lang=\"pl-PL\">aktor wcieli\u0142 si\u0119 w<\/span> <span lang=\"pl-PL\">dwie, kluczowe jak dot\u0105d role sceniczne: <\/span>Bohatera w spektaklu \u201ePi\u0105ta strona \u015bwiata\u201d wg ksi\u0105<span lang=\"pl-PL\">\u017c<\/span>ki Kazimierza Kutza oraz Randle\u2019a McMurphy\u2019ego w \u201eLocie nad kuku\u0142czym gniazdem\u201d Kena Keseya. <span lang=\"pl-PL\">Otrzyma\u0142 za nie <\/span>Z\u0142ot\u0105 Mask\u0119<span lang=\"pl-PL\">, a pierwsz\u0105 rol\u0119<\/span> doceniono te\u017c na Kaliskich Spotkaniach Teatralnych.<\/p>\n<p class=\"western\">Jako aktor filmowy zagra\u0142 m.in. w \u201eChrzcie\u201d (re\u017c. Marcin Wrona), \u201eChce si\u0119 \u017cy\u0107\u201d (re\u017c. Maciej Pieprzyca), \u201eOb\u0142awie\u201d (re\u017c. Marcin Krzyszta\u0142owicz), czy \u201eFudze\u201d (re\u017c. Agnieszka Smoczy\u0144ska) oraz\u00a0 w &#8222;Twarzy&#8221; (re\u017c. Ma\u0142gorzata Szumowska).<\/p>\n<p class=\"western\">Widzieli\u015bmy go tak\u017ce w dw\u00f3ch filmach kr\u0119conych w Zabrzu: \u201eDrzazgach\u201d Macieja Pieprzycy oraz &#8222;Szcz\u0119\u015bciu \u015bwiata&#8221; Micha\u0142a Rosy (tak\u017ce Zabrzanina). W filmie Rosy wcieli\u0142 si\u0119 w posta\u0107 Rufina &#8211; prostego g\u00f3rnika, kt\u00f3ry jest zarazem matematycznym geniuszem. Warto doda\u0107, \u017ce filmowy Rufin m\u00f3wi tylko \u015bl\u0105sk\u0105 gwar\u0105.<\/p>\n<p class=\"western\">Wa\u017cn\u0105 rol\u0105 w jego karierze by\u0142a posta\u0107 Jerzego Kukuczki, s\u0142ynnego himalaisty, urodzonego w dzielnicy Katowic &#8211; Bogucicach. Chojnacki wcieli\u0142 si\u0119 w Kukuczk\u0119 w spektaklu \u201eHimalaje\u201d w re\u017cyserii Roberta Talarczyka wystawionym w Teatrze Sl\u0105skim.<\/p>\n<p class=\"western\"><u><b>Nagrody i wyr\u00f3\u017cnienia <\/b><\/u><\/p>\n<ul>\n<li>\n<p class=\"western\">2014 &#8211; Z\u0142ota Maska Sl\u0105ska za role w przedstawieniach: &#8222;Pi\u0105ta strona \u015bwiata&#8221; i &#8222;Lot nad kuku\u0142czym gniazdem&#8221; w Teatrze \u015al\u0105skim w Katowicach<\/p>\n<\/li>\n<li>\n<p class=\"western\">2014 &#8211; 54. Kaliskie Spotkania Teatralne &#8211; nagroda aktorska za rol\u0119 w przedstawieniu &#8222;Pi\u0105ta strona \u015bwiata&#8221;<\/p>\n<\/li>\n<li>\n<p class=\"western\">2014 &#8211; Sopot &#8211; XIV Festiwal Teatru Polskiego Radia i Teatru Telewizji Polskiej &#8222;Dwa Teatry&#8221; &#8211; wyr\u00f3\u017cnienie aktorskie za rol\u0119 w przedstawieniu &#8222;Pi\u0105ta strona \u015bwiata&#8221;<\/p>\n<\/li>\n<li>\n<p class=\"western\">2014 -Nagroda artystyczna marsza\u0142ka wojew\u00f3dztwa \u015bl\u0105skiego dla m\u0142odego tw\u00f3rcy<\/p>\n<\/li>\n<li>\n<p class=\"western\">2017 &#8211; &#8222;Z\u0142oty Szczeniak&#8221; za drugoplanow\u0105 rol\u0119 m\u0119sk\u0105 w filmie &#8222;Szcz\u0119\u015bcie \u015bwiata&#8221; na Festiwalu Aktorstwa Filmowego im. Tadeusza Szymkowa we Wroc\u0142awiu<\/p>\n<\/li>\n<li>\n<p class=\"western\">2018 &#8211; Nagroda im. Leny Starke za rol\u0119 w &#8222;Porwaniu Europy&#8221;<\/p>\n<\/li>\n<\/ul>\n","protected":false},"excerpt":{"rendered":"<p>Urodzony 14 wrze\u015bnia 1981 w Zabrzu-Ko\u0144czycach. Aktor teatralny i filmowy. Wielokrotnie honorowany nagrodami za role w teatrze i filmie. Chojnacki podkre\u015bla, \u017ce jest nierozerwalnie zwi\u0105zany z Ko\u0144czycami, dzielnic\u0105 Zabrza, w kt\u00f3rej si\u0119 urodzi\u0142 i wychowywa\u0142. Pochodzi z g\u00f3rniczej rodziny, a do szko\u0142y aktorskiej zdawa\u0142 jako absolwent liceum zawodowego o profilu monter urz\u0105dze\u0144 elektronicznych. Jak sam [&hellip;]<\/p>\n","protected":false},"author":1,"featured_media":0,"parent":6014,"menu_order":0,"comment_status":"closed","ping_status":"closed","template":"","meta":[],"_links":{"self":[{"href":"https:\/\/kinoroma.zabrze.pl\/mapa\/index.php?rest_route=\/wp\/v2\/pages\/6028"}],"collection":[{"href":"https:\/\/kinoroma.zabrze.pl\/mapa\/index.php?rest_route=\/wp\/v2\/pages"}],"about":[{"href":"https:\/\/kinoroma.zabrze.pl\/mapa\/index.php?rest_route=\/wp\/v2\/types\/page"}],"author":[{"embeddable":true,"href":"https:\/\/kinoroma.zabrze.pl\/mapa\/index.php?rest_route=\/wp\/v2\/users\/1"}],"replies":[{"embeddable":true,"href":"https:\/\/kinoroma.zabrze.pl\/mapa\/index.php?rest_route=%2Fwp%2Fv2%2Fcomments&post=6028"}],"version-history":[{"count":3,"href":"https:\/\/kinoroma.zabrze.pl\/mapa\/index.php?rest_route=\/wp\/v2\/pages\/6028\/revisions"}],"predecessor-version":[{"id":7197,"href":"https:\/\/kinoroma.zabrze.pl\/mapa\/index.php?rest_route=\/wp\/v2\/pages\/6028\/revisions\/7197"}],"up":[{"embeddable":true,"href":"https:\/\/kinoroma.zabrze.pl\/mapa\/index.php?rest_route=\/wp\/v2\/pages\/6014"}],"wp:attachment":[{"href":"https:\/\/kinoroma.zabrze.pl\/mapa\/index.php?rest_route=%2Fwp%2Fv2%2Fmedia&parent=6028"}],"curies":[{"name":"wp","href":"https:\/\/api.w.org\/{rel}","templated":true}]}}

<p class="western">Urodzony 14 września 1981 w Zabrzu-Kończycach. Aktor teatralny i filmowy. Wielokrotnie <span lang="pl-PL">honorowany</span> nagrodami za role w teatrze i filmie.</p>
<p class="western">Chojnacki podkreśla, że jest nierozerwalnie związany z Kończycami, dzielnicą Zabrza<span lang="pl-PL">,</span> <span lang="pl-PL">w</span> <span lang="pl-PL">której</span> <span lang="pl-PL">się urodził i wychowywał</span>. Pochodzi z górniczej rodziny, a do s<span lang="pl-PL">z</span>koły aktorskiej zdawał jako absolwent liceum zawodowego o profilu monter urządzeń elektronicznych. Jak sam podkreśla, do końca podstawówki mówił tylko po śląsku i dopiero w szkole średniej nauczył się literackiej polszczyzny.</p>
<p class="western"><span lang="pl-PL">Od </span>200<span lang="pl-PL">4</span> roku był związany z wrocławskimi teatrami Ad Spectatores i Pieśń Kozła. Do zespołu Teatru Śląskiego w Katowicach przyjął go Tadeusz Bradecki<span lang="pl-PL"> &#8211; </span>także rodowity zabrzanin i<span lang="pl-PL"> ó</span>wczesny dyrektor tej sceny. Chojnacki zadebiutował w „Poskromieniu złośnicy” Szekspira, wyreżyserowanym przez Bradeckiego.</p>
<p class="western">W 2014 roku <span lang="pl-PL">aktor wcielił się w</span> <span lang="pl-PL">dwie, kluczowe jak dotąd role sceniczne: </span>Bohatera w spektaklu „Piąta strona świata” wg ksią<span lang="pl-PL">ż</span>ki Kazimierza Kutza oraz Randle’a McMurphy’ego w „Locie nad kukułczym gniazdem” Kena Keseya. <span lang="pl-PL">Otrzymał za nie </span>Złotą Maskę<span lang="pl-PL">, a pierwszą rolę</span> doceniono też na Kaliskich Spotkaniach Teatralnych.</p>
<p class="western">Jako aktor filmowy zagrał m.in. w „Chrzcie” (reż. Marcin Wrona), „Chce się żyć” (reż. Maciej Pieprzyca), „Obławie” (reż. Marcin Krzyształowicz), czy „Fudze” (reż. Agnieszka Smoczyńska) oraz  w &#8222;Twarzy&#8221; (reż. Małgorzata Szumowska).</p>
<p class="western">Widzieliśmy go także w dwóch filmach kręconych w Zabrzu: „Drzazgach” Macieja Pieprzycy oraz &#8222;Szczęściu świata&#8221; Michała Rosy (także Zabrzanina). W filmie Rosy wcielił się w postać Rufina &#8211; prostego górnika, który jest zarazem matematycznym geniuszem. Warto dodać, że filmowy Rufin mówi tylko śląską gwarą.</p>
<p class="western">Ważną rolą w jego karierze była postać Jerzego Kukuczki, słynnego himalaisty, urodzonego w dzielnicy Katowic &#8211; Bogucicach. Chojnacki wcielił się w Kukuczkę w spektaklu „Himalaje” w reżyserii Roberta Talarczyka wystawionym w Teatrze Sląskim.</p>
<p class="western"><u><b>Nagrody i wyróżnienia </b></u></p>
<ul>
<li>
<p class="western">2014 &#8211; Złota Maska Sląska za role w przedstawieniach: &#8222;Piąta strona świata&#8221; i &#8222;Lot nad kukułczym gniazdem&#8221; w Teatrze Śląskim w Katowicach</p>
</li>
<li>
<p class="western">2014 &#8211; 54. Kaliskie Spotkania Teatralne &#8211; nagroda aktorska za rolę w przedstawieniu &#8222;Piąta strona świata&#8221;</p>
</li>
<li>
<p class="western">2014 &#8211; Sopot &#8211; XIV Festiwal Teatru Polskiego Radia i Teatru Telewizji Polskiej &#8222;Dwa Teatry&#8221; &#8211; wyróżnienie aktorskie za rolę w przedstawieniu &#8222;Piąta strona świata&#8221;</p>
</li>
<li>
<p class="western">2014 -Nagroda artystyczna marszałka województwa śląskiego dla młodego twórcy</p>
</li>
<li>
<p class="western">2017 &#8211; &#8222;Złoty Szczeniak&#8221; za drugoplanową rolę męską w filmie &#8222;Szczęście świata&#8221; na Festiwalu Aktorstwa Filmowego im. Tadeusza Szymkowa we Wrocławiu</p>
</li>
<li>
<p class="western">2018 &#8211; Nagroda im. Leny Starke za rolę w &#8222;Porwaniu Europy&#8221;</p>
</li>
</ul>

<p>Urodzony 14 września 1981 w Zabrzu-Kończycach. Aktor teatralny i filmowy. Wielokrotnie honorowany nagrodami za role w teatrze i filmie. Chojnacki podkreśla, że jest nierozerwalnie związany z Kończycami, dzielnicą Zabrza, w której się urodził i wychowywał. Pochodzi z górniczej rodziny, a do szkoły aktorskiej zdawał jako absolwent liceum zawodowego o profilu monter urządzeń elektronicznych. Jak sam [&hellip;]</p>
