{"id":6032,"date":"2020-09-28T07:24:12","date_gmt":"2020-09-28T05:24:12","guid":{"rendered":"http:\/\/new.kinoroma.zabrze.pl\/mapa\/?page_id=6032"},"modified":"2020-10-09T08:12:14","modified_gmt":"2020-10-09T06:12:14","slug":"elzbieta-piekacz","status":"publish","type":"page","link":"https:\/\/kinoroma.zabrze.pl\/mapa\/?page_id=6032","title":{"rendered":"El\u017cbieta Piekacz"},"content":{"rendered":"<p class=\"western\"><span lang=\"pl-PL\">Urodzona 1 lipca 1972 w Zabrzu, aktorka teatralna i filmowa. Jest laureatk\u0105 nagrody aktorskiej na koszali\u0144skim festiwalu &#8222;M\u0142odzi i Film&#8221; w 2001.<\/span><\/p>\n<p class=\"western\"><span lang=\"pl-PL\">W 1995 roku uko\u0144czy\u0142a studia na Wydziale Lalkarskim PWST we Wroc\u0142awiu. Wyst\u0119powa\u0142a w Teatrze Nowym w \u0141odzi oraz na scenach warszawskich: w Teatrze Dramatycznym, Teatrze Narodowym i Teatrze Scena Prezentacje.<\/span><\/p>\n<p class=\"western\"><span lang=\"pl-PL\">Na ekranie zadebiutowa\u0142a w 1997 roku rol\u0105 w absurdalnej komedii Marka Piwowskiego &#8222;Krok&#8221;. Jej najwi\u0119kszym sukcesem filmowym jest pe\u0142nometra\u017cowa fabu\u0142a &#8222;Portret podw\u00f3jny&#8221;. To zrealizowana w konwencji paradokumentu, dramatyczna, cho\u0107 nie pozbawiona optymizmu historia dwojga m\u0142odych ludzi wchodz\u0105cych w doros\u0142e \u017cycie i szukaj\u0105cych swojego miejsca na Ziemi. Film wyre\u017cyserowa\u0142 Mariusz Front, a scenariusz jest wsp\u00f3lnym dzie\u0142em re\u017cysera i El\u017cbiety Piekacz, kt\u00f3ra zagra\u0142a w filmie jedn\u0105 z dw\u00f3ch g\u0142\u00f3wnych r\u00f3l. &#8222;Portret podw\u00f3jny&#8221; zosta\u0142 uhonorowany nagrodami jury g\u0142\u00f3wnego i jury m\u0142odzie\u017cowego na FPFF w Gdyni w 2001, a Piekacz otrzyma\u0142a za swoj\u0105 rol\u0119 nagrod\u0119 r\u00f3wnie\u017c w Koszalinie. <\/span><\/p>\n<p class=\"western\"><span lang=\"pl-PL\">W ostatnich latach wyre\u017cyserowa\u0142a poza granicami kraju 3 filmy kr\u00f3tkometra\u017cowe: &#8222;At dawn the flowers open the gates of paradise&#8221; (2018), &#8222;Tango Shoes&#8221; i &#8222;VEmbrace&#8221; (oba 2015).<\/span><\/p>\n<p class=\"western\"><span lang=\"pl-PL\"><u><b>Nagrody<\/b><\/u><\/span><\/p>\n<ul>\n<li>\n<p class=\"western\"><span lang=\"pl-PL\">2001 &#8211; Koszali\u0144ski Festiwal Debiut\u00f3w Filmowych &#8222;M\u0142odzi i Film&#8221; &#8211; Nagroda za rol\u0119 kobiec\u0105 w filmie &#8222;Portret podw\u00f3jny&#8221;<br \/>\n<\/span><\/p>\n<\/li>\n<li>\n<p class=\"western\"><span lang=\"pl-PL\">2001 &#8211; FPFF w Gdyni &#8211; Nagroda Jury G\u0142\u00f3wnego i Nagroda Jury M\u0142odzie\u017cowego dla filmu &#8222;Portret podw\u00f3jny&#8221;<br \/>\n<\/span><\/p>\n<\/li>\n<li>\n<p class=\"western\"><span lang=\"pl-PL\">2002 &#8211; Nagroda programu telewizyjnego &#8222;Pegaz&#8221; &#8211; w kategorii Film za rok 2001<br \/>\n<\/span><\/p>\n<\/li>\n<\/ul>\n","protected":false},"excerpt":{"rendered":"<p>Urodzona 1 lipca 1972 w Zabrzu, aktorka teatralna i filmowa. Jest laureatk\u0105 nagrody aktorskiej na koszali\u0144skim festiwalu &#8222;M\u0142odzi i Film&#8221; w 2001. W 1995 roku uko\u0144czy\u0142a studia na Wydziale Lalkarskim PWST we Wroc\u0142awiu. Wyst\u0119powa\u0142a w Teatrze Nowym w \u0141odzi oraz na scenach warszawskich: w Teatrze Dramatycznym, Teatrze Narodowym i Teatrze Scena Prezentacje. Na ekranie zadebiutowa\u0142a [&hellip;]<\/p>\n","protected":false},"author":1,"featured_media":0,"parent":6014,"menu_order":0,"comment_status":"closed","ping_status":"closed","template":"","meta":[],"_links":{"self":[{"href":"https:\/\/kinoroma.zabrze.pl\/mapa\/index.php?rest_route=\/wp\/v2\/pages\/6032"}],"collection":[{"href":"https:\/\/kinoroma.zabrze.pl\/mapa\/index.php?rest_route=\/wp\/v2\/pages"}],"about":[{"href":"https:\/\/kinoroma.zabrze.pl\/mapa\/index.php?rest_route=\/wp\/v2\/types\/page"}],"author":[{"embeddable":true,"href":"https:\/\/kinoroma.zabrze.pl\/mapa\/index.php?rest_route=\/wp\/v2\/users\/1"}],"replies":[{"embeddable":true,"href":"https:\/\/kinoroma.zabrze.pl\/mapa\/index.php?rest_route=%2Fwp%2Fv2%2Fcomments&post=6032"}],"version-history":[{"count":3,"href":"https:\/\/kinoroma.zabrze.pl\/mapa\/index.php?rest_route=\/wp\/v2\/pages\/6032\/revisions"}],"predecessor-version":[{"id":7250,"href":"https:\/\/kinoroma.zabrze.pl\/mapa\/index.php?rest_route=\/wp\/v2\/pages\/6032\/revisions\/7250"}],"up":[{"embeddable":true,"href":"https:\/\/kinoroma.zabrze.pl\/mapa\/index.php?rest_route=\/wp\/v2\/pages\/6014"}],"wp:attachment":[{"href":"https:\/\/kinoroma.zabrze.pl\/mapa\/index.php?rest_route=%2Fwp%2Fv2%2Fmedia&parent=6032"}],"curies":[{"name":"wp","href":"https:\/\/api.w.org\/{rel}","templated":true}]}}

Elżbieta Piekacz

<p class="western"><span lang="pl-PL">Urodzona 1 lipca 1972 w Zabrzu, aktorka teatralna i filmowa. Jest laureatką nagrody aktorskiej na koszalińskim festiwalu &#8222;Młodzi i Film&#8221; w 2001.</span></p>
<p class="western"><span lang="pl-PL">W 1995 roku ukończyła studia na Wydziale Lalkarskim PWST we Wrocławiu. Występowała w Teatrze Nowym w Łodzi oraz na scenach warszawskich: w Teatrze Dramatycznym, Teatrze Narodowym i Teatrze Scena Prezentacje.</span></p>
<p class="western"><span lang="pl-PL">Na ekranie zadebiutowała w 1997 roku rolą w absurdalnej komedii Marka Piwowskiego &#8222;Krok&#8221;. Jej największym sukcesem filmowym jest pełnometrażowa fabuła &#8222;Portret podwójny&#8221;. To zrealizowana w konwencji paradokumentu, dramatyczna, choć nie pozbawiona optymizmu historia dwojga młodych ludzi wchodzących w dorosłe życie i szukających swojego miejsca na Ziemi. Film wyreżyserował Mariusz Front, a scenariusz jest wspólnym dziełem reżysera i Elżbiety Piekacz, która zagrała w filmie jedną z dwóch głównych ról. &#8222;Portret podwójny&#8221; został uhonorowany nagrodami jury głównego i jury młodzieżowego na FPFF w Gdyni w 2001, a Piekacz otrzymała za swoją rolę nagrodę również w Koszalinie. </span></p>
<p class="western"><span lang="pl-PL">W ostatnich latach wyreżyserowała poza granicami kraju 3 filmy krótkometrażowe: &#8222;At dawn the flowers open the gates of paradise&#8221; (2018), &#8222;Tango Shoes&#8221; i &#8222;VEmbrace&#8221; (oba 2015).</span></p>
<p class="western"><span lang="pl-PL"><u><b>Nagrody</b></u></span></p>
<ul>
<li>
<p class="western"><span lang="pl-PL">2001 &#8211; Koszaliński Festiwal Debiutów Filmowych &#8222;Młodzi i Film&#8221; &#8211; Nagroda za rolę kobiecą w filmie &#8222;Portret podwójny&#8221;<br />
</span></p>
</li>
<li>
<p class="western"><span lang="pl-PL">2001 &#8211; FPFF w Gdyni &#8211; Nagroda Jury Głównego i Nagroda Jury Młodzieżowego dla filmu &#8222;Portret podwójny&#8221;<br />
</span></p>
</li>
<li>
<p class="western"><span lang="pl-PL">2002 &#8211; Nagroda programu telewizyjnego &#8222;Pegaz&#8221; &#8211; w kategorii Film za rok 2001<br />
</span></p>
</li>
</ul>

<p>Urodzona 1 lipca 1972 w Zabrzu, aktorka teatralna i filmowa. Jest laureatką nagrody aktorskiej na koszalińskim festiwalu &#8222;Młodzi i Film&#8221; w 2001. W 1995 roku ukończyła studia na Wydziale Lalkarskim PWST we Wrocławiu. Występowała w Teatrze Nowym w Łodzi oraz na scenach warszawskich: w Teatrze Dramatycznym, Teatrze Narodowym i Teatrze Scena Prezentacje. Na ekranie zadebiutowała [&hellip;]</p>
