{"id":6034,"date":"2020-09-28T07:25:04","date_gmt":"2020-09-28T05:25:04","guid":{"rendered":"http:\/\/new.kinoroma.zabrze.pl\/mapa\/?page_id=6034"},"modified":"2020-10-09T07:30:27","modified_gmt":"2020-10-09T05:30:27","slug":"jacek-beler","status":"publish","type":"page","link":"https:\/\/kinoroma.zabrze.pl\/mapa\/?page_id=6034","title":{"rendered":"Jacek Beler"},"content":{"rendered":"<p class=\"western\"><span lang=\"pl-PL\">Urodzony w 1983 w Zabrzu, aktor teatralny i filmowy, re\u017cyser, a tak\u017ce poeta i grafik. Laureat nagr\u00f3d festiwalowych za swoje role teatralne oraz wykonania piosenki aktorskiej. Jest te\u017c za\u0142o\u017cycielem i wokalist\u0105 postpunkowego zespo\u0142u Mi\u0119\u015bnie. <\/span><\/p>\n<p class=\"western\"><span lang=\"pl-PL\">Ju\u017c w czasie nauki w III LO w Zabrzu zwi\u0105za\u0142 si\u0119 z istniej\u0105cym tam od 1974 Kabaretem \u201eI czyli cdn&#8230;\u201d. Wyst\u0119py kabaretowe przekona\u0142y go do wyboru aktorskiej drogi zawodowej. <\/span><\/p>\n<p class=\"western\"><span lang=\"pl-PL\">Ucz\u0119szcza\u0142 na roczne studium aktorskie Lart Studio w Krakowie, nast\u0119pnie uko\u0144czy\u0142 Akademi\u0119 Teatraln\u0105 im. Aleksandra Zelwerowicza w Warszawie (2009). Beler nale\u017cy do zespo\u0142u aktorskiego Teatru Powszechnego im. Zygmunta H\u00fcbnera w Warszawie. Zadebiutowa\u0142 jako aktor w 2008 w spektaklach Akademii Teatralnej &#8222;Bukowski Show&#8221; oraz &#8222;Mi\u0142o\u015b\u0107 i gniew&#8221;. W tym samym roku zosta\u0142 doceniony za rol\u0119 w przedstawieniu dyplomowym &#8222;Moulin Noir&#8221; i wykonanie utworu Nicka Cave\u2019a &#8222;O\u2019Malley\u2019s Bar&#8221;. <\/span><\/p>\n<p class=\"western\"><span lang=\"pl-PL\">W Teatrze Powszechnym wyst\u0119powa\u0142 w sztukach wg tekst\u00f3w Leopolda Tyrmanada, Williama Szekspira, Marcina \u015awietlickiego, Stanis\u0142awa Ignacego Witkiewicza, Miko\u0142aja Gogola, Lwa To\u0142stoja, Michai\u0142a Bu\u0142hakowa czy Stanis\u0142awa Wyspia\u0144skiego<\/span><\/p>\n<p class=\"western\"><span lang=\"pl-PL\">W teatrze Komuna\/Warszawa wyst\u0105pi\u0142 w spektaklu &#8222;Jeste\u015b Bogiem: Paktofonika &#8211; Bohaterowie czas\u00f3w transformacji&#8221;, zagra\u0142 w &#8222;Szpilmania. Tych lat nie odda nikt W\u0142adys\u0142awa Szpilmana&#8221;, czy w Studiu Teatralnym Ko\u0142o w &#8222;Adam\u2013Upadek Pierwszych ludzi&#8221;.<\/span><\/p>\n<p class=\"western\"><span lang=\"pl-PL\">Na du\u017cym ekranie widzieli\u015bmy go w takich filmach fabularnych jak &#8222;Jeste\u015b Bogiem&#8221;, &#8222;S\u0119p&#8221;, &#8222;Miasto 44&#8221;, &#8222;Performer&#8221;, &#8222;Powidoki&#8221; czy &#8222;Polandja&#8221;. Wyst\u0105pi\u0142 tak\u017ce <\/span>w rosyjskiej produkcji &#8222;Tylko nie teraz&#8221; w re\u017c. Walerija Pendrakowskiego<span lang=\"pl-PL\"> wraz z <\/span>Daniel<span lang=\"pl-PL\">em<\/span> Olbrychski<span lang=\"pl-PL\">m<\/span>.\u00a0<span lang=\"pl-PL\">Zagra\u0142 w wielu serialach telewizyjnych, w tym w &#8222;Ratownikach&#8221;, &#8222;Ranczu&#8221;, &#8222;Komisarz Alex&#8221;, &#8222;Czas honoru&#8221;, &#8222;Wataha&#8221;, &#8222;Na dobre i na z\u0142e&#8221;, &#8222;Bodo&#8221;, &#8222;Belfer&#8221; czy &#8222;\u015alepn\u0105c od \u015bwiate\u0142&#8221; i &#8222;Rojst&#8221;.<\/span><\/p>\n<p class=\"western\"><span lang=\"pl-PL\">Poza kinem i teatrem aktywnie udziela si\u0119 w \u015bwiecie muzyki. W 2012 wraz ze swoim przyjacielem z liceum, Rados\u0142awem Rutkowskim, za\u0142o\u017cy\u0142 zesp\u00f3\u0142 Mi\u0119\u015bnie, opieraj\u0105cy sw\u0105 tw\u00f3rczo\u015b\u0107 na takich gatunkach muzycznych, jak funk, rock, punk, czy jazz. Sami tw\u00f3rcy okre\u015blaj\u0105 si\u0119 mianem &#8222;post punk theatre funky group&#8221;. Jacek Beler jest liderem zespo\u0142u, re\u017cyserem ca\u0142o\u015bci widowiska, autorem tekst\u00f3w i wokalist\u0105. <\/span><\/p>\n<p class=\"western\"><span lang=\"pl-PL\"><u><b>Nagrody<\/b><\/u><\/span><\/p>\n<ul>\n<li>\n<p class=\"western\"><span lang=\"pl-PL\">I nagroda aktorska na Mi\u0119dzynarodowym Festiwalu Szk\u00f3\u0142 Teatralnych w Brnie i nagroda ZASP-u na Mi\u0119dzynarodowym Festiwalu Szk\u00f3\u0142 Teatralnych w Warszawie za rol\u0119 w przedstawieniu &#8222;Moulin Noir&#8221;<\/span><\/p>\n<\/li>\n<li>\n<p class=\"western\"><span lang=\"pl-PL\">Przegl\u0105d Piosenki Aktorskiej we Wroc\u0142awiu za rol\u0119 w spektaklu muzycznym &#8222;O\u2019Malley\u2019s Bar&#8221;.<\/span><\/p>\n<\/li>\n<\/ul>\n","protected":false},"excerpt":{"rendered":"<p>Urodzony w 1983 w Zabrzu, aktor teatralny i filmowy, re\u017cyser, a tak\u017ce poeta i grafik. Laureat nagr\u00f3d festiwalowych za swoje role teatralne oraz wykonania piosenki aktorskiej. Jest te\u017c za\u0142o\u017cycielem i wokalist\u0105 postpunkowego zespo\u0142u Mi\u0119\u015bnie. Ju\u017c w czasie nauki w III LO w Zabrzu zwi\u0105za\u0142 si\u0119 z istniej\u0105cym tam od 1974 Kabaretem \u201eI czyli cdn&#8230;\u201d. Wyst\u0119py [&hellip;]<\/p>\n","protected":false},"author":1,"featured_media":0,"parent":6014,"menu_order":0,"comment_status":"closed","ping_status":"closed","template":"","meta":[],"_links":{"self":[{"href":"https:\/\/kinoroma.zabrze.pl\/mapa\/index.php?rest_route=\/wp\/v2\/pages\/6034"}],"collection":[{"href":"https:\/\/kinoroma.zabrze.pl\/mapa\/index.php?rest_route=\/wp\/v2\/pages"}],"about":[{"href":"https:\/\/kinoroma.zabrze.pl\/mapa\/index.php?rest_route=\/wp\/v2\/types\/page"}],"author":[{"embeddable":true,"href":"https:\/\/kinoroma.zabrze.pl\/mapa\/index.php?rest_route=\/wp\/v2\/users\/1"}],"replies":[{"embeddable":true,"href":"https:\/\/kinoroma.zabrze.pl\/mapa\/index.php?rest_route=%2Fwp%2Fv2%2Fcomments&post=6034"}],"version-history":[{"count":3,"href":"https:\/\/kinoroma.zabrze.pl\/mapa\/index.php?rest_route=\/wp\/v2\/pages\/6034\/revisions"}],"predecessor-version":[{"id":7149,"href":"https:\/\/kinoroma.zabrze.pl\/mapa\/index.php?rest_route=\/wp\/v2\/pages\/6034\/revisions\/7149"}],"up":[{"embeddable":true,"href":"https:\/\/kinoroma.zabrze.pl\/mapa\/index.php?rest_route=\/wp\/v2\/pages\/6014"}],"wp:attachment":[{"href":"https:\/\/kinoroma.zabrze.pl\/mapa\/index.php?rest_route=%2Fwp%2Fv2%2Fmedia&parent=6034"}],"curies":[{"name":"wp","href":"https:\/\/api.w.org\/{rel}","templated":true}]}}