{"id":6048,"date":"2020-09-28T07:28:54","date_gmt":"2020-09-28T05:28:54","guid":{"rendered":"http:\/\/new.kinoroma.zabrze.pl\/mapa\/?page_id=6048"},"modified":"2020-10-20T10:55:01","modified_gmt":"2020-10-20T08:55:01","slug":"zbigniew-stryj","status":"publish","type":"page","link":"https:\/\/kinoroma.zabrze.pl\/mapa\/?page_id=6048","title":{"rendered":"Zbigniew Stryj"},"content":{"rendered":"<p class=\"western\"><a href=\"https:\/\/kinoroma.zabrze.pl\/mapa\/wp-content\/uploads\/Zbigniew_Stryj.jpg\"><img loading=\"lazy\" class=\"alignleft wp-image-6631 size-medium\" src=\"https:\/\/kinoroma.zabrze.pl\/mapa\/wp-content\/uploads\/Zbigniew_Stryj-260x300.jpg\" alt=\"img\" width=\"260\" height=\"300\" srcset=\"https:\/\/kinoroma.zabrze.pl\/mapa\/wp-content\/uploads\/Zbigniew_Stryj-260x300.jpg 260w, https:\/\/kinoroma.zabrze.pl\/mapa\/wp-content\/uploads\/Zbigniew_Stryj-768x886.jpg 768w, https:\/\/kinoroma.zabrze.pl\/mapa\/wp-content\/uploads\/Zbigniew_Stryj.jpg 800w\" sizes=\"(max-width: 260px) 100vw, 260px\" \/><\/a>Urodzi\u0142 si\u0119 2 stycznia 1968 w Zabrzu. Jest aktorem filmowym i teatralnym, a tak\u017ce re\u017cyserem i\u2026 poet\u0105. Jest te\u017c autorem utwor\u00f3w dramatycznych i scenariuszy teatralnych. Rozpoznawalno\u015b\u0107 da\u0142a mu rola mecenasa Adama Roztockiego w serialu \u201cNa Wsp\u00f3lnej\u201d. Laureat nagrody aktorskiej na festiwalu Polskich Film\u00f3w Fabularnych w Gdyni za rol\u0119 w filmie \u201cBenek\u201d. Wielokrotnie nagradzany za swoje kreacje teatralne i filmowe.<\/p>\n<p class=\"western\">Uko\u0144czy\u0142 Wydzia\u0142 Aktorski PWST w Krakowie &#8211; Filia we Wroc\u0142awiu. Od 1997 roku wyst\u0119puje w Teatrze Nowym w Zabrzu, w kt\u00f3rym pe\u0142ni r\u00f3wnie\u017c funkcj\u0119 zast\u0119pcy dyrektora ds. artystycznych.<\/p>\n<p class=\"western\">Zagra\u0142 ponad 40 r\u00f3l teatralnych. Do swoich najwa\u017cniejszych kreacji na scenie zalicza wyst\u0119py w \u201eEmigrantach\u201d S\u0142awomira Mro\u017cka, \u201eGarderobianym\u201d R. Harwood\u2019a, \u201eTurtuffe\u201d Moliera, \u201eSzkole b\u0142azn\u00f3w\u201d Ghelderode, \u201eDziadach cz.II\u201d Adama Mickiewicza, \u201eBalladynie\u201d Juliusza S\u0142owackiego, &#8222;M\u0119\u017cu i \u017conie&#8221; Fredry i Albina Musia\u0142a w \u201eWampirze\u201d Wojciecha Tomczyka. Ma te\u017c w swoim dorobku role w gwarze \u015bl\u0105skiej w \u201eWigilii po \u015al\u0105sku\u201d M. Gerlicha, \u201eZolytach\u201d M. Makuli oraz opartych o w\u0142asne teksty, ma\u0142ych formach teatralnych &#8211; \u201eSkarbnik\u201d i \u201ePrzewo\u017anik\u201d, wystawianych w podziemiach Skansenu Kr\u00f3lowa Luiza.<\/p>\n<p class=\"western\">Wyst\u0119powa\u0142 r\u00f3wnie\u017c w filmach takich jak m.in. : \u201eGor\u0105cy czwartek\u201d, \u201eGenera\u0142 Nil\u201d, \u201cJack Strong\u201d, \u201dKarbala\u201d; a tak\u017ce w serialach telewizyjnych, m.in. \u201e\u015awi\u0119ta wojna\u201d, \u201cKryminalni\u201d czy \u201eNa Wsp\u00f3lnej\u201d. Systematycznie gra w filmach kr\u0119conych na \u015al\u0105sku, w tym tych, kt\u00f3re powstawa\u0142y w Zabrzu: \u201cBarb\u00f3rka\u201d, \u201cKryminalni: Misja \u015bl\u0105ska\u201d, \u201cCo s\u0142onko widzia\u0142o\u201d, \u201cDrzazgi\u201d i \u201cGwiazdy\u201d. Film \u201cBenek\u201d, kt\u00f3ry przyni\u00f3s\u0142 mu nagrod\u0119 w Gdyni, r\u00f3wnie\u017c by\u0142 kr\u0119cony na \u015al\u0105sku &#8211; w Bytomiu i Rudzie \u015al\u0105skiej.<\/p>\n<p class=\"western\">Autor kilku tomik\u00f3w poetyckich, utwor\u00f3w dramatycznych i scenariuszy teatralnych. Pisze te\u017c teksty piosenek, r\u00f3wnie\u017c w gwarze \u015bl\u0105skiej. Jest wsp\u00f3\u0142tw\u00f3rc\u0105 i kierownikiem artystycznym Sceny Propozycji, dzia\u0142aj\u0105cej przy zabrza\u0144skim Stowarzyszeniu Pro Futuro, na kt\u00f3rej zrealizowa\u0142 szereg spektakli autorskich, g\u0142\u00f3wnie o tematyce \u015bl\u0105skiej.<\/p>\n<p class=\"western\"><u><b>Nagrody<\/b><\/u><\/p>\n<ul>\n<li>\n<p class=\"western\">1995 &#8211; Nagroda im. Leokadii Starke dla m\u0142odych aktor\u00f3w<\/p>\n<\/li>\n<li>\n<p class=\"western\">1998 &#8211; \u015al\u0105ska &#8222;Z\u0142ota Maska&#8221; za rol\u0119 Alfreda w &#8222;M\u0119\u017cu i \u017conie&#8221; Fredry na scenie Teatru Nowego w Zabrzu<\/p>\n<\/li>\n<li>\n<p class=\"western\">2003 &#8211; Nagroda aktorska na III Festiwalu Dramaturgii Wsp\u00f3\u0142czesnej &#8222;Rzeczywisto\u015b\u0107 przedstawiona&#8221; w Zabrzu<\/p>\n<\/li>\n<li>\n<p class=\"western\">2004 &#8211; wyr\u00f3\u017cnienie na X Og\u00f3lnopolskim Konkursie na wystawienie polskiej sztuki wsp\u00f3\u0142czesnej w Warszawie<\/p>\n<\/li>\n<li>\n<p class=\"western\">2009 &#8211; Nagroda Marsza\u0142ka Wojew\u00f3dztwa \u015al\u0105skiego w dziedzinie kultury<\/p>\n<\/li>\n<li>\n<p class=\"western\">2007 &#8211; Nagroda Prezydenta Miasta Zabrze w Dziedzinie Kultury<\/p>\n<\/li>\n<li>\n<p class=\"western\">2009 &#8211; Z\u0142ota Odznaka Honorowa \u201eZas\u0142u\u017cony dla Wojew\u00f3dztwa \u015al\u0105skiego\u201d<\/p>\n<\/li>\n<li>\n<p class=\"western\">2007 &#8211; Nagroda aktorska za drugoplanow\u0105 rol\u0119 w filmie \u201cBenek\u201d w re\u017cyserii Roberta Gli\u0144skiego FPFF w Gdyni<\/p>\n<\/li>\n<\/ul>\n","protected":false},"excerpt":{"rendered":"<p>Urodzi\u0142 si\u0119 2 stycznia 1968 w Zabrzu. Jest aktorem filmowym i teatralnym, a tak\u017ce re\u017cyserem i\u2026 poet\u0105. Jest te\u017c autorem utwor\u00f3w dramatycznych i scenariuszy teatralnych. Rozpoznawalno\u015b\u0107 da\u0142a mu rola mecenasa Adama Roztockiego w serialu \u201cNa Wsp\u00f3lnej\u201d. Laureat nagrody aktorskiej na festiwalu Polskich Film\u00f3w Fabularnych w Gdyni za rol\u0119 w filmie \u201cBenek\u201d. Wielokrotnie nagradzany za swoje [&hellip;]<\/p>\n","protected":false},"author":1,"featured_media":0,"parent":6014,"menu_order":0,"comment_status":"closed","ping_status":"closed","template":"","meta":[],"_links":{"self":[{"href":"https:\/\/kinoroma.zabrze.pl\/mapa\/index.php?rest_route=\/wp\/v2\/pages\/6048"}],"collection":[{"href":"https:\/\/kinoroma.zabrze.pl\/mapa\/index.php?rest_route=\/wp\/v2\/pages"}],"about":[{"href":"https:\/\/kinoroma.zabrze.pl\/mapa\/index.php?rest_route=\/wp\/v2\/types\/page"}],"author":[{"embeddable":true,"href":"https:\/\/kinoroma.zabrze.pl\/mapa\/index.php?rest_route=\/wp\/v2\/users\/1"}],"replies":[{"embeddable":true,"href":"https:\/\/kinoroma.zabrze.pl\/mapa\/index.php?rest_route=%2Fwp%2Fv2%2Fcomments&post=6048"}],"version-history":[{"count":5,"href":"https:\/\/kinoroma.zabrze.pl\/mapa\/index.php?rest_route=\/wp\/v2\/pages\/6048\/revisions"}],"predecessor-version":[{"id":7658,"href":"https:\/\/kinoroma.zabrze.pl\/mapa\/index.php?rest_route=\/wp\/v2\/pages\/6048\/revisions\/7658"}],"up":[{"embeddable":true,"href":"https:\/\/kinoroma.zabrze.pl\/mapa\/index.php?rest_route=\/wp\/v2\/pages\/6014"}],"wp:attachment":[{"href":"https:\/\/kinoroma.zabrze.pl\/mapa\/index.php?rest_route=%2Fwp%2Fv2%2Fmedia&parent=6048"}],"curies":[{"name":"wp","href":"https:\/\/api.w.org\/{rel}","templated":true}]}}