{"id":6086,"date":"2020-09-28T08:04:45","date_gmt":"2020-09-28T06:04:45","guid":{"rendered":"http:\/\/new.kinoroma.zabrze.pl\/mapa\/?page_id=6086"},"modified":"2020-10-20T09:58:52","modified_gmt":"2020-10-20T07:58:52","slug":"benek","status":"publish","type":"page","link":"https:\/\/kinoroma.zabrze.pl\/mapa\/?page_id=6086","title":{"rendered":"Benek"},"content":{"rendered":"<h5 align=\"left\"><b>Re\u017c. Robert Gli\u0144ski<\/b><\/h5>\n<hr \/>\n<p align=\"left\"><b><a href=\"https:\/\/kinoroma.zabrze.pl\/mapa\/wp-content\/uploads\/plakat-Benek.png\"><img loading=\"lazy\" class=\"alignleft wp-image-6299 size-medium\" src=\"https:\/\/kinoroma.zabrze.pl\/mapa\/wp-content\/uploads\/plakat-Benek-221x300.png\" alt=\"plakat\" width=\"221\" height=\"300\" srcset=\"https:\/\/kinoroma.zabrze.pl\/mapa\/wp-content\/uploads\/plakat-Benek-221x300.png 221w, https:\/\/kinoroma.zabrze.pl\/mapa\/wp-content\/uploads\/plakat-Benek.png 583w\" sizes=\"(max-width: 221px) 100vw, 221px\" \/><\/a>Jak podkre\u015blali krytycy, \u201eBenek\u201d Roberta Gli\u0144skiego nie jest typowym filmem o \u015al\u0105sku. Chocia\u017c znajdziemy w nim \u201enie\u015bmiertelne\u201d motywy pojawiaj\u0105ce si\u0119 w ka\u017cdym filmie o naszym regionie &#8211; szare kamienice, dymi\u0105ce kominy i ubrudzeni w\u0119glem g\u00f3rnicy &#8211; to Gli\u0144ski snuje sw\u0105 opowie\u015b\u0107 w zupe\u0142nie inny spos\u00f3b. Z historii tytu\u0142owego Benka, 29-letniego g\u00f3rnika, kt\u00f3ry postanawia ca\u0142kowicie zmieni\u0107 swoje \u017cycie, wyci\u0105ga optymistyczne wnioski. \u201eBenek\u201d to film kt\u00f3ry krzepi, zadaj\u0105c przy okazji pytania o przysz\u0142o\u015b\u0107 g\u00f3rniczych tradycji.<\/b><\/p>\n<p align=\"left\">Tytu\u0142owy bohater, Benek Kacik jest 29-letnim g\u00f3rnikiem. Zm\u0119czony prac\u0105 na kopalni i \u017cyciem w jednym mieszkaniu z ca\u0142\u0105 rodzin\u0105 &#8211; matk\u0105, bratem, szwagierk\u0105 i ich kilkuletnim synem, postanawia diametralnie zmieni\u0107 swoje \u017cycie. Jego decyzja wstrz\u0105\u015bnie ca\u0142\u0105 rodzin\u0105, bo g\u00f3rnicza droga jest rodow\u0105 tradycj\u0105. Na kopalni pracowali dziadek, ojciec i jego starszy brat Eryk.<\/p>\n<p align=\"left\">By\u0142y ju\u017c g\u00f3rnik, szybko przekonuje si\u0119, \u017ce \u201epoza-g\u00f3rnicze\u201d \u017cycie wcale nie jest drog\u0105 us\u0142an\u0105 r\u00f3\u017cami. Za odpraw\u0119 z kopalni, kupuje niewielk\u0105 kawalerk\u0119. Pieni\u0105dze jednak szybko si\u0119 ko\u0144cz\u0105 i Benek staje na kraw\u0119dzi katastrofy. Nie mo\u017ce liczy\u0107 na pomoc rodziny, kt\u00f3ra si\u0119 od niego odci\u0119\u0142a, musi wi\u0119c wzi\u0105\u0107 sprawy w swoje r\u0119ce.<\/p>\n<p align=\"left\"><i>\u201eBohater mimo niepowodze\u0144 nie poddaje si\u0119&#8221;<\/i> &#8211; m\u00f3wi\u0142 o filmowym Benku Gli\u0144ski. \u201e<i>Walczy o siebie. Przeciwstawia si\u0119 rodzinnej tradycji, chce \u017cy\u0107 na w\u0142asny rachunek. Wierzy w siebie, mimo tego, \u017ce \u015bwiat wok\u00f3\u0142 nie daje mu szansy\u201d<\/i>.<\/p>\n<p align=\"left\">Gli\u0144ski przyznawa\u0142, \u017ce od dawna chcia\u0142 zrobi\u0107 film o \u015al\u0105sku. Gdy trafi\u0142 do niego scenariusz dziennikarzy Jerzego i Izabeli Morawskich od razu zdecydowa\u0142 si\u0119 go zekranizowa\u0107. Morawscy opisali w nim histori\u0119 autentycznej postaci &#8211; m\u0142odego g\u00f3rnika, kt\u00f3rego sportretowali w swoim reporta\u017cu prasowym \u201eSerce z w\u0119gla&#8221;.<\/p>\n<p align=\"left\"><a href=\"https:\/\/kinoroma.zabrze.pl\/mapa\/wp-content\/uploads\/Benek-fot-oficjalne-materialy-prasowe.jpg\"><img loading=\"lazy\" class=\"alignright wp-image-6297 size-medium\" src=\"https:\/\/kinoroma.zabrze.pl\/mapa\/wp-content\/uploads\/Benek-fot-oficjalne-materialy-prasowe-300x162.jpg\" alt=\"img\" width=\"300\" height=\"162\" srcset=\"https:\/\/kinoroma.zabrze.pl\/mapa\/wp-content\/uploads\/Benek-fot-oficjalne-materialy-prasowe-300x162.jpg 300w, https:\/\/kinoroma.zabrze.pl\/mapa\/wp-content\/uploads\/Benek-fot-oficjalne-materialy-prasowe-1024x553.jpg 1024w, https:\/\/kinoroma.zabrze.pl\/mapa\/wp-content\/uploads\/Benek-fot-oficjalne-materialy-prasowe-768x415.jpg 768w, https:\/\/kinoroma.zabrze.pl\/mapa\/wp-content\/uploads\/Benek-fot-oficjalne-materialy-prasowe.jpg 1277w\" sizes=\"(max-width: 300px) 100vw, 300px\" \/><\/a>Film zaskakuje nas charakterem opowie\u015bci, odmiennym od \u201etradycyjnie depresyjnych&#8221; opowie\u015bci o G\u00f3rnym \u015al\u0105sku. \u201eBenek&#8221; jest bowiem filmem pe\u0142nym ciep\u0142ego humoru, daj\u0105cym wiar\u0119 w sukces, je\u017celi tylko ci\u0119\u017cko si\u0119 na niego pracuje. Re\u017cyser nie ukrywa, \u017ce inspirowa\u0142 si\u0119 kinem Kena Loacha i Mike&#8217;a Leigh. Rzeczywi\u015bcie, w \u201eBenku&#8221; czu\u0107 klimat takich film\u00f3w jak, \u201eGo\u0142o i weso\u0142o&#8221; czy \u201eOrkiestra&#8221;.<\/p>\n<p align=\"left\">Pod pretekstem los\u00f3w tytu\u0142owego bohatera, re\u017cyser przygl\u0105da si\u0119 szerszemu problemowi spo\u0142ecznemu, jakim sta\u0142o si\u0119 na pocz\u0105tku XXI wieku pytanie o sens kontynuowania \u015bcie\u017cki zawodowej w g\u00f3rniczej rodzinie.<\/p>\n<p align=\"left\">Gli\u0144ski przy\u0142o\u017cy\u0142 szczeg\u00f3ln\u0105 uwag\u0119 do doboru aktor\u00f3w. Chcia\u0142 osi\u0105gn\u0105\u0107 efekt stuprocentowej wiarygodno\u015bci, dlatego w filmie graj\u0105 niemal wy\u0142\u0105cznie aktorzy i aktorki pochodz\u0105cy ze \u015al\u0105ska. Dla re\u017cysera wa\u017cne by\u0142o tak\u017ce to, aby jak najwi\u0119cej spo\u015br\u00f3d nich umia\u0142o m\u00f3wi\u0107 \u015bl\u0105sk\u0105 gwar\u0105.<\/p>\n<p align=\"left\">Debiutuj\u0105cy w g\u0142\u00f3wnej roli <b>Marcin Tyrol<\/b> (\u201eBia\u0142a wst\u0105\u017cka&#8221; Michaela Hanekego, \u201eGenera\u0142 &#8211; zamach na Gibraltarze&#8221;) stworzy\u0142 znakomit\u0105 kreacj\u0119, nominowan\u0105 w 2010 roku do nagrody Z\u0142otych Kaczek w kategorii Najlepszy aktor. Partneruje mu <b>Miros\u0142awa \u017bak <\/b>(\u201eNa dobre i z\u0142e&#8221;, \u201ePensjonat pod R\u00f3\u017c\u0105&#8221;) w roli \u017cony Danki.<\/p>\n<p align=\"left\">W bratow\u0105 Benka wciela si\u0119 zabrzanka <b>Magdalena Pop\u0142awska<\/b>, a jego brata zagra\u0142 <b>Zbigniew Stryj<\/b>. Aktor otrzyma\u0142 za swoj\u0105 kreacj\u0119 Z\u0142ote Lwy w kategorii Najlepsza drugoplanowa rola m\u0119ska na festiwalu w Gdyni w 2007 roku<\/p>\n<p align=\"left\">Niekt\u00f3rych mo\u017ce zaskoczy\u0107 du\u017cy rozrzut dat, w kt\u00f3rych przyznawano nagrody filmowi i aktorom. Wyt\u0142umaczenie jest proste, ale i nieweso\u0142e. Nakr\u0119cony w 2007 roku film Gli\u0144skiego przele\u017ca\u0142 na p\u00f3\u0142kach a\u017c 3 lata od premiery na festiwalu w Gdyni.<\/p>\n<p align=\"left\"><u><b>Nagrody i wyr\u00f3\u017cnienia<br \/>\n<\/b><\/u><\/p>\n<p align=\"left\">Tarnowska Nagroda Filmowa &#8211; Nagroda Jury M\u0142odzie\u017cowego (2007), Festiwal Polskich Film\u00f3w Fabularnych w Gdyni &#8211; Nagroda za drugoplanow\u0105 rol\u0119 m\u0119sk\u0105 dla Zbigniewa Stryja (2007)<\/p>\n<hr \/>\n<p align=\"left\"><span style=\"color: #800000;\"><u><b>Metryczka filmu<\/b><\/u><\/span><\/p>\n<p><span style=\"color: #800000;\">\u201eBenek\u201d<\/span><br \/>\n<span style=\"color: #800000;\">Polska\/Austria 2007, premiera 2010<\/span><\/p>\n<p><span style=\"color: #800000;\">Re\u017cyseria: Robert Gli\u0144ski<\/span><br \/>\n<span style=\"color: #800000;\">Scenariusz: Irena Morawska, Jerzy Morawski<\/span><br \/>\n<span style=\"color: #800000;\">Zdj\u0119cia: Jan Budzowski<\/span><br \/>\n<span style=\"color: #800000;\">Monta\u017c: Krzysztof Szpetma\u0144ski<\/span><br \/>\n<span style=\"color: #800000;\">Produkcja: Apple Film Production<\/span><br \/>\n<span style=\"color: #800000;\">Czas trwania: 95 min<\/span><br \/>\n<span style=\"color: #800000;\">Obsada: Marcin Tyrol, Miros\u0142awa \u017bak, Magdalena Pop\u0142awska, Zbigniew Stryj<\/span><\/p>\n<hr \/>\n<p align=\"left\">\n","protected":false},"excerpt":{"rendered":"<p>Re\u017c. Robert Gli\u0144ski Jak podkre\u015blali krytycy, \u201eBenek\u201d Roberta Gli\u0144skiego nie jest typowym filmem o \u015al\u0105sku. Chocia\u017c znajdziemy w nim \u201enie\u015bmiertelne\u201d motywy pojawiaj\u0105ce si\u0119 w ka\u017cdym filmie o naszym regionie &#8211; szare kamienice, dymi\u0105ce kominy i ubrudzeni w\u0119glem g\u00f3rnicy &#8211; to Gli\u0144ski snuje sw\u0105 opowie\u015b\u0107 w zupe\u0142nie inny spos\u00f3b. Z historii tytu\u0142owego Benka, 29-letniego g\u00f3rnika, kt\u00f3ry [&hellip;]<\/p>\n","protected":false},"author":1,"featured_media":0,"parent":6068,"menu_order":0,"comment_status":"closed","ping_status":"closed","template":"","meta":[],"_links":{"self":[{"href":"https:\/\/kinoroma.zabrze.pl\/mapa\/index.php?rest_route=\/wp\/v2\/pages\/6086"}],"collection":[{"href":"https:\/\/kinoroma.zabrze.pl\/mapa\/index.php?rest_route=\/wp\/v2\/pages"}],"about":[{"href":"https:\/\/kinoroma.zabrze.pl\/mapa\/index.php?rest_route=\/wp\/v2\/types\/page"}],"author":[{"embeddable":true,"href":"https:\/\/kinoroma.zabrze.pl\/mapa\/index.php?rest_route=\/wp\/v2\/users\/1"}],"replies":[{"embeddable":true,"href":"https:\/\/kinoroma.zabrze.pl\/mapa\/index.php?rest_route=%2Fwp%2Fv2%2Fcomments&post=6086"}],"version-history":[{"count":11,"href":"https:\/\/kinoroma.zabrze.pl\/mapa\/index.php?rest_route=\/wp\/v2\/pages\/6086\/revisions"}],"predecessor-version":[{"id":7597,"href":"https:\/\/kinoroma.zabrze.pl\/mapa\/index.php?rest_route=\/wp\/v2\/pages\/6086\/revisions\/7597"}],"up":[{"embeddable":true,"href":"https:\/\/kinoroma.zabrze.pl\/mapa\/index.php?rest_route=\/wp\/v2\/pages\/6068"}],"wp:attachment":[{"href":"https:\/\/kinoroma.zabrze.pl\/mapa\/index.php?rest_route=%2Fwp%2Fv2%2Fmedia&parent=6086"}],"curies":[{"name":"wp","href":"https:\/\/api.w.org\/{rel}","templated":true}]}}