{"id":6130,"date":"2020-09-28T08:30:02","date_gmt":"2020-09-28T06:30:02","guid":{"rendered":"http:\/\/new.kinoroma.zabrze.pl\/mapa\/?page_id=6130"},"modified":"2021-01-18T15:56:23","modified_gmt":"2021-01-18T14:56:23","slug":"marcinelle-ang-inferno-below","status":"publish","type":"page","link":"https:\/\/kinoroma.zabrze.pl\/mapa\/?page_id=6130","title":{"rendered":"Marcinelle (ang. Inferno below)"},"content":{"rendered":"<h5 class=\"western\" lang=\"pl\"><strong>Re\u017c. Andrea i Antonio Frazzi<\/strong><\/h5>\n<hr \/>\n<p><b><a href=\"https:\/\/kinoroma.zabrze.pl\/mapa\/wp-content\/uploads\/plakat-Marcinelle-2.jpg\"><img loading=\"lazy\" class=\"alignleft wp-image-6446 size-medium\" src=\"https:\/\/kinoroma.zabrze.pl\/mapa\/wp-content\/uploads\/plakat-Marcinelle-2-208x300.jpg\" alt=\"plakat\" width=\"208\" height=\"300\" srcset=\"https:\/\/kinoroma.zabrze.pl\/mapa\/wp-content\/uploads\/plakat-Marcinelle-2-208x300.jpg 208w, https:\/\/kinoroma.zabrze.pl\/mapa\/wp-content\/uploads\/plakat-Marcinelle-2.jpg 343w\" sizes=\"(max-width: 208px) 100vw, 208px\" \/><\/a>Dla widz\u00f3w nieznaj\u0105cych historii tragedii w belgijskim Marcinelle, Angielski tytu\u0142 \u201eInferno below\u201d (\u201eNi\u017cej jest piek\u0142o\u201d) najlepiej wyja\u015bnia temat filmu \u201eMarcinelle\u201d. <\/b><b>Dla Belg\u00f3w i W\u0142och\u00f3w, nazwa walo\u0144skiego miasteczka Marcinelle, jest synonimem wielkiej tragedii &#8211; jednej z najwi\u0119kszych katastrof w historii g\u00f3rnictwa. Zdobywcy wielu nagr\u00f3d filmowych Andrea i Antonio Frazzi nakr\u0119cili w Zabrzu wstrz\u0105saj\u0105cy, a\u017c 3-godzinny dramat opowiadaj\u0105cy histori\u0119 \u201epiek\u0142a z Marcinelle\u201d i niezwyk\u0142ej walki ratownik\u00f3w o \u017cycie g\u00f3rnik\u00f3w ogarni\u0119tych przez ocean ognia.<\/b><\/p>\n<p>W\u0142oscy re\u017cyserzy, bracia Frazzi, to filmowcy honorowani najwy\u017cszymi nagrodami kina. Zdobywcy Europejskiej Nagrody Filmowej, trofe\u00f3w Berlinale i Kryszta\u0142owego Globu w Karlovych Varach. Ponadto dwukrotnie nominowani byli do najwa\u017cniejszej nagrody kina w\u0142oskiego David di Donatello.<\/p>\n<p>Z okazji 35-ej rocznicy tragedii w belgijskiej kopalni, postanowili nakr\u0119ci\u0107 film o tym wydarzeniu, pozostaj\u0105cym do dzi\u015b traum\u0105 dla W\u0142och\u00f3w. Angielska nazwa filmu \u201eInferno below\u201d, co mo\u017cna swobodnie przet\u0142umaczy\u0107 jako \u201eNi\u017cej jest piek\u0142o\u201d, znakomicie oddaje groz\u0119 tamtych wydarze\u0144.<\/p>\n<p><a href=\"https:\/\/kinoroma.zabrze.pl\/mapa\/wp-content\/uploads\/plakat-Marcinelle-1.jpg\"><img loading=\"lazy\" class=\"alignright wp-image-6445 size-medium\" src=\"https:\/\/kinoroma.zabrze.pl\/mapa\/wp-content\/uploads\/plakat-Marcinelle-1-210x300.jpg\" alt=\"img\" width=\"210\" height=\"300\" srcset=\"https:\/\/kinoroma.zabrze.pl\/mapa\/wp-content\/uploads\/plakat-Marcinelle-1-210x300.jpg 210w, https:\/\/kinoroma.zabrze.pl\/mapa\/wp-content\/uploads\/plakat-Marcinelle-1.jpg 311w\" sizes=\"(max-width: 210px) 100vw, 210px\" \/><\/a>8 sierpnia 1956 roku, w <b>kopalni w\u0119gla Bois du Cazier w Marcinelle<\/b> (Belgia-Walonia) zgin\u0119\u0142o 274 g\u00f3rnik\u00f3w\u00a0 16 narodowo\u015bci. A\u017c 136 spo\u015br\u00f3d nich by\u0142o W\u0142ochami. Powodem katastrofy by\u0142 b\u0142\u0105d ludzki. Przez nieuwag\u0119 jednego z g\u00f3rnik\u00f3w wagon wydobywczy zosta\u0142 nieprawid\u0142owo umieszczony w klatce windy. Gdy ruszy\u0142a ona w g\u00f3r\u0119, wagon uderzy\u0142 w rur\u0119 olejow\u0105 i przewody elektryczne, powoduj\u0105c \u015bmiertelny po\u017car. W katastrofie zgin\u0119\u0142o te\u017c o\u015bmiu Polak\u00f3w.<\/p>\n<p>Akcja filmu koncentruje si\u0119 wok\u00f3\u0142 akcji ratowniczej, na kt\u00f3rej tle toczy si\u0119 prywatny dramat uczestnicz\u0105cych w niej ratownik\u00f3w. Wielu spo\u015br\u00f3d nich walczy nie tylko o \u017cycie koleg\u00f3w z pracy, ale o wydobycie z piek\u0142a swoich krewnych i przyjaci\u00f3\u0142. Wi\u0119zy krwi i przyja\u017ani nie mog\u0105 dziwi\u0107. Wi\u0119kszo\u015b\u0107 w\u0142oskich emigrant\u00f3w zarobkowych w belgijskich kopalniach tamtych lat, pochodzi\u0142a z s\u0105siednich wsi z le\u017c\u0105cego na po\u0142udniu W\u0142och regionu Lukania.<\/p>\n<p>Zdj\u0119cia do tej polsko-w\u0142oskiej koprodukcji trwa\u0142y od 20 lipca do 24 pa\u017adziernika 2002 roku. Ekipa filmowa pojawi\u0142a si\u0119 w KWK Powsta\u0144c\u00f3w \u015al\u0105skich w Bytomiu, szpitalu w Chorzowie, no i przede wszystkim w\u00a0Kompleksie Sztolni Kr\u00f3lowa Luiza<\/p>\n<p><b>Bracia Frazzi zadbali o doborow\u0105 obsad\u0119. <\/b>Wyst\u0119puj\u0105cy w g\u0142\u00f3wnej roli <b>Claudio Amendola <\/b>to zdobywca i trzykrotny kandydat do David di Donatello, kilkana\u015bcie razy uznawany przez w\u0142oskich krytyk\u00f3w za aktora roku. Partneruj\u0105ca mu <b>Maria Grazia Cucinotta <\/b>na \u015bwiecie zas\u0142yn\u0119\u0142a rol\u0105 Isabelli w serialu HBO \u201eRodzina Soprano\u201d oraz jako dziewczyna Bonda w filmie \u201e\u015awiat to za ma\u0142o\u201d.<\/p>\n<a\n\thref=\"\/mapa\/?ait-item=19-szyb-luiza\"\n\t\tid=\"ait-sc-button-1\"\n\tclass=\"ait-sc-button alignright  buticon-left    simple\"\n\tstyle=\"width:240px;background-color:#001e92; border-color:#001e92;margin-top:20;margin-left:20;margin-right:20;margin-bottom:20;\"\n>\n\t<span class=\"container\">\n\t\t<span class=\"wrap\">\n\n\t\t\t\t\t\t\t\t\t\t\t\t<span class=\"icon\" style=\"text-align:left;\">\n\t\t\t\t\t\t<i class=\"fa fa fa-map-marker\" style=\"color: #ffffff;\"><\/i>\n\t\t\t\t\t<\/span>\n\t\t\t\t\t\t\t\n\t\t\t\t\t\t<span class=\"text\" style=\"text-align:left;\">\n\t\t\t\t\t\t\t\t<span class=\"title\" style=\"color:#ffffff;\">\n\t\t\t\t\tSzyb Luiza\t\t\t\t<\/span>\n\t\t\t\t\t\t\t\t\t\t\t<\/span>\n\t\t\t\n\t\t\t\t\t\t\t\t\t\t\t\t<\/span>\n\t<\/span>\n<\/a>\n\n<p>W\u015br\u00f3d odtw\u00f3rc\u00f3w g\u0142\u00f3wnych r\u00f3l mamy te\u017c Polaka &#8211; <b>Wojciecha Alaborskiego<\/b>, znanego z wyst\u0119p\u00f3w m.in. w \u201ePanu Tadeuszu\u201d Andrzeja Wajdy i \u201eAkcji pod Arsena\u0142em\u201d. W filmie wyst\u0105pi\u0142o te\u017c wielu innych, znanych, polskich aktor\u00f3w m.in. Olaf Lubaszenko, Zbigniew Zamachowski i Maciej Dami\u0119cki.<\/p>\n<p>\u201eMarcinelle\u201d to nie jedyny film o belgijskiej tragedii. W 1960 roku belgijski re\u017cyser Paul Meyer nakr\u0119ci\u0142<strong> \u201e<\/strong><b>Gi\u00e0 vola il fiore magro&#8221; <\/b>, a w 2007 roku, powsta\u0142 <strong>\u201e<\/strong><b>Mineurs- minatori e minori\u201d <\/b>wyre\u017cyserowany przez Fulvio Wetzla.<\/p>\n\n\t\t\t<div>\n\t\t\t<style type='text\/css'>\n\t\t\t\t#gallery-1 {\n\t\t\t\t\tmargin: auto;\n\t\t\t\t}\n\t\t\t\t#gallery-1 .gallery-item {\n\t\t\t\t\tfloat: left;\n\t\t\t\t\tmargin-top: 10px;\n\t\t\t\t\ttext-align: center;\n\t\t\t\t\twidth: 20%;\n\t\t\t\t}\n\t\t\t\t#gallery-1 img {\n\t\t\t\t\tborder: 2px solid #cfcfcf;\n\t\t\t\t}\n\t\t\t\t#gallery-1 .gallery-caption {\n\t\t\t\t\tmargin-left: 0;\n\t\t\t\t}\n\t\t\t\t\/* see gallery_shortcode() in wp-includes\/media.php *\/\n\t\t\t<\/style><\/div>\n\t\t<div id='gallery-1' class='gallery galleryid-6130 gallery-columns-5 gallery-size-thumbnail'><div class=\"gallery-inner-wrapper\"><dl class='gallery-item'>\n\t\t\t\t<dt class='gallery-icon landscape'>\n\t\t\t\t\t<a href='https:\/\/kinoroma.zabrze.pl\/mapa\/wp-content\/uploads\/Marcinelle-kadr-z-filmu.jpg'><img width=\"150\" height=\"150\" src=\"https:\/\/kinoroma.zabrze.pl\/mapa\/wp-content\/uploads\/Marcinelle-kadr-z-filmu-150x150.jpg\" class=\"attachment-thumbnail size-thumbnail\" alt=\"\" loading=\"lazy\" \/><\/a>\n\t\t\t\t<\/dt><dd><\/dd><\/dl><dl class='gallery-item'>\n\t\t\t\t<dt class='gallery-icon portrait'>\n\t\t\t\t\t<a href='https:\/\/kinoroma.zabrze.pl\/mapa\/wp-content\/uploads\/plakat-Marcinelle-4.jpg'><img width=\"150\" height=\"150\" src=\"https:\/\/kinoroma.zabrze.pl\/mapa\/wp-content\/uploads\/plakat-Marcinelle-4-150x150.jpg\" class=\"attachment-thumbnail size-thumbnail\" alt=\"\" loading=\"lazy\" \/><\/a>\n\t\t\t\t<\/dt><dd><\/dd><\/dl>\n\t\t\t\t<br style='clear: both;' \/>\n\t\t\t<\/div><\/div>\n\n<hr \/>\n<p><span style=\"color: #800000;\"><u><b>Metryczka filmu<\/b><\/u><\/span><\/p>\n<p><span style=\"color: #800000;\">Polska-W\u0142ochy, 2003<br \/>\n<\/span><\/p>\n<p><span style=\"color: #800000;\">Scenariusz: Laura Toscano, Franco Marotta<br \/>\n<\/span><span style=\"color: #800000;\">Re\u017cyseria: Antonio Frazzi, Andrea Frazzi<br \/>\n<\/span><span style=\"color: #800000;\">Muzyka: Luis Bacalov<br \/>\n<\/span><span style=\"color: #800000;\">Zdj\u0119cia: Fabio Zamarion<br \/>\n<\/span><span style=\"color: #800000;\">Monta\u017c: Claudio M. Cutry<br \/>\n<\/span><span style=\"color: #800000;\">Producent: Antonio De Simone, Joanna Strzelecka<br \/>\n<\/span><span style=\"color: #800000;\">Produkcja: Bendom Film, Produzione Duemilla SRL., Rai Fiction, Rizzoli Audiovisivi<br \/>\n<\/span><span style=\"color: #800000;\">Obsada: Maria Grazia Cucinotta, Wojciech Alaborski, Claudio Amendola, Giorgio Antonini, Elena Arvigo, Magdalena Walach, Olaf Lubaszenko, Zbigniew Zamachowski, Maciej Dami\u0119cki, Witold D\u0119bicki<br \/>\nCzas trwania: 180 minut<br \/>\n<\/span><\/p>\n<hr \/>\n<p>&nbsp;<\/p>\n","protected":false},"excerpt":{"rendered":"<p>Re\u017c. Andrea i Antonio Frazzi Dla widz\u00f3w nieznaj\u0105cych historii tragedii w belgijskim Marcinelle, Angielski tytu\u0142 \u201eInferno below\u201d (\u201eNi\u017cej jest piek\u0142o\u201d) najlepiej wyja\u015bnia temat filmu \u201eMarcinelle\u201d. Dla Belg\u00f3w i W\u0142och\u00f3w, nazwa walo\u0144skiego miasteczka Marcinelle, jest synonimem wielkiej tragedii &#8211; jednej z najwi\u0119kszych katastrof w historii g\u00f3rnictwa. Zdobywcy wielu nagr\u00f3d filmowych Andrea i Antonio Frazzi nakr\u0119cili w [&hellip;]<\/p>\n","protected":false},"author":1,"featured_media":0,"parent":6068,"menu_order":0,"comment_status":"closed","ping_status":"closed","template":"","meta":[],"_links":{"self":[{"href":"https:\/\/kinoroma.zabrze.pl\/mapa\/index.php?rest_route=\/wp\/v2\/pages\/6130"}],"collection":[{"href":"https:\/\/kinoroma.zabrze.pl\/mapa\/index.php?rest_route=\/wp\/v2\/pages"}],"about":[{"href":"https:\/\/kinoroma.zabrze.pl\/mapa\/index.php?rest_route=\/wp\/v2\/types\/page"}],"author":[{"embeddable":true,"href":"https:\/\/kinoroma.zabrze.pl\/mapa\/index.php?rest_route=\/wp\/v2\/users\/1"}],"replies":[{"embeddable":true,"href":"https:\/\/kinoroma.zabrze.pl\/mapa\/index.php?rest_route=%2Fwp%2Fv2%2Fcomments&post=6130"}],"version-history":[{"count":14,"href":"https:\/\/kinoroma.zabrze.pl\/mapa\/index.php?rest_route=\/wp\/v2\/pages\/6130\/revisions"}],"predecessor-version":[{"id":7707,"href":"https:\/\/kinoroma.zabrze.pl\/mapa\/index.php?rest_route=\/wp\/v2\/pages\/6130\/revisions\/7707"}],"up":[{"embeddable":true,"href":"https:\/\/kinoroma.zabrze.pl\/mapa\/index.php?rest_route=\/wp\/v2\/pages\/6068"}],"wp:attachment":[{"href":"https:\/\/kinoroma.zabrze.pl\/mapa\/index.php?rest_route=%2Fwp%2Fv2%2Fmedia&parent=6130"}],"curies":[{"name":"wp","href":"https:\/\/api.w.org\/{rel}","templated":true}]}}

<h5 class="western" lang="pl"><strong>Reż. Andrea i Antonio Frazzi</strong></h5>
<hr />
<p><b><a href="https://kinoroma.zabrze.pl/mapa/wp-content/uploads/plakat-Marcinelle-2.jpg"><img loading="lazy" class="alignleft wp-image-6446 size-medium" src="https://kinoroma.zabrze.pl/mapa/wp-content/uploads/plakat-Marcinelle-2-208x300.jpg" alt="plakat" width="208" height="300" srcset="https://kinoroma.zabrze.pl/mapa/wp-content/uploads/plakat-Marcinelle-2-208x300.jpg 208w, https://kinoroma.zabrze.pl/mapa/wp-content/uploads/plakat-Marcinelle-2.jpg 343w" sizes="(max-width: 208px) 100vw, 208px" /></a>Dla widzów nieznających historii tragedii w belgijskim Marcinelle, Angielski tytuł „Inferno below” („Niżej jest piekło”) najlepiej wyjaśnia temat filmu „Marcinelle”. </b><b>Dla Belgów i Włochów, nazwa walońskiego miasteczka Marcinelle, jest synonimem wielkiej tragedii &#8211; jednej z największych katastrof w historii górnictwa. Zdobywcy wielu nagród filmowych Andrea i Antonio Frazzi nakręcili w Zabrzu wstrząsający, aż 3-godzinny dramat opowiadający historię „piekła z Marcinelle” i niezwykłej walki ratowników o życie górników ogarniętych przez ocean ognia.</b></p>
<p>Włoscy reżyserzy, bracia Frazzi, to filmowcy honorowani najwyższymi nagrodami kina. Zdobywcy Europejskiej Nagrody Filmowej, trofeów Berlinale i Kryształowego Globu w Karlovych Varach. Ponadto dwukrotnie nominowani byli do najważniejszej nagrody kina włoskiego David di Donatello.</p>
<p>Z okazji 35-ej rocznicy tragedii w belgijskiej kopalni, postanowili nakręcić film o tym wydarzeniu, pozostającym do dziś traumą dla Włochów. Angielska nazwa filmu „Inferno below”, co można swobodnie przetłumaczyć jako „Niżej jest piekło”, znakomicie oddaje grozę tamtych wydarzeń.</p>
<p><a href="https://kinoroma.zabrze.pl/mapa/wp-content/uploads/plakat-Marcinelle-1.jpg"><img loading="lazy" class="alignright wp-image-6445 size-medium" src="https://kinoroma.zabrze.pl/mapa/wp-content/uploads/plakat-Marcinelle-1-210x300.jpg" alt="img" width="210" height="300" srcset="https://kinoroma.zabrze.pl/mapa/wp-content/uploads/plakat-Marcinelle-1-210x300.jpg 210w, https://kinoroma.zabrze.pl/mapa/wp-content/uploads/plakat-Marcinelle-1.jpg 311w" sizes="(max-width: 210px) 100vw, 210px" /></a>8 sierpnia 1956 roku, w <b>kopalni węgla Bois du Cazier w Marcinelle</b> (Belgia-Walonia) zginęło 274 górników  16 narodowości. Aż 136 spośród nich było Włochami. Powodem katastrofy był błąd ludzki. Przez nieuwagę jednego z górników wagon wydobywczy został nieprawidłowo umieszczony w klatce windy. Gdy ruszyła ona w górę, wagon uderzył w rurę olejową i przewody elektryczne, powodując śmiertelny pożar. W katastrofie zginęło też ośmiu Polaków.</p>
<p>Akcja filmu koncentruje się wokół akcji ratowniczej, na której tle toczy się prywatny dramat uczestniczących w niej ratowników. Wielu spośród nich walczy nie tylko o życie kolegów z pracy, ale o wydobycie z piekła swoich krewnych i przyjaciół. Więzy krwi i przyjaźni nie mogą dziwić. Większość włoskich emigrantów zarobkowych w belgijskich kopalniach tamtych lat, pochodziła z sąsiednich wsi z leżącego na południu Włoch regionu Lukania.</p>
<p>Zdjęcia do tej polsko-włoskiej koprodukcji trwały od 20 lipca do 24 października 2002 roku. Ekipa filmowa pojawiła się w KWK Powstańców Śląskich w Bytomiu, szpitalu w Chorzowie, no i przede wszystkim w Kompleksie Sztolni Królowa Luiza</p>
<p><b>Bracia Frazzi zadbali o doborową obsadę. </b>Występujący w głównej roli <b>Claudio Amendola </b>to zdobywca i trzykrotny kandydat do David di Donatello, kilkanaście razy uznawany przez włoskich krytyków za aktora roku. Partnerująca mu <b>Maria Grazia Cucinotta </b>na świecie zasłynęła rolą Isabelli w serialu HBO „Rodzina Soprano” oraz jako dziewczyna Bonda w filmie „Świat to za mało”.</p>
<a
	href="/mapa/?ait-item=19-szyb-luiza"
		id="ait-sc-button-1"
	class="ait-sc-button alignright  buticon-left    simple"
	style="width:240px;background-color:#001e92; border-color:#001e92;margin-top:20;margin-left:20;margin-right:20;margin-bottom:20;"
>
	<span class="container">
		<span class="wrap">

												<span class="icon" style="text-align:left;">
						<i class="fa fa fa-map-marker" style="color: #ffffff;"></i>
					</span>
							
						<span class="text" style="text-align:left;">
								<span class="title" style="color:#ffffff;">
					Szyb Luiza				</span>
											</span>
			
												</span>
	</span>
</a>

<p>Wśród odtwórców głównych ról mamy też Polaka &#8211; <b>Wojciecha Alaborskiego</b>, znanego z występów m.in. w „Panu Tadeuszu” Andrzeja Wajdy i „Akcji pod Arsenałem”. W filmie wystąpiło też wielu innych, znanych, polskich aktorów m.in. Olaf Lubaszenko, Zbigniew Zamachowski i Maciej Damięcki.</p>
<p>„Marcinelle” to nie jedyny film o belgijskiej tragedii. W 1960 roku belgijski reżyser Paul Meyer nakręcił<strong> „</strong><b>Già vola il fiore magro&#8221; </b>, a w 2007 roku, powstał <strong>„</strong><b>Mineurs- minatori e minori” </b>wyreżyserowany przez Fulvio Wetzla.</p>

			<div>
			<style type='text/css'>
				#gallery-1 {
					margin: auto;
				}
				#gallery-1 .gallery-item {
					float: left;
					margin-top: 10px;
					text-align: center;
					width: 20%;
				}
				#gallery-1 img {
					border: 2px solid #cfcfcf;
				}
				#gallery-1 .gallery-caption {
					margin-left: 0;
				}
				/* see gallery_shortcode() in wp-includes/media.php */
			</style></div>
		<div id='gallery-1' class='gallery galleryid-6130 gallery-columns-5 gallery-size-thumbnail'><div class="gallery-inner-wrapper"><dl class='gallery-item'>
				<dt class='gallery-icon landscape'>
					<a href='https://kinoroma.zabrze.pl/mapa/wp-content/uploads/Marcinelle-kadr-z-filmu.jpg'><img width="150" height="150" src="https://kinoroma.zabrze.pl/mapa/wp-content/uploads/Marcinelle-kadr-z-filmu-150x150.jpg" class="attachment-thumbnail size-thumbnail" alt="" loading="lazy" /></a>
				</dt><dd></dd></dl><dl class='gallery-item'>
				<dt class='gallery-icon portrait'>
					<a href='https://kinoroma.zabrze.pl/mapa/wp-content/uploads/plakat-Marcinelle-4.jpg'><img width="150" height="150" src="https://kinoroma.zabrze.pl/mapa/wp-content/uploads/plakat-Marcinelle-4-150x150.jpg" class="attachment-thumbnail size-thumbnail" alt="" loading="lazy" /></a>
				</dt><dd></dd></dl>
				<br style='clear: both;' />
			</div></div>

<hr />
<p><span style="color: #800000;"><u><b>Metryczka filmu</b></u></span></p>
<p><span style="color: #800000;">Polska-Włochy, 2003<br />
</span></p>
<p><span style="color: #800000;">Scenariusz: Laura Toscano, Franco Marotta<br />
</span><span style="color: #800000;">Reżyseria: Antonio Frazzi, Andrea Frazzi<br />
</span><span style="color: #800000;">Muzyka: Luis Bacalov<br />
</span><span style="color: #800000;">Zdjęcia: Fabio Zamarion<br />
</span><span style="color: #800000;">Montaż: Claudio M. Cutry<br />
</span><span style="color: #800000;">Producent: Antonio De Simone, Joanna Strzelecka<br />
</span><span style="color: #800000;">Produkcja: Bendom Film, Produzione Duemilla SRL., Rai Fiction, Rizzoli Audiovisivi<br />
</span><span style="color: #800000;">Obsada: Maria Grazia Cucinotta, Wojciech Alaborski, Claudio Amendola, Giorgio Antonini, Elena Arvigo, Magdalena Walach, Olaf Lubaszenko, Zbigniew Zamachowski, Maciej Damięcki, Witold Dębicki<br />
Czas trwania: 180 minut<br />
</span></p>
<hr />
<p>&nbsp;</p>

<p>Reż. Andrea i Antonio Frazzi Dla widzów nieznających historii tragedii w belgijskim Marcinelle, Angielski tytuł „Inferno below” („Niżej jest piekło”) najlepiej wyjaśnia temat filmu „Marcinelle”. Dla Belgów i Włochów, nazwa walońskiego miasteczka Marcinelle, jest synonimem wielkiej tragedii &#8211; jednej z największych katastrof w historii górnictwa. Zdobywcy wielu nagród filmowych Andrea i Antonio Frazzi nakręcili w [&hellip;]</p>
