{"id":6132,"date":"2020-09-28T08:30:55","date_gmt":"2020-09-28T06:30:55","guid":{"rendered":"http:\/\/new.kinoroma.zabrze.pl\/mapa\/?page_id=6132"},"modified":"2020-10-20T09:43:39","modified_gmt":"2020-10-20T07:43:39","slug":"nadzieja-umiera-ostatnia","status":"publish","type":"page","link":"https:\/\/kinoroma.zabrze.pl\/mapa\/?page_id=6132","title":{"rendered":"Nadzieja umiera ostatnia"},"content":{"rendered":"<h5 class=\"western\" lang=\"pl\"><b>Re\u017c. Rados\u0142aw Dunaszewski<\/b><\/h5>\n<hr \/>\n<p class=\"western\" lang=\"pl\"><b><a href=\"https:\/\/kinoroma.zabrze.pl\/mapa\/wp-content\/uploads\/Nadzieja-umiera-ostatnia-fotosy-oficjalne-materialy-prasowe-TVN-3.jpg\"><img loading=\"lazy\" class=\"alignleft wp-image-6453 size-medium\" src=\"https:\/\/kinoroma.zabrze.pl\/mapa\/wp-content\/uploads\/Nadzieja-umiera-ostatnia-fotosy-oficjalne-materialy-prasowe-TVN-3-300x225.jpg\" alt=\"\" width=\"300\" height=\"225\" srcset=\"https:\/\/kinoroma.zabrze.pl\/mapa\/wp-content\/uploads\/Nadzieja-umiera-ostatnia-fotosy-oficjalne-materialy-prasowe-TVN-3-300x225.jpg 300w, https:\/\/kinoroma.zabrze.pl\/mapa\/wp-content\/uploads\/Nadzieja-umiera-ostatnia-fotosy-oficjalne-materialy-prasowe-TVN-3-768x576.jpg 768w, https:\/\/kinoroma.zabrze.pl\/mapa\/wp-content\/uploads\/Nadzieja-umiera-ostatnia-fotosy-oficjalne-materialy-prasowe-TVN-3.jpg 850w\" sizes=\"(max-width: 300px) 100vw, 300px\" \/><\/a>Fabularyzowana seria dokumentalna, zrealizowana przez telewizj\u0119 TVN, opowiadaj\u0105ca o najwi\u0119kszych katastrofach polskiego g\u00f3rnictwa, kt\u00f3re mia\u0142y miejsce w ci\u0105gu ostatnich 50-ciu lat. Autorzy ukazali w niej to, co w ich trakcie dzieje si\u0119 pod ziemi\u0105 oraz na jakie ryzyko nara\u017caj\u0105 si\u0119 g\u00f3rnicy zje\u017cd\u017caj\u0105c do kopali ka\u017cdego dnia.<\/b><\/p>\n<p class=\"western\" lang=\"pl\">W kolejnych odcinkach serii pojawi\u0142y si\u0119 zar\u00f3wno rozmowy z lud\u017ami, kt\u00f3rzy otarli si\u0119 o tragedi\u0119 &#8211; ratownikami, wsp\u00f3\u0142pracownikami, dyrektorami kopal\u0144, <span lang=\"pl-PL\">jak i <\/span>tymi, kt\u00f3rzy prze\u017cyli katastrof\u0119 lub kt\u00f3rych bliscy zgin\u0119li pod ziemi\u0105.<\/p>\n<p class=\"western\" lang=\"pl\">Jednym z za\u0142o\u017ce\u0144 producent\u00f3w, by\u0142o pokazanie, jak rodzi si\u0119 <span lang=\"pl-PL\">w cz\u0142owieku si\u0142a <\/span>do walki z \u017cywio\u0142em<span lang=\"pl-PL\">. Zobrazowanie na ekranie tego<\/span>, co dzieje si\u0119 pod ziemi\u0105<span lang=\"pl-PL\"> w czasie katastrofy g\u00f3rniczej i<\/span> <span lang=\"pl-PL\">uzmys\u0142owienie widzom, <\/span>jak<span lang=\"pl-PL\"> wielkie <\/span>ryzyko ponosz\u0105 g\u00f3rnicy zje\u017cd\u017caj\u0105c ka\u017cdego dnia do kopalni.<\/p>\n<p class=\"western\" lang=\"pl\"><span lang=\"pl-PL\">O<\/span>dcinek pt. <strong>\u201e<\/strong><span lang=\"pl-PL\"><b>Nadzieja umiera ostatnia<\/b><\/span><b>\u201d<\/b>, opowiadaj\u0105cy o wypadku, kt\u00f3ry mia\u0142 miejsce w 1995 roku w kopalni Nowy Wirek w Rudzie \u015al\u0105skiej, <span lang=\"pl-PL\">nakr\u0119cono w oryginalnych wn\u0119trzach tej kopalni oraz w <\/span>skansenie g\u00f3rniczym Kr\u00f3lowa Luiza w Zabrzu. W wyniku t\u0105pni\u0119cia pod ziemi\u0105 zgin\u0119\u0142o wtedy pi\u0119\u0107 os\u00f3b, a po pi\u0119ciodniowej akcji <span lang=\"pl-PL\">wydobyto na ziemi\u0119 <\/span>czterech g\u00f3rnik\u00f3w<span lang=\"pl-PL\">, kt\u00f3rzy prze\u017cyli katastrof\u0119<\/span>. Jednym z nich by\u0142 Andrzej Witt i to on by\u0142 g\u0142\u00f3wnym bohaterem <span lang=\"pl-PL\">tego <\/span>odcinka serialu.<\/p>\n<p class=\"western\" lang=\"pl\"><a href=\"https:\/\/kinoroma.zabrze.pl\/mapa\/wp-content\/uploads\/Nadzieja-umiera-ostatnia-fotosy-oficjalne-materialy-prasowe-TVN-2.jpg\"><img loading=\"lazy\" class=\"alignright wp-image-6452 size-medium\" src=\"https:\/\/kinoroma.zabrze.pl\/mapa\/wp-content\/uploads\/Nadzieja-umiera-ostatnia-fotosy-oficjalne-materialy-prasowe-TVN-2-300x225.jpg\" alt=\"\" width=\"300\" height=\"225\" srcset=\"https:\/\/kinoroma.zabrze.pl\/mapa\/wp-content\/uploads\/Nadzieja-umiera-ostatnia-fotosy-oficjalne-materialy-prasowe-TVN-2-300x225.jpg 300w, https:\/\/kinoroma.zabrze.pl\/mapa\/wp-content\/uploads\/Nadzieja-umiera-ostatnia-fotosy-oficjalne-materialy-prasowe-TVN-2-768x576.jpg 768w, https:\/\/kinoroma.zabrze.pl\/mapa\/wp-content\/uploads\/Nadzieja-umiera-ostatnia-fotosy-oficjalne-materialy-prasowe-TVN-2.jpg 850w\" sizes=\"(max-width: 300px) 100vw, 300px\" \/><\/a>W g\u0142\u00f3wne role cz\u0119\u015bci fabularyzowanej wcielili si\u0119 <b>Adam Cywka<\/b> (jako zasypany g\u00f3rnik Andrzej Witt), <b>Barbara Lubos-\u015awi\u0119s<\/b> (jako jego \u017cona) oraz <b>Sebastian Pawlak, Adam Hutyra <\/b>i <b>Krzysztof Bochenek<\/b>. Wszyscy ci aktorzy s\u0105 albo rodowitymi <span lang=\"pl-PL\">\u015al\u0105zakami<\/span> albo wyst\u0119powali w wielu filmach kr\u0119conych m.in. w Zabrzu.<\/p>\n<p class=\"western\" lang=\"pl\"><b>Re\u017cyserem filmu jest Rados\u0142aw Dunaszewski<\/b>, tw\u00f3rca m.in. \u201eWielkich ucieczek&#8221;, innego fabularyzowanego dokumentu wy\u015bwietlanego na antenie TVN. Dunaszewski podkre\u015bla, \u017ce jest \u201edzieckiem \u015al\u0105ska i Zag\u0142\u0119bia\u201d, co u\u0142atwi\u0142o mu kr\u0119cenie serialu, poniewa\u017c opowiada on historie zar\u00f3wno ze \u015bl\u0105skich, jak i zag\u0142\u0119biowskich kopal\u0144. \u201e<i>Urodzi\u0142em si\u0119 w D\u0105browie G\u00f3rniczej, ale dzieci\u0144stwo sp\u0119dzi\u0142em w Katowicach-Brynowie. Mieszkali\u015bmy tu\u017c obok kopalni Wujek, w kt\u00f3rej pracowa\u0142 m\u00f3j ojciec. Potem wr\u00f3ci\u0142em z rodzicami do D\u0105browy, a w czasie studi\u00f3w zn\u00f3w znalaz\u0142em si\u0119 w Katowicach\u201d<\/i> &#8211; m\u00f3wi\u0142 re\u017cyser w jednym z wywiad\u00f3w.<\/p>\n<p class=\"western\" lang=\"pl\"><a href=\"https:\/\/kinoroma.zabrze.pl\/mapa\/wp-content\/uploads\/Nadzieja-umiera-ostatnia-fotosy-oficjalne-materialy-prasowe-TVN-1.jpg\"><img loading=\"lazy\" class=\"alignleft wp-image-6451 size-medium\" src=\"https:\/\/kinoroma.zabrze.pl\/mapa\/wp-content\/uploads\/Nadzieja-umiera-ostatnia-fotosy-oficjalne-materialy-prasowe-TVN-1-300x225.jpg\" alt=\"\" width=\"300\" height=\"225\" srcset=\"https:\/\/kinoroma.zabrze.pl\/mapa\/wp-content\/uploads\/Nadzieja-umiera-ostatnia-fotosy-oficjalne-materialy-prasowe-TVN-1-300x225.jpg 300w, https:\/\/kinoroma.zabrze.pl\/mapa\/wp-content\/uploads\/Nadzieja-umiera-ostatnia-fotosy-oficjalne-materialy-prasowe-TVN-1-768x576.jpg 768w, https:\/\/kinoroma.zabrze.pl\/mapa\/wp-content\/uploads\/Nadzieja-umiera-ostatnia-fotosy-oficjalne-materialy-prasowe-TVN-1.jpg 850w\" sizes=\"(max-width: 300px) 100vw, 300px\" \/><\/a>Zdaniem Dunaszewskiego mieszka\u0144cy innych cz\u0119\u015bci Polski niewiele wiedz\u0105 o \u015al\u0105sku: \u201e<i>Wi\u0119kszo\u015bci Polak\u00f3w g\u00f3rnictwo kojarzy si\u0119 niestety tylko z dwoma rzeczami: strajkami i wypadkami<\/i><span lang=\"pl-PL\"><i>\u201d.<\/i><\/span> <span lang=\"pl-PL\">D<\/span>latego <span lang=\"pl-PL\">za sw\u00f3j cel re\u017cyser obra\u0142 <\/span>pokazanie <span lang=\"pl-PL\">mo\u017cliwie szerokiego obrazu \u017cycia g\u00f3rnik\u00f3w. <\/span>Nie chcia\u0142 jednak robi\u0107 serialu tylko o wypadkach. Katastrofy <span lang=\"pl-PL\">sta\u0142y si\u0119 <\/span>jedynie pretekstem do opowiedzenia historii ludzi, kt\u00f3rzy brali w nich udzia\u0142<span lang=\"pl-PL\"> oraz<\/span> ich rodzin.<\/p>\n<p class=\"western\" lang=\"pl\">Po\u015brednim efektem <span lang=\"pl-PL\">powstania <\/span>tej serii by\u0142 film pe\u0142nometra\u017cowy <strong>\u201e<\/strong><b>Prawdziwe historie: Laura\u201d<\/b>, w kt\u00f3rym Dunaszewski opowiedzia\u0142 o g\u00f3rniku Zbigniewie Nowaku, kt\u00f3ry podczas katastrofy g\u00f3rniczej w kopalni Halemba w Rudzie \u015al\u0105skiej w 2006 przetrwa\u0142 pod ziemi\u0105 111 godzin. Ten film r\u00f3wnie\u017c nakr\u0119cono w zabrza\u0144skiej Luizie.<\/p>\n<p class=\"western\" lang=\"pl\">Rados\u0142aw Dunaszewski urodzi\u0142 si\u0119 4 maja 1971 roku w D\u0105browie G\u00f3rniczej. Od pocz\u0105tku kariery zwi\u0105zany by\u0142 z TVN. Autor licznych reporta\u017cy, re\u017cyser seriali \u201eChicago\u201d, \u201eJarmark Europa\u201d, \u201eBitwa o Angli\u0119\u201d, \u201eWielkie ucieczki\u201d i realizowanego w\u0142a\u015bnie \u201eNadzieja umiera ostatnia\u201d. By\u0142 r\u00f3wnie\u017c wsp\u00f3\u0142tw\u00f3rc\u0105 s\u0142ynnych \u201ePr\u0119g\u201d Magdaleny Piekorz.<\/p>\n<hr \/>\n<p class=\"western\" lang=\"pl\"><span style=\"color: #800000;\"><u><b>Metryczka filmu<\/b><\/u><\/span><\/p>\n<p><span style=\"color: #800000;\">\u201eNadzieja umiera ostatnia\u201d<\/span><br \/>\n<span style=\"color: #800000;\">Polska<\/span><\/p>\n<p><span style=\"color: #800000;\">Re\u017cyseria i scenariusz: Rados\u0142aw Dunaszewski<\/span><br \/>\n<span style=\"color: #800000;\">Zdj\u0119cia: Jacek Januszyk (fabularne), Dariusz Szymura (dokumentalne), Marek Prz\u0119czek (dokumentalne)<\/span><br \/>\n<span style=\"color: #800000;\">Scenografia: Anna Niemira, Pawe\u0142 Pilarz<\/span><br \/>\n<span style=\"color: #800000;\">Monta\u017c: Tadeusz Talar<\/span><br \/>\n<span style=\"color: #800000;\">Produkcja: TVN<\/span><br \/>\n<span style=\"color: #800000;\">Obsada: Adam Cywka, Sebastian Pawlak, Krzysztof Bochenek, Adam Hutyra, Barbara Lubos-\u015awi\u0119s<\/span><\/p>\n<hr \/>\n<p lang=\"pl\">\n","protected":false},"excerpt":{"rendered":"<p>Re\u017c. Rados\u0142aw Dunaszewski Fabularyzowana seria dokumentalna, zrealizowana przez telewizj\u0119 TVN, opowiadaj\u0105ca o najwi\u0119kszych katastrofach polskiego g\u00f3rnictwa, kt\u00f3re mia\u0142y miejsce w ci\u0105gu ostatnich 50-ciu lat. Autorzy ukazali w niej to, co w ich trakcie dzieje si\u0119 pod ziemi\u0105 oraz na jakie ryzyko nara\u017caj\u0105 si\u0119 g\u00f3rnicy zje\u017cd\u017caj\u0105c do kopali ka\u017cdego dnia. W kolejnych odcinkach serii pojawi\u0142y si\u0119 [&hellip;]<\/p>\n","protected":false},"author":1,"featured_media":0,"parent":6068,"menu_order":0,"comment_status":"closed","ping_status":"closed","template":"","meta":[],"_links":{"self":[{"href":"https:\/\/kinoroma.zabrze.pl\/mapa\/index.php?rest_route=\/wp\/v2\/pages\/6132"}],"collection":[{"href":"https:\/\/kinoroma.zabrze.pl\/mapa\/index.php?rest_route=\/wp\/v2\/pages"}],"about":[{"href":"https:\/\/kinoroma.zabrze.pl\/mapa\/index.php?rest_route=\/wp\/v2\/types\/page"}],"author":[{"embeddable":true,"href":"https:\/\/kinoroma.zabrze.pl\/mapa\/index.php?rest_route=\/wp\/v2\/users\/1"}],"replies":[{"embeddable":true,"href":"https:\/\/kinoroma.zabrze.pl\/mapa\/index.php?rest_route=%2Fwp%2Fv2%2Fcomments&post=6132"}],"version-history":[{"count":9,"href":"https:\/\/kinoroma.zabrze.pl\/mapa\/index.php?rest_route=\/wp\/v2\/pages\/6132\/revisions"}],"predecessor-version":[{"id":7613,"href":"https:\/\/kinoroma.zabrze.pl\/mapa\/index.php?rest_route=\/wp\/v2\/pages\/6132\/revisions\/7613"}],"up":[{"embeddable":true,"href":"https:\/\/kinoroma.zabrze.pl\/mapa\/index.php?rest_route=\/wp\/v2\/pages\/6068"}],"wp:attachment":[{"href":"https:\/\/kinoroma.zabrze.pl\/mapa\/index.php?rest_route=%2Fwp%2Fv2%2Fmedia&parent=6132"}],"curies":[{"name":"wp","href":"https:\/\/api.w.org\/{rel}","templated":true}]}}

<h5 class="western" lang="pl"><b>Reż. Radosław Dunaszewski</b></h5>
<hr />
<p class="western" lang="pl"><b><a href="https://kinoroma.zabrze.pl/mapa/wp-content/uploads/Nadzieja-umiera-ostatnia-fotosy-oficjalne-materialy-prasowe-TVN-3.jpg"><img loading="lazy" class="alignleft wp-image-6453 size-medium" src="https://kinoroma.zabrze.pl/mapa/wp-content/uploads/Nadzieja-umiera-ostatnia-fotosy-oficjalne-materialy-prasowe-TVN-3-300x225.jpg" alt="" width="300" height="225" srcset="https://kinoroma.zabrze.pl/mapa/wp-content/uploads/Nadzieja-umiera-ostatnia-fotosy-oficjalne-materialy-prasowe-TVN-3-300x225.jpg 300w, https://kinoroma.zabrze.pl/mapa/wp-content/uploads/Nadzieja-umiera-ostatnia-fotosy-oficjalne-materialy-prasowe-TVN-3-768x576.jpg 768w, https://kinoroma.zabrze.pl/mapa/wp-content/uploads/Nadzieja-umiera-ostatnia-fotosy-oficjalne-materialy-prasowe-TVN-3.jpg 850w" sizes="(max-width: 300px) 100vw, 300px" /></a>Fabularyzowana seria dokumentalna, zrealizowana przez telewizję TVN, opowiadająca o największych katastrofach polskiego górnictwa, które miały miejsce w ciągu ostatnich 50-ciu lat. Autorzy ukazali w niej to, co w ich trakcie dzieje się pod ziemią oraz na jakie ryzyko narażają się górnicy zjeżdżając do kopali każdego dnia.</b></p>
<p class="western" lang="pl">W kolejnych odcinkach serii pojawiły się zarówno rozmowy z ludźmi, którzy otarli się o tragedię &#8211; ratownikami, współpracownikami, dyrektorami kopalń, <span lang="pl-PL">jak i </span>tymi, którzy przeżyli katastrofę lub których bliscy zginęli pod ziemią.</p>
<p class="western" lang="pl">Jednym z założeń producentów, było pokazanie, jak rodzi się <span lang="pl-PL">w człowieku siła </span>do walki z żywiołem<span lang="pl-PL">. Zobrazowanie na ekranie tego</span>, co dzieje się pod ziemią<span lang="pl-PL"> w czasie katastrofy górniczej i</span> <span lang="pl-PL">uzmysłowienie widzom, </span>jak<span lang="pl-PL"> wielkie </span>ryzyko ponoszą górnicy zjeżdżając każdego dnia do kopalni.</p>
<p class="western" lang="pl"><span lang="pl-PL">O</span>dcinek pt. <strong>„</strong><span lang="pl-PL"><b>Nadzieja umiera ostatnia</b></span><b>”</b>, opowiadający o wypadku, który miał miejsce w 1995 roku w kopalni Nowy Wirek w Rudzie Śląskiej, <span lang="pl-PL">nakręcono w oryginalnych wnętrzach tej kopalni oraz w </span>skansenie górniczym Królowa Luiza w Zabrzu. W wyniku tąpnięcia pod ziemią zginęło wtedy pięć osób, a po pięciodniowej akcji <span lang="pl-PL">wydobyto na ziemię </span>czterech górników<span lang="pl-PL">, którzy przeżyli katastrofę</span>. Jednym z nich był Andrzej Witt i to on był głównym bohaterem <span lang="pl-PL">tego </span>odcinka serialu.</p>
<p class="western" lang="pl"><a href="https://kinoroma.zabrze.pl/mapa/wp-content/uploads/Nadzieja-umiera-ostatnia-fotosy-oficjalne-materialy-prasowe-TVN-2.jpg"><img loading="lazy" class="alignright wp-image-6452 size-medium" src="https://kinoroma.zabrze.pl/mapa/wp-content/uploads/Nadzieja-umiera-ostatnia-fotosy-oficjalne-materialy-prasowe-TVN-2-300x225.jpg" alt="" width="300" height="225" srcset="https://kinoroma.zabrze.pl/mapa/wp-content/uploads/Nadzieja-umiera-ostatnia-fotosy-oficjalne-materialy-prasowe-TVN-2-300x225.jpg 300w, https://kinoroma.zabrze.pl/mapa/wp-content/uploads/Nadzieja-umiera-ostatnia-fotosy-oficjalne-materialy-prasowe-TVN-2-768x576.jpg 768w, https://kinoroma.zabrze.pl/mapa/wp-content/uploads/Nadzieja-umiera-ostatnia-fotosy-oficjalne-materialy-prasowe-TVN-2.jpg 850w" sizes="(max-width: 300px) 100vw, 300px" /></a>W główne role części fabularyzowanej wcielili się <b>Adam Cywka</b> (jako zasypany górnik Andrzej Witt), <b>Barbara Lubos-Święs</b> (jako jego żona) oraz <b>Sebastian Pawlak, Adam Hutyra </b>i <b>Krzysztof Bochenek</b>. Wszyscy ci aktorzy są albo rodowitymi <span lang="pl-PL">Ślązakami</span> albo występowali w wielu filmach kręconych m.in. w Zabrzu.</p>
<p class="western" lang="pl"><b>Reżyserem filmu jest Radosław Dunaszewski</b>, twórca m.in. „Wielkich ucieczek&#8221;, innego fabularyzowanego dokumentu wyświetlanego na antenie TVN. Dunaszewski podkreśla, że jest „dzieckiem Śląska i Zagłębia”, co ułatwiło mu kręcenie serialu, ponieważ opowiada on historie zarówno ze śląskich, jak i zagłębiowskich kopalń. „<i>Urodziłem się w Dąbrowie Górniczej, ale dzieciństwo spędziłem w Katowicach-Brynowie. Mieszkaliśmy tuż obok kopalni Wujek, w której pracował mój ojciec. Potem wróciłem z rodzicami do Dąbrowy, a w czasie studiów znów znalazłem się w Katowicach”</i> &#8211; mówił reżyser w jednym z wywiadów.</p>
<p class="western" lang="pl"><a href="https://kinoroma.zabrze.pl/mapa/wp-content/uploads/Nadzieja-umiera-ostatnia-fotosy-oficjalne-materialy-prasowe-TVN-1.jpg"><img loading="lazy" class="alignleft wp-image-6451 size-medium" src="https://kinoroma.zabrze.pl/mapa/wp-content/uploads/Nadzieja-umiera-ostatnia-fotosy-oficjalne-materialy-prasowe-TVN-1-300x225.jpg" alt="" width="300" height="225" srcset="https://kinoroma.zabrze.pl/mapa/wp-content/uploads/Nadzieja-umiera-ostatnia-fotosy-oficjalne-materialy-prasowe-TVN-1-300x225.jpg 300w, https://kinoroma.zabrze.pl/mapa/wp-content/uploads/Nadzieja-umiera-ostatnia-fotosy-oficjalne-materialy-prasowe-TVN-1-768x576.jpg 768w, https://kinoroma.zabrze.pl/mapa/wp-content/uploads/Nadzieja-umiera-ostatnia-fotosy-oficjalne-materialy-prasowe-TVN-1.jpg 850w" sizes="(max-width: 300px) 100vw, 300px" /></a>Zdaniem Dunaszewskiego mieszkańcy innych części Polski niewiele wiedzą o Śląsku: „<i>Większości Polaków górnictwo kojarzy się niestety tylko z dwoma rzeczami: strajkami i wypadkami</i><span lang="pl-PL"><i>”.</i></span> <span lang="pl-PL">D</span>latego <span lang="pl-PL">za swój cel reżyser obrał </span>pokazanie <span lang="pl-PL">możliwie szerokiego obrazu życia górników. </span>Nie chciał jednak robić serialu tylko o wypadkach. Katastrofy <span lang="pl-PL">stały się </span>jedynie pretekstem do opowiedzenia historii ludzi, którzy brali w nich udział<span lang="pl-PL"> oraz</span> ich rodzin.</p>
<p class="western" lang="pl">Pośrednim efektem <span lang="pl-PL">powstania </span>tej serii był film pełnometrażowy <strong>„</strong><b>Prawdziwe historie: Laura”</b>, w którym Dunaszewski opowiedział o górniku Zbigniewie Nowaku, który podczas katastrofy górniczej w kopalni Halemba w Rudzie Śląskiej w 2006 przetrwał pod ziemią 111 godzin. Ten film również nakręcono w zabrzańskiej Luizie.</p>
<p class="western" lang="pl">Radosław Dunaszewski urodził się 4 maja 1971 roku w Dąbrowie Górniczej. Od początku kariery związany był z TVN. Autor licznych reportaży, reżyser seriali „Chicago”, „Jarmark Europa”, „Bitwa o Anglię”, „Wielkie ucieczki” i realizowanego właśnie „Nadzieja umiera ostatnia”. Był również współtwórcą słynnych „Pręg” Magdaleny Piekorz.</p>
<hr />
<p class="western" lang="pl"><span style="color: #800000;"><u><b>Metryczka filmu</b></u></span></p>
<p><span style="color: #800000;">„Nadzieja umiera ostatnia”</span><br />
<span style="color: #800000;">Polska</span></p>
<p><span style="color: #800000;">Reżyseria i scenariusz: Radosław Dunaszewski</span><br />
<span style="color: #800000;">Zdjęcia: Jacek Januszyk (fabularne), Dariusz Szymura (dokumentalne), Marek Przęczek (dokumentalne)</span><br />
<span style="color: #800000;">Scenografia: Anna Niemira, Paweł Pilarz</span><br />
<span style="color: #800000;">Montaż: Tadeusz Talar</span><br />
<span style="color: #800000;">Produkcja: TVN</span><br />
<span style="color: #800000;">Obsada: Adam Cywka, Sebastian Pawlak, Krzysztof Bochenek, Adam Hutyra, Barbara Lubos-Święs</span></p>
<hr />
<p lang="pl">

<p>Reż. Radosław Dunaszewski Fabularyzowana seria dokumentalna, zrealizowana przez telewizję TVN, opowiadająca o największych katastrofach polskiego górnictwa, które miały miejsce w ciągu ostatnich 50-ciu lat. Autorzy ukazali w niej to, co w ich trakcie dzieje się pod ziemią oraz na jakie ryzyko narażają się górnicy zjeżdżając do kopali każdego dnia. W kolejnych odcinkach serii pojawiły się [&hellip;]</p>
