{"id":6150,"date":"2020-09-28T08:50:29","date_gmt":"2020-09-28T06:50:29","guid":{"rendered":"http:\/\/new.kinoroma.zabrze.pl\/mapa\/?page_id=6150"},"modified":"2020-10-20T10:02:11","modified_gmt":"2020-10-20T08:02:11","slug":"short-supply","status":"publish","type":"page","link":"https:\/\/kinoroma.zabrze.pl\/mapa\/?page_id=6150","title":{"rendered":"Short Supply"},"content":{"rendered":"<h5><strong>Re\u017c. Kevin Molony<\/strong><\/h5>\n<hr \/>\n<p><a href=\"https:\/\/kinoroma.zabrze.pl\/mapa\/wp-content\/uploads\/short-supply-fot-udostepnione-przez-rezysera-4.jpg\"><img loading=\"lazy\" class=\"alignleft wp-image-6526 size-medium\" src=\"https:\/\/kinoroma.zabrze.pl\/mapa\/wp-content\/uploads\/short-supply-fot-udostepnione-przez-rezysera-4-300x125.jpg\" alt=\"\" width=\"300\" height=\"125\" srcset=\"https:\/\/kinoroma.zabrze.pl\/mapa\/wp-content\/uploads\/short-supply-fot-udostepnione-przez-rezysera-4-300x125.jpg 300w, https:\/\/kinoroma.zabrze.pl\/mapa\/wp-content\/uploads\/short-supply-fot-udostepnione-przez-rezysera-4-1024x425.jpg 1024w, https:\/\/kinoroma.zabrze.pl\/mapa\/wp-content\/uploads\/short-supply-fot-udostepnione-przez-rezysera-4-768x319.jpg 768w, https:\/\/kinoroma.zabrze.pl\/mapa\/wp-content\/uploads\/short-supply-fot-udostepnione-przez-rezysera-4-1536x638.jpg 1536w, https:\/\/kinoroma.zabrze.pl\/mapa\/wp-content\/uploads\/short-supply-fot-udostepnione-przez-rezysera-4.jpg 1920w\" sizes=\"(max-width: 300px) 100vw, 300px\" \/><\/a>\u201e<strong>Short supply\u201d to mroczna opowie\u015b\u0107 o kradzie\u017cy to\u017csamo\u015bci zanurzona w \u201elynchowskich\u201d klimatach. Wyre\u017cyserowa\u0142 j\u0105 tw\u00f3rca teledysk\u00f3w dla takich gwiazd muzyki jak Chaka Khan i zesp\u00f3\u0142 A-HA, Kevin Molony. Planem filmowym oczywi\u015bcie by\u0142o Zabrze. <\/strong>Mieszkaj\u0105cy w Glasgow dentysta Philip Black z niepokojem zbli\u017ca si\u0119 do swoich 50 urodzin. Jest zm\u0119czony i sfrustrowany dotychczasowym \u017cyciem. Los wyci\u0105ga jednak do niego r\u0119k\u0119 w postaci\u2026 polskiego brzuchom\u00f3wcy, kt\u00f3ry umiera na krze\u015ble dentystycznym podczas rutynowej ekstrakcji z\u0119ba.<\/p>\n<p>Black przyw\u0142aszcza sobie to\u017csamo\u015b\u0107 m\u0119\u017cczyzny i rusza w nieznane. Uzbrojony w paszport zmar\u0142ego i ogromny kufer z manekinem rusza na polski \u015al\u0105sk. Odkrywa jednak, \u017ce ani bycie brzuchom\u00f3wc\u0105, ani m\u00f3wienie po polsku nie s\u0105 wcale najmniejszymi z jego problem\u00f3w.<\/p>\n<p>Spotyka bowiem Ludka, maniakalnego depresyjnego kar\u0142a, kt\u00f3ry oferuje mu jedyn\u0105 mo\u017cliw\u0105 drog\u0119 do zbawienia.<\/p>\n<p><a href=\"https:\/\/kinoroma.zabrze.pl\/mapa\/wp-content\/uploads\/short-supply-fot-udostepnione-przez-rezysera-1.jpg\"><img loading=\"lazy\" class=\"alignright wp-image-6523 size-medium\" src=\"https:\/\/kinoroma.zabrze.pl\/mapa\/wp-content\/uploads\/short-supply-fot-udostepnione-przez-rezysera-1-300x124.jpg\" alt=\"\" width=\"300\" height=\"124\" srcset=\"https:\/\/kinoroma.zabrze.pl\/mapa\/wp-content\/uploads\/short-supply-fot-udostepnione-przez-rezysera-1-300x124.jpg 300w, https:\/\/kinoroma.zabrze.pl\/mapa\/wp-content\/uploads\/short-supply-fot-udostepnione-przez-rezysera-1-1024x424.jpg 1024w, https:\/\/kinoroma.zabrze.pl\/mapa\/wp-content\/uploads\/short-supply-fot-udostepnione-przez-rezysera-1-768x318.jpg 768w, https:\/\/kinoroma.zabrze.pl\/mapa\/wp-content\/uploads\/short-supply-fot-udostepnione-przez-rezysera-1-1536x637.jpg 1536w, https:\/\/kinoroma.zabrze.pl\/mapa\/wp-content\/uploads\/short-supply-fot-udostepnione-przez-rezysera-1.jpg 1913w\" sizes=\"(max-width: 300px) 100vw, 300px\" \/><\/a>Molony uwa\u017ca \u201eShort supply\u201d za sw\u00f3j \u201emanifest artystyczny\u201d, w kt\u00f3rym dzieli si\u0119 z widzem nurtuj\u0105cymi go zagadnieniami. W kadrach wida\u0107 bardzo wyra\u017an\u0105 inspiracj\u0119 kinem Davida Lyncha. We wcze\u015bniejszych filmach &#8211; \u201eSylvester\u201d i \u201eThere\u2019s No Business\u201d \u2013 Molony wkracza\u0142 ju\u017c w poetyk\u0119 re\u017cysera \u201eTwin Peaks\u201d. Jak sam deklarowa\u0142 w wywiadach, w \u201eShort supply\u201d najmocniej wida\u0107 owo \u201clynchowskie mu\u015bni\u0119cie\u201d.<\/p>\n<p>Szkocki re\u017cyser Kevin Molony uko\u0144czy\u0142 szko\u0142\u0119 filmow\u0105 w Londynie w roku 1982. Warsztat zdoby\u0142 kr\u0119c\u0105c reklamy telewizyjne. Na koncie ma wsp\u00f3\u0142prac\u0119 nie tylko z najwa\u017cniejszymi stacjami telewizyjnymi, ale i z presti\u017cowymi, \u015bwiatowymi markami oraz koncernami &#8211; m.in. Toyot\u0105, Nike, Michelinem, Sony Playstation, Heinekenem czy BMW. Za swoje reklamy wielokrotnie otrzymywa\u0142 nagrody w Stanach Zjednoczonych, Wielkiej Brytanii i ca\u0142ej Europie. Wyre\u017cyserowa\u0142 te\u017c teledyski dla takich artyst\u00f3w, jak Chaka Khan, A-HA i Swingout Sister.<\/p>\n<a\n\thref=\"\/mapa\/?ait-item=10-hotel-admiralspalast\"\n\t\tid=\"ait-sc-button-1\"\n\tclass=\"ait-sc-button alignright  buticon-left    simple\"\n\tstyle=\"width:240px;background-color:#001e92; border-color:#001e92;margin-top:20;margin-left:20;margin-right:20;margin-bottom:20;\"\n>\n\t<span class=\"container\">\n\t\t<span class=\"wrap\">\n\n\t\t\t\t\t\t\t\t\t\t\t\t<span class=\"icon\" style=\"text-align:left;\">\n\t\t\t\t\t\t<i class=\"fa fa fa-map-marker\" style=\"color: #ffffff;\"><\/i>\n\t\t\t\t\t<\/span>\n\t\t\t\t\t\t\t\n\t\t\t\t\t\t<span class=\"text\" style=\"text-align:left;\">\n\t\t\t\t\t\t\t\t<span class=\"title\" style=\"color:#ffffff;\">\n\t\t\t\t\tHotel Admiralspalast\t\t\t\t<\/span>\n\t\t\t\t\t\t\t\t\t\t\t<\/span>\n\t\t\t\n\t\t\t\t\t\t\t\t\t\t\t\t<\/span>\n\t<\/span>\n<\/a>\n\n<p><u><strong>Klimat Zabrza w filmie <\/strong><\/u><\/p>\n<p><u><\/u>Szkocki re\u017cyser zafascynowa\u0142 si\u0119 klimatem naszego miasta. Zdj\u0119cia kr\u0119ci\u0142 m.in. w kamienicy przy ul. Dworcowej 3. Ponadto w kadrze widzimy tez s\u0142ynny Hotel Admiralpalast.<\/p>\n<p><u><strong>Nagrody i wyr\u00f3\u017cnienia<\/strong><\/u><\/p>\n<p>Nagroda na festiwalu filmowym w Pary\u017cu, nagroda dla najlepszego re\u017cysera na festiwalu filmowym w Portsmouth.<\/p>\n\n\t\t\t<div>\n\t\t\t<style type='text\/css'>\n\t\t\t\t#gallery-1 {\n\t\t\t\t\tmargin: auto;\n\t\t\t\t}\n\t\t\t\t#gallery-1 .gallery-item {\n\t\t\t\t\tfloat: left;\n\t\t\t\t\tmargin-top: 10px;\n\t\t\t\t\ttext-align: center;\n\t\t\t\t\twidth: 16%;\n\t\t\t\t}\n\t\t\t\t#gallery-1 img {\n\t\t\t\t\tborder: 2px solid #cfcfcf;\n\t\t\t\t}\n\t\t\t\t#gallery-1 .gallery-caption {\n\t\t\t\t\tmargin-left: 0;\n\t\t\t\t}\n\t\t\t\t\/* see gallery_shortcode() in wp-includes\/media.php *\/\n\t\t\t<\/style><\/div>\n\t\t<div id='gallery-1' class='gallery galleryid-6150 gallery-columns-6 gallery-size-thumbnail'><div class=\"gallery-inner-wrapper\"><dl class='gallery-item'>\n\t\t\t\t<dt class='gallery-icon landscape'>\n\t\t\t\t\t<a href='https:\/\/kinoroma.zabrze.pl\/mapa\/wp-content\/uploads\/short-supply-fot-udostepnione-przez-rezysera-6.jpg'><img width=\"150\" height=\"150\" src=\"https:\/\/kinoroma.zabrze.pl\/mapa\/wp-content\/uploads\/short-supply-fot-udostepnione-przez-rezysera-6-150x150.jpg\" class=\"attachment-thumbnail size-thumbnail\" alt=\"\" loading=\"lazy\" \/><\/a>\n\t\t\t\t<\/dt><dd><\/dd><\/dl><dl class='gallery-item'>\n\t\t\t\t<dt class='gallery-icon landscape'>\n\t\t\t\t\t<a href='https:\/\/kinoroma.zabrze.pl\/mapa\/wp-content\/uploads\/short-supply-fot-udostepnione-przez-rezysera-5.jpg'><img width=\"150\" height=\"150\" src=\"https:\/\/kinoroma.zabrze.pl\/mapa\/wp-content\/uploads\/short-supply-fot-udostepnione-przez-rezysera-5-150x150.jpg\" class=\"attachment-thumbnail size-thumbnail\" alt=\"\" loading=\"lazy\" \/><\/a>\n\t\t\t\t<\/dt><dd><\/dd><\/dl><dl class='gallery-item'>\n\t\t\t\t<dt class='gallery-icon landscape'>\n\t\t\t\t\t<a href='https:\/\/kinoroma.zabrze.pl\/mapa\/wp-content\/uploads\/short-supply-fot-udostepnione-przez-rezysera-3.jpg'><img width=\"150\" height=\"150\" src=\"https:\/\/kinoroma.zabrze.pl\/mapa\/wp-content\/uploads\/short-supply-fot-udostepnione-przez-rezysera-3-150x150.jpg\" class=\"attachment-thumbnail size-thumbnail\" alt=\"\" loading=\"lazy\" \/><\/a>\n\t\t\t\t<\/dt><dd><\/dd><\/dl><dl class='gallery-item'>\n\t\t\t\t<dt class='gallery-icon landscape'>\n\t\t\t\t\t<a href='https:\/\/kinoroma.zabrze.pl\/mapa\/wp-content\/uploads\/short-supply-fot-udostepnione-przez-rezysera-2.jpg'><img width=\"150\" height=\"150\" src=\"https:\/\/kinoroma.zabrze.pl\/mapa\/wp-content\/uploads\/short-supply-fot-udostepnione-przez-rezysera-2-150x150.jpg\" class=\"attachment-thumbnail size-thumbnail\" alt=\"\" loading=\"lazy\" \/><\/a>\n\t\t\t\t<\/dt><dd><\/dd><\/dl>\n\t\t\t\t<br style='clear: both;' \/>\n\t\t\t<\/div><\/div>\n\n<hr \/>\n<p><span style=\"color: #800000;\"><u><strong>Metryczka filmu<\/strong><\/u><\/span><\/p>\n<p><strong>\u201eShort Supply\u201d<br \/>\n<\/strong><span style=\"color: #800000;\">Wielka Brytania, 2015<br \/>\n<\/span><\/p>\n<p><span style=\"color: #800000;\">Re\u017cyseria i scenariusz: Kevin Molony<\/span><br \/>\n<span style=\"color: #800000;\">Zdj\u0119cia: Georges Geddes, Wit D\u0105bal<\/span><br \/>\n<span style=\"color: #800000;\">Monta\u017c: Richard Cox, Scott McCartney<\/span><br \/>\n<span style=\"color: #800000;\">Producent: Kevin Molony<br \/>\nCzas trwania: 56 min<\/span><br \/>\n<span style=\"color: #800000;\">Obsada: Garry Stewart, Tadeusz Brich, Anna Tylka, Floss Ross, Przemys\u0142aw Adamski i inni.<\/span><\/p>\n<hr \/>\n<p><u><strong>Trailer<\/strong><\/u><\/p>\n<p><a href=\"https:\/\/www.traileraddict.com\/short-supply-2015\/trailer\" target=\"_blank\" rel=\"noopener noreferrer\"><u>https:\/\/www.traileraddict.com\/short-supply-2015\/trailer<\/u><\/a><\/p>\n<div class=\"outer-embed-ta\"><iframe loading=\"lazy\" class=\"embed-ta\" src=\"\/\/v.traileraddict.com\/110077\" width=\"560\" height=\"350\" scrolling=\"no\" allowfullscreen=\"allowfullscreen\"><\/iframe><\/div>\n<p>&nbsp;<\/p>\n","protected":false},"excerpt":{"rendered":"<p>Re\u017c. Kevin Molony \u201eShort supply\u201d to mroczna opowie\u015b\u0107 o kradzie\u017cy to\u017csamo\u015bci zanurzona w \u201elynchowskich\u201d klimatach. Wyre\u017cyserowa\u0142 j\u0105 tw\u00f3rca teledysk\u00f3w dla takich gwiazd muzyki jak Chaka Khan i zesp\u00f3\u0142 A-HA, Kevin Molony. Planem filmowym oczywi\u015bcie by\u0142o Zabrze. Mieszkaj\u0105cy w Glasgow dentysta Philip Black z niepokojem zbli\u017ca si\u0119 do swoich 50 urodzin. Jest zm\u0119czony i sfrustrowany dotychczasowym [&hellip;]<\/p>\n","protected":false},"author":1,"featured_media":0,"parent":6068,"menu_order":0,"comment_status":"closed","ping_status":"closed","template":"","meta":[],"_links":{"self":[{"href":"https:\/\/kinoroma.zabrze.pl\/mapa\/index.php?rest_route=\/wp\/v2\/pages\/6150"}],"collection":[{"href":"https:\/\/kinoroma.zabrze.pl\/mapa\/index.php?rest_route=\/wp\/v2\/pages"}],"about":[{"href":"https:\/\/kinoroma.zabrze.pl\/mapa\/index.php?rest_route=\/wp\/v2\/types\/page"}],"author":[{"embeddable":true,"href":"https:\/\/kinoroma.zabrze.pl\/mapa\/index.php?rest_route=\/wp\/v2\/users\/1"}],"replies":[{"embeddable":true,"href":"https:\/\/kinoroma.zabrze.pl\/mapa\/index.php?rest_route=%2Fwp%2Fv2%2Fcomments&post=6150"}],"version-history":[{"count":16,"href":"https:\/\/kinoroma.zabrze.pl\/mapa\/index.php?rest_route=\/wp\/v2\/pages\/6150\/revisions"}],"predecessor-version":[{"id":7604,"href":"https:\/\/kinoroma.zabrze.pl\/mapa\/index.php?rest_route=\/wp\/v2\/pages\/6150\/revisions\/7604"}],"up":[{"embeddable":true,"href":"https:\/\/kinoroma.zabrze.pl\/mapa\/index.php?rest_route=\/wp\/v2\/pages\/6068"}],"wp:attachment":[{"href":"https:\/\/kinoroma.zabrze.pl\/mapa\/index.php?rest_route=%2Fwp%2Fv2%2Fmedia&parent=6150"}],"curies":[{"name":"wp","href":"https:\/\/api.w.org\/{rel}","templated":true}]}}