{"id":6154,"date":"2020-09-28T08:54:11","date_gmt":"2020-09-28T06:54:11","guid":{"rendered":"http:\/\/new.kinoroma.zabrze.pl\/mapa\/?page_id=6154"},"modified":"2020-10-20T09:44:32","modified_gmt":"2020-10-20T07:44:32","slug":"skazany-na-bluesa","status":"publish","type":"page","link":"https:\/\/kinoroma.zabrze.pl\/mapa\/?page_id=6154","title":{"rendered":"Skazany na bluesa"},"content":{"rendered":"<h5><strong>Re\u017c. Jan Kidawa-B\u0142o\u0144ski<\/strong><\/h5>\n<hr \/>\n<p><strong><a href=\"https:\/\/kinoroma.zabrze.pl\/mapa\/wp-content\/uploads\/plakat-Skazany-na-bluesa-2.jpg\"><img loading=\"lazy\" class=\"alignleft wp-image-6544 size-medium\" src=\"https:\/\/kinoroma.zabrze.pl\/mapa\/wp-content\/uploads\/plakat-Skazany-na-bluesa-2-206x300.jpg\" alt=\"plakat\" width=\"206\" height=\"300\" srcset=\"https:\/\/kinoroma.zabrze.pl\/mapa\/wp-content\/uploads\/plakat-Skazany-na-bluesa-2-206x300.jpg 206w, https:\/\/kinoroma.zabrze.pl\/mapa\/wp-content\/uploads\/plakat-Skazany-na-bluesa-2.jpg 266w\" sizes=\"(max-width: 206px) 100vw, 206px\" \/><\/a>Ryszard Riedel by\u0142 jedn\u0105 z najbardziej charyzmatycznych, a jednocze\u015bnie tragicznych postaci w historii polskiej muzyki. Wsp\u00f3\u0142tw\u00f3rca legendarnego zespo\u0142u D\u017cem, przegra\u0142 z na\u0142ogiem narkotykowym i zmar\u0142 maj\u0105c zaledwie 37 lat. Jan Kidawa-B\u0142o\u0144ski zmierzy\u0142 si\u0119 w \u201eSkazanym na bluesa\u201d z jego legend\u0105, podejmuj\u0105c wielkie ryzyko, bo zawsze filmy o muzycznych idolach poddawane s\u0105 ostrej i bezlitosnej ocenie przez fan\u00f3w. Wyszed\u0142 z tego obronn\u0105 r\u0119k\u0105, tworz\u0105c bardzo ciep\u0142y i osobisty portret cz\u0142owieka, kt\u00f3ry kocha\u0142 muzyk\u0119 i marzenia, ale nie potrafi\u0142 by\u0107 gwiazd\u0105.<\/strong><\/p>\n<p>Wielkim atutem filmu jest rola Tomasz Kota. Aktor stworzy\u0142 niezwyk\u0142\u0105 kreacj\u0119 na ekranie \u201estaj\u0105c si\u0119\u201d wr\u0119cz Ry\u015bkiem Riedlem. Dostrzegli to jurorzy r\u00f3\u017cnych festiwali, honoruj\u0105c go wieloma nagrodami.<\/p>\n<p>Film Kidawy-B\u0142o\u0144skiego ma te\u017c wymiar osobisty, bo z Ryszardem Riedlem \u0142\u0105czy\u0142y go silne wi\u0119zy. Byli krewnymi i razem wychowywali si\u0119 w Chorzowie. Dlatego re\u017cyser zamiast opowiada\u0107 szczeg\u00f3\u0142owo biografi\u0119 wokalisty D\u017cemu, postanowi\u0142 pokaza\u0107 swoj\u0105 wersj\u0119 tragicznej historii Riedla. Skoncentrowa\u0142 si\u0119 na trzech, najwa\u017cniejszych jego zdaniem epizodach w \u017cyciu muzyka.<\/p>\n<p>Na ekranie poznajemy najpierw dzieci\u0144stwo przysz\u0142ej gwiazdy bluesa w latach 70. i pocz\u0105tki konfliktu piosenkarza z ojcem, kt\u00f3ry nie wyga\u015bnie do ko\u0144ca jego \u017cycia. Potem przychodzi czas na \u201enarodziny gwiazdy\u201d ,czyli wielki sukces ci\u0105gn\u0105cy za sob\u0105 narodziny legendy Ry\u015bka i D\u017cemu. Ostatnia cz\u0119\u015b\u0107 filmu koncentruje si\u0119 na pierwszej po\u0142owie lat 90., kiedy to pogr\u0105\u017cony w ci\u0119\u017ckim na\u0142ogu narkotykowym wokalista, nie potrafi\u0142 ju\u017c normalnie funkcjonowa\u0107.<\/p>\n<p><a href=\"https:\/\/kinoroma.zabrze.pl\/mapa\/wp-content\/uploads\/Skazany-na-bluesa-5.jpg\"><img loading=\"lazy\" class=\"alignright wp-image-6547 size-medium\" src=\"https:\/\/kinoroma.zabrze.pl\/mapa\/wp-content\/uploads\/Skazany-na-bluesa-5-300x198.jpg\" alt=\"\" width=\"300\" height=\"198\" srcset=\"https:\/\/kinoroma.zabrze.pl\/mapa\/wp-content\/uploads\/Skazany-na-bluesa-5-300x198.jpg 300w, https:\/\/kinoroma.zabrze.pl\/mapa\/wp-content\/uploads\/Skazany-na-bluesa-5-768x506.jpg 768w, https:\/\/kinoroma.zabrze.pl\/mapa\/wp-content\/uploads\/Skazany-na-bluesa-5.jpg 1010w\" sizes=\"(max-width: 300px) 100vw, 300px\" \/><\/a>W tekstach o Riedlu padaj\u0105 wci\u0105\u017c du\u017ce s\u0142owa &#8211; \u201echaryzmatyczny&#8221;, \u201elegendarny&#8221;, \u201ekultowy\u201d. Tymczasem film Kidawy-B\u0142o\u0144skiego pokazuje na wskro\u015b wolnego idealist\u0119 kochaj\u0105cego muzyk\u0119, kt\u00f3ry nie by\u0142 przygotowany na s\u0142aw\u0119, jaka go spotka\u0142a. Prosty ch\u0142opaka z Chorzowa, kt\u00f3ry sko\u0144czy\u0142 zaledwie 7 klas podstaw\u00f3wki, z dnia na dzie\u0144 sta\u0142 si\u0119 wtedy idolem setek tysi\u0119cy wiernych fan\u00f3w. Odpowiedzia\u0142 ucieczk\u0105 w narkotyki, kt\u00f3re przynios\u0142y mu \u015bmier\u0107.<\/p>\n<p><em>\u201eSkazany na bluesa&#8221; jest opowie\u015bci\u0105 o fenomenie Ry\u015bka Riedla i zarazem histori\u0105 cz\u0142owieka, kt\u00f3ry mia\u0142 szans\u0119 na niebanaln\u0105 karier\u0119, ale j\u0105 zaprzepa\u015bci\u0142, bo si\u0119gn\u0105\u0142 po narkotyki. <\/em>\u2013 m\u00f3wi\u0142 w wywiadzie dla miesi\u0119cznika \u201eKino&#8221; re\u017cyser.<\/p>\n<p><strong>Nie by\u0142oby jednak legendy Ry\u015bka bez legendy D\u017cemu i ich muzyki.<\/strong> W tej warstwie film nie zawodzi. S\u0142yszymy wszystkie najwa\u017cniejsze utwory mistrz\u00f3w polskiego bluesa, w tym \u201eCzerwony jak ceg\u0142a&#8221;, \u201eWhisky&#8221;, \u201eList do M.&#8221;, \u201eSen o Victorii&#8221; i \u201eAutsajdera&#8221;.<\/p>\n<p><strong>\u201eSkazany na bluesa\u201d jak wspomnieli\u015bmy, jest \u201ekoncertem na jednego aktora\u201d.<\/strong> A\u017c trudno w to uwierzy\u0107, \u017ce tym filmem <strong>Tomasz Kot<\/strong> zadebiutowa\u0142 na kinowym ekranie w g\u0142\u00f3wnej roli. Aktor przygotowywa\u0142 si\u0119 do wyst\u0119pu przez d\u0142ugie miesi\u0105ce. Rozmawia\u0142 z narkomanami, ubiera\u0142 si\u0119 na co dzie\u0144 jak Riedel, a na podstawie zapis\u00f3w video z koncert\u00f3w \u0107wiczy\u0142 charakterystyczn\u0105 mow\u0119 cia\u0142a wokalisty D\u017cemu. Efekt przer\u00f3s\u0142 oczekiwania, bo rzeczywi\u015bcie Kot \u201csta\u0142 si\u0119\u201d Ry\u015bkiem na te 97 minut.<\/p>\n<p>Rola przynios\u0142a mu nominacj\u0119 do Polskich Or\u0142\u00f3w, nagrod\u0119 za debiut aktorski na Festiwalu w Gdyni i Nagrod\u0119 Publiczno\u015bci w ramach Nagrody im. Zbigniewa Cybulskiego. To do\u015bwiadczenie zaowocowa\u0142o te\u017c po dekadzie wielkim sukcesem aktorskim Kota w innym \u201e\u015bl\u0105skim\u201d filmie z Zabrzem w tle. W \u201eBogach\u201d z 2014 roku, aktor ponownie \u201esta\u0142 si\u0119\u201d swoj\u0105 postaci\u0105, tym razem wcielaj\u0105c si\u0119 w profesora Zbigniewa Relig\u0119. Za t\u0119 rol\u0119 zosta\u0142 m.in. nominowany do Europejskiej Nagrody Filmowej.<\/p>\n<p>Warto wspomnie\u0107 o innych kreacjach aktorskich stanowi\u0105cych mocne akcenty w filmie. \u201eGol\u0119\u201d, \u017con\u0119 Riedla zagra\u0142a <strong>Jolanta Fraszy\u0144ska<\/strong>, a <strong>Anna Dymna<\/strong> da\u0142a popis mo\u017cliwo\u015bci aktorskich w epizodycznej roli jej matki. Role <strong>muzyk\u00f3w D\u017cemu zagrali\u2026 prawdziwi cz\u0142onkowie tego legendarnego zespo\u0142u<\/strong>, a w najbli\u017cszego przyjaciela Riedla &#8211; \u201eIndianera\u201d &#8211; wcieli\u0142 si\u0119 \u00f3wczesny wokalista grupy <strong>Maciej Balcar<\/strong>.<\/p>\n<p>Ryszard Riedel, nazwany przez presti\u017cowy ameryka\u0144ski magazyn Rolling Stone \u201eostatnim hippisem naszych czas\u00f3w\u201d, zmar\u0142 30 lipca 1994 w Chorzowie. \u201e<em>Kiedy\u015b chcia\u0142em umrze\u0107 m\u0142odo, tak jak Jim Morrison, ale z czasem zacz\u0105\u0142em patrze\u0107 na to inaczej&#8221; <\/em>&#8211; te s\u0142owa Riedla sta\u0142y si\u0119 mottem filmowej opowie\u015bci o nim.<\/p>\n<a\n\thref=\"\/mapa\/?ait-item=9-dom-muzyki-i-tanca\"\n\t\tid=\"ait-sc-button-1\"\n\tclass=\"ait-sc-button alignleft  buticon-left    simple\"\n\tstyle=\"width:260px;background-color:#001e92; border-color:#001e92;margin-top:20;margin-left:20;margin-right:20;margin-bottom:20;\"\n>\n\t<span class=\"container\">\n\t\t<span class=\"wrap\">\n\n\t\t\t\t\t\t\t\t\t\t\t\t<span class=\"icon\" style=\"text-align:left;\">\n\t\t\t\t\t\t<i class=\"fa fa fa-map-marker\" style=\"color: #ffffff;\"><\/i>\n\t\t\t\t\t<\/span>\n\t\t\t\t\t\t\t\n\t\t\t\t\t\t<span class=\"text\" style=\"text-align:left;\">\n\t\t\t\t\t\t\t\t<span class=\"title\" style=\"color:#ffffff;\">\n\t\t\t\t\tDom Muzyki i Ta\u0144ca\t\t\t\t<\/span>\n\t\t\t\t\t\t\t\t\t\t\t<\/span>\n\t\t\t\n\t\t\t\t\t\t\t\t\t\t\t\t<\/span>\n\t<\/span>\n<\/a>\n\n<p><u><strong>Nagrody i wyr\u00f3znienia<br \/>\n<\/strong><\/u><\/p>\n<p>30. FPFF w Gdyni: najlepsze kostiumy (Ewa Krauze)<br \/>\nNagroda prezydenta miasta Gdyni za najlepszy debiut filmowy dla Tomasza Kota<br \/>\nZ\u0142oty Klakier; 8 nominacji do Polskich Nagr\u00f3d Filmowych Or\u0142y 2006 (1 nagroda \u2013 najlepsze kostiumy)<br \/>\nNagroda im. Zbyszka Cybulskiego &#8211; Nagroda Publiczno\u015bci dla Tomasza Kota<br \/>\nKoszali\u0144ski Festiwal Debiut\u00f3w Filmowych &#8222;M\u0142odzi i Film&#8221; 2008 &#8211; Super Jantar za najlepszy debiut aktorski ostatniego dziesi\u0119ciolecia dla Tomasza Kota<\/p>\n<hr \/>\n<p><span style=\"color: #800000;\"><u><strong>Metryczka filmu<\/strong><\/u><\/span><\/p>\n<p><span style=\"color: #800000;\">\u201eSkazany na bluesa\u201d<\/span><br \/>\n<span style=\"color: #800000;\">Polska, 2005<\/span><\/p>\n<p><span style=\"color: #800000;\">Re\u017cyseria: Jan Kidawa-B\u0142o\u0144ski<\/span><br \/>\n<span style=\"color: #800000;\">Scenariusz: Przemys\u0142aw Angerman, Jan Kidawa-B\u0142o\u0144ski<\/span><br \/>\n<span style=\"color: #800000;\">Muzyka: D\u017cem<\/span><br \/>\n<span style=\"color: #800000;\">Zdj\u0119cia : Grzegorz Kuczeriszka<\/span><br \/>\n<span style=\"color: #800000;\">Scenografia: Joanna Bia\u0142ousz<\/span><br \/>\n<span style=\"color: #800000;\">Kostiumy: Ewa Krauze<\/span><br \/>\n<span style=\"color: #800000;\">Monta\u017c: Cezary Grzesiuk<\/span><br \/>\n<span style=\"color: #800000;\">Produkcja: Gambit Production, Telewizja Polska \u2013 Agencja Filmowa, Canal+ Polska, Max-Film,D\u017cem sp.c., Agencja Koncertowa Leszek Martinek, Sephia<\/span><br \/>\n<span style=\"color: #800000;\">Czas trwania: 97 min<\/span><br \/>\n<span style=\"color: #800000;\">Obsada: Tomasz Kot, Jolanta Fraszy\u0144ska, Maciej Balcar, Przemys\u0142aw Bluszcz, Joanna Bartel,Adam Baumann, Anna Dymna, Zbigniew Zamachowski. <\/span><br \/>\n<span style=\"color: #800000;\">Muzycy D\u017cemu: Pawe\u0142 Berger, Beno Otr\u0119ba, Adam Otr\u0119ba, Jerzy Styczy\u0144ski, Zbigniew Szczerbi\u0144ski.<\/span><\/p>\n<hr \/>\n<p><u><strong>Trailery<\/strong><\/u><\/p>\n<p><a href=\"https:\/\/www.filmweb.pl\/video\/Zwiastun\/Skazany+na+bluesa+Zwiastun+nr+1-15083\"><u>https:\/\/www.filmweb.pl\/video\/Zwiastun\/Skazany+na+bluesa+Zwiastun+nr+1-15083<\/u><\/a><\/p>\n<p><a href=\"https:\/\/www.filmweb.pl\/video\/Zwiastun\/Skazany+na+bluesa+Zwiastun+nr+2-15084\"><u>https:\/\/www.filmweb.pl\/video\/Zwiastun\/Skazany+na+bluesa+Zwiastun+nr+2-15084<\/u><\/a><\/p>\n<p>&nbsp;<\/p>\n","protected":false},"excerpt":{"rendered":"<p>Re\u017c. Jan Kidawa-B\u0142o\u0144ski Ryszard Riedel by\u0142 jedn\u0105 z najbardziej charyzmatycznych, a jednocze\u015bnie tragicznych postaci w historii polskiej muzyki. Wsp\u00f3\u0142tw\u00f3rca legendarnego zespo\u0142u D\u017cem, przegra\u0142 z na\u0142ogiem narkotykowym i zmar\u0142 maj\u0105c zaledwie 37 lat. Jan Kidawa-B\u0142o\u0144ski zmierzy\u0142 si\u0119 w \u201eSkazanym na bluesa\u201d z jego legend\u0105, podejmuj\u0105c wielkie ryzyko, bo zawsze filmy o muzycznych idolach poddawane s\u0105 ostrej [&hellip;]<\/p>\n","protected":false},"author":1,"featured_media":0,"parent":6068,"menu_order":0,"comment_status":"closed","ping_status":"closed","template":"","meta":[],"_links":{"self":[{"href":"https:\/\/kinoroma.zabrze.pl\/mapa\/index.php?rest_route=\/wp\/v2\/pages\/6154"}],"collection":[{"href":"https:\/\/kinoroma.zabrze.pl\/mapa\/index.php?rest_route=\/wp\/v2\/pages"}],"about":[{"href":"https:\/\/kinoroma.zabrze.pl\/mapa\/index.php?rest_route=\/wp\/v2\/types\/page"}],"author":[{"embeddable":true,"href":"https:\/\/kinoroma.zabrze.pl\/mapa\/index.php?rest_route=\/wp\/v2\/users\/1"}],"replies":[{"embeddable":true,"href":"https:\/\/kinoroma.zabrze.pl\/mapa\/index.php?rest_route=%2Fwp%2Fv2%2Fcomments&post=6154"}],"version-history":[{"count":10,"href":"https:\/\/kinoroma.zabrze.pl\/mapa\/index.php?rest_route=\/wp\/v2\/pages\/6154\/revisions"}],"predecessor-version":[{"id":7602,"href":"https:\/\/kinoroma.zabrze.pl\/mapa\/index.php?rest_route=\/wp\/v2\/pages\/6154\/revisions\/7602"}],"up":[{"embeddable":true,"href":"https:\/\/kinoroma.zabrze.pl\/mapa\/index.php?rest_route=\/wp\/v2\/pages\/6068"}],"wp:attachment":[{"href":"https:\/\/kinoroma.zabrze.pl\/mapa\/index.php?rest_route=%2Fwp%2Fv2%2Fmedia&parent=6154"}],"curies":[{"name":"wp","href":"https:\/\/api.w.org\/{rel}","templated":true}]}}