{"id":6160,"date":"2020-09-28T08:59:44","date_gmt":"2020-09-28T06:59:44","guid":{"rendered":"http:\/\/new.kinoroma.zabrze.pl\/mapa\/?page_id=6160"},"modified":"2020-10-20T09:52:22","modified_gmt":"2020-10-20T07:52:22","slug":"szczescie-swiata","status":"publish","type":"page","link":"https:\/\/kinoroma.zabrze.pl\/mapa\/?page_id=6160","title":{"rendered":"Szcz\u0119\u015bcie \u015bwiata"},"content":{"rendered":"<h5><strong>Re\u017c. Micha\u0142 Rosa<\/strong><\/h5>\n<hr \/>\n<p><strong><a href=\"https:\/\/kinoroma.zabrze.pl\/mapa\/wp-content\/uploads\/szczescie-swiata-fotosy-kinoswiat-dystrybutor-1.jpg\"><img loading=\"lazy\" class=\"alignleft wp-image-6561 size-medium\" src=\"https:\/\/kinoroma.zabrze.pl\/mapa\/wp-content\/uploads\/szczescie-swiata-fotosy-kinoswiat-dystrybutor-1-200x300.jpg\" alt=\"\" width=\"200\" height=\"300\" srcset=\"https:\/\/kinoroma.zabrze.pl\/mapa\/wp-content\/uploads\/szczescie-swiata-fotosy-kinoswiat-dystrybutor-1-200x300.jpg 200w, https:\/\/kinoroma.zabrze.pl\/mapa\/wp-content\/uploads\/szczescie-swiata-fotosy-kinoswiat-dystrybutor-1-683x1024.jpg 683w, https:\/\/kinoroma.zabrze.pl\/mapa\/wp-content\/uploads\/szczescie-swiata-fotosy-kinoswiat-dystrybutor-1-768x1152.jpg 768w, https:\/\/kinoroma.zabrze.pl\/mapa\/wp-content\/uploads\/szczescie-swiata-fotosy-kinoswiat-dystrybutor-1-1024x1536.jpg 1024w, https:\/\/kinoroma.zabrze.pl\/mapa\/wp-content\/uploads\/szczescie-swiata-fotosy-kinoswiat-dystrybutor-1-1365x2048.jpg 1365w, https:\/\/kinoroma.zabrze.pl\/mapa\/wp-content\/uploads\/szczescie-swiata-fotosy-kinoswiat-dystrybutor-1.jpg 1400w\" sizes=\"(max-width: 200px) 100vw, 200px\" \/><\/a>Magiczna historia o magicznym domu i magicznych ludziach. A do tego dziej\u0105ca si\u0119 na G\u00f3rnym \u015al\u0105sku. Tak pokr\u00f3tce mo\u017cna stre\u015bci\u0107 \u201eSzcz\u0119\u015bcie \u015bwiata\u201d Micha\u0142a Rosy, ale jak ka\u017cde streszczenie &#8211; b\u0119dzie ono niewystarczaj\u0105ce.<\/strong><\/p>\n<p>W tym nagrodzonym na festiwalu w Gdyni filmie, czu\u0107 wyra\u017anie klimat znany ze \u015bwiatowych hit\u00f3w &#8211; \u201eAmelia&#8221; i \u201eGrand Budapest Hotel&#8221;. Rosa &#8211; rodowity zabrzanin i tw\u00f3rca wielokrotnie nagradzanych obraz\u00f3w \u201eCo s\u0142onko widzia\u0142o\u201d, \u201eCisza\u201d i \u201eRysa\u201d, zabiera nas do pewnej niezwyk\u0142ej, \u015bl\u0105skiej kamienicy.<\/p>\n<p>Jej mieszka\u0144cy tworz\u0105 fascynuj\u0105c\u0105 galeri\u0119 ekscentryk\u00f3w. Mimo, \u017ce s\u0105 kra\u0144cowo r\u00f3\u017cni, ich losy zbiegaj\u0105 si\u0119 w mieszkaniu eterycznej pi\u0119kno\u015bci \u2013 R\u00f3\u017cy (w tej roli <strong>Karolina Gruszka<\/strong>). Jej magnetyczne przyci\u0105ganie dotyka wszystkich, niezale\u017cnie od tego czy j\u0105 kochaj\u0105, czy nienawidz\u0105.<\/p>\n<p>Rosa przenosi widza do przedwojennej Polski. Jest lato 1939 roku, a warszawski dziennikarz Soba\u0144ski (w tej roli Tomasz Borkowski), wyrusza na \u015al\u0105sk z nietypow\u0105 misj\u0105. Ma odnale\u017a\u0107 tajemniczego autora bestsellerowych przewodnik\u00f3w turystycznych, bij\u0105cych rekordy sprzeda\u017cy. Los doprowadza go do magicznej kamienicy.<\/p>\n<p><strong>Karolina Gruszka<\/strong> stworzy\u0142a mistrzowsk\u0105 kreacj\u0119, a R\u00f3\u017ca w jej wykonaniu staje si\u0119 faktycznie centrum tego \u201ema\u0142ego wszech\u015bwiata\u201d. W kamienicy wszystko kr\u0119ci si\u0119 wok\u00f3\u0142 R\u00f3\u017cy. M\u0119\u017cczy\u017ani kochaj\u0105 si\u0119 w niej na zab\u00f3j, kobiety za\u015b darz\u0105 j\u0105 niech\u0119ci\u0105, a momentami wr\u0119cz nienawi\u015bci\u0105.<\/p>\n<p>W mikro\u015bwiecie magicznej kamienicy spotykamy te\u017c ekscentrycznego pasjonata botaniki Tomasza (<strong>Krzysztof Stroi\u0144ski<\/strong>), tajemniczego Jana (<strong>Przemys\u0142aw Bluszcz<\/strong>), czy prze\u017cywaj\u0105cego mistyczne wizje nastolatka Haralda, pr\u00f3buj\u0105cego wyrwa\u0107 si\u0119 spod wp\u0142yw\u00f3w zaborczej matki (<strong>Agata Kulesza<\/strong>).<\/p>\n<a\n\thref=\"\/mapa\/?ait-item=10-hotel-admiralspalast\"\n\t\tid=\"ait-sc-button-1\"\n\tclass=\"ait-sc-button alignright  buticon-left    simple\"\n\tstyle=\"width:260px;background-color:#001e92; border-color:#001e92;margin-top:20;margin-left:20;margin-right:20;margin-bottom:20;\"\n>\n\t<span class=\"container\">\n\t\t<span class=\"wrap\">\n\n\t\t\t\t\t\t\t\t\t\t\t\t<span class=\"icon\" style=\"text-align:left;\">\n\t\t\t\t\t\t<i class=\"fa fa fa-map-marker\" style=\"color: #ffffff;\"><\/i>\n\t\t\t\t\t<\/span>\n\t\t\t\t\t\t\t\n\t\t\t\t\t\t<span class=\"text\" style=\"text-align:left;\">\n\t\t\t\t\t\t\t\t<span class=\"title\" style=\"color:#ffffff;\">\n\t\t\t\t\tHotel Admiralspalast\t\t\t\t<\/span>\n\t\t\t\t\t\t\t\t\t\t\t<\/span>\n\t\t\t\n\t\t\t\t\t\t\t\t\t\t\t\t<\/span>\n\t<\/span>\n<\/a>\n\n<a\n\thref=\"\/mapa\/?ait-item=12-elektrocieplownia\"\n\t\tid=\"ait-sc-button-2\"\n\tclass=\"ait-sc-button alignright  buticon-left    simple\"\n\tstyle=\"width:260px;background-color:#001e92; border-color:#001e92;margin-top:20;margin-left:20;margin-right:20;margin-bottom:20;\"\n>\n\t<span class=\"container\">\n\t\t<span class=\"wrap\">\n\n\t\t\t\t\t\t\t\t\t\t\t\t<span class=\"icon\" style=\"text-align:left;\">\n\t\t\t\t\t\t<i class=\"fa fa fa-map-marker\" style=\"color: #ffffff;\"><\/i>\n\t\t\t\t\t<\/span>\n\t\t\t\t\t\t\t\n\t\t\t\t\t\t<span class=\"text\" style=\"text-align:left;\">\n\t\t\t\t\t\t\t\t<span class=\"title\" style=\"color:#ffffff;\">\n\t\t\t\t\tElekrociep\u0142ownia\t\t\t\t<\/span>\n\t\t\t\t\t\t\t\t\t\t\t<\/span>\n\t\t\t\n\t\t\t\t\t\t\t\t\t\t\t\t<\/span>\n\t<\/span>\n<\/a>\n\n<a\n\thref=\"\/mapa\/?ait-item=14-centrum-ul-j-chelmonskiego\"\n\t\tid=\"ait-sc-button-3\"\n\tclass=\"ait-sc-button alignright  buticon-left    simple\"\n\tstyle=\"width:260px;background-color:#001e92; border-color:#001e92;margin-top:20;margin-left:20;margin-right:20;margin-bottom:20;\"\n>\n\t<span class=\"container\">\n\t\t<span class=\"wrap\">\n\n\t\t\t\t\t\t\t\t\t\t\t\t<span class=\"icon\" style=\"text-align:left;\">\n\t\t\t\t\t\t<i class=\"fa fa fa-map-marker\" style=\"color: #ffffff;\"><\/i>\n\t\t\t\t\t<\/span>\n\t\t\t\t\t\t\t\n\t\t\t\t\t\t<span class=\"text\" style=\"text-align:left;\">\n\t\t\t\t\t\t\t\t<span class=\"title\" style=\"color:#ffffff;\">\n\t\t\t\t\tul. J. Che\u0142mo\u0144skiego\t\t\t\t<\/span>\n\t\t\t\t\t\t\t\t\t\t\t<\/span>\n\t\t\t\n\t\t\t\t\t\t\t\t\t\t\t\t<\/span>\n\t<\/span>\n<\/a>\n\n<p>Jak podkre\u015blali recenzenci jedn\u0105 z najciekawszych r\u00f3l stworzy\u0142 w \u201eSzcz\u0119\u015bciu \u015bwiata\u201d \u015bl\u0105ski aktor teatralny i filmowy, <strong>Dariusz Chojnacki<\/strong>. Jego windziarz Rufin, to prosty cz\u0142owiek, rdzenny \u015al\u0105zak m\u00f3wi\u0105cy \u015bl\u0105sk\u0105 gwar\u0105. W kamienicy ma\u0142o kto wie, \u017ce w umy\u015ble otwieraj\u0105cego im codziennie drzwi do windy Rufina kryje si\u0119 matematyczny geniusz! Chojnacki daje popis umiej\u0119tno\u015bci aktorskich buduj\u0105c posta\u0107 cz\u0142owieka \u015bwiadomego swych wielkich mo\u017cliwo\u015bci, ale wt\u0142oczonego przez los w szar\u0105 rzeczywisto\u015b\u0107.<\/p>\n<p>Wielk\u0105 i wa\u017cn\u0105 rol\u0119 \u201egra\u201d w \u201eSzcz\u0119\u015bciu \u015bwiata\u201d \u015al\u0105sk. Swoj\u0105 ukochan\u0105 ziemi\u0119 rodzinn\u0105, Rosa pokazuje jako wielonarodowe i tolerancyjne miejsce, w kt\u00f3rym przez setki lat \u017cyli wsp\u00f3lnie \u015al\u0105zacy, Polacy, \u017bydzi i Niemcy. Kres tej mitycznej krainie przyniesie wybuch II wojny \u015bwiatowej.<\/p>\n\n\t\t\t<div>\n\t\t\t<style type='text\/css'>\n\t\t\t\t#gallery-1 {\n\t\t\t\t\tmargin: auto;\n\t\t\t\t}\n\t\t\t\t#gallery-1 .gallery-item {\n\t\t\t\t\tfloat: left;\n\t\t\t\t\tmargin-top: 10px;\n\t\t\t\t\ttext-align: center;\n\t\t\t\t\twidth: 16%;\n\t\t\t\t}\n\t\t\t\t#gallery-1 img {\n\t\t\t\t\tborder: 2px solid #cfcfcf;\n\t\t\t\t}\n\t\t\t\t#gallery-1 .gallery-caption {\n\t\t\t\t\tmargin-left: 0;\n\t\t\t\t}\n\t\t\t\t\/* see gallery_shortcode() in wp-includes\/media.php *\/\n\t\t\t<\/style><\/div>\n\t\t<div id='gallery-1' class='gallery galleryid-6160 gallery-columns-6 gallery-size-thumbnail'><div class=\"gallery-inner-wrapper\"><dl class='gallery-item'>\n\t\t\t\t<dt class='gallery-icon landscape'>\n\t\t\t\t\t<a href='https:\/\/kinoroma.zabrze.pl\/mapa\/wp-content\/uploads\/szczescie-swiata-fotosy-kinoswiat-dystrybutor-24.jpg'><img width=\"150\" height=\"150\" src=\"https:\/\/kinoroma.zabrze.pl\/mapa\/wp-content\/uploads\/szczescie-swiata-fotosy-kinoswiat-dystrybutor-24-150x150.jpg\" class=\"attachment-thumbnail size-thumbnail\" alt=\"\" loading=\"lazy\" \/><\/a>\n\t\t\t\t<\/dt><dd><\/dd><\/dl><dl class='gallery-item'>\n\t\t\t\t<dt class='gallery-icon landscape'>\n\t\t\t\t\t<a href='https:\/\/kinoroma.zabrze.pl\/mapa\/wp-content\/uploads\/szczescie-swiata-fotosy-kinoswiat-dystrybutor-23.jpg'><img width=\"150\" height=\"150\" src=\"https:\/\/kinoroma.zabrze.pl\/mapa\/wp-content\/uploads\/szczescie-swiata-fotosy-kinoswiat-dystrybutor-23-150x150.jpg\" class=\"attachment-thumbnail size-thumbnail\" alt=\"\" loading=\"lazy\" \/><\/a>\n\t\t\t\t<\/dt><dd><\/dd><\/dl><dl class='gallery-item'>\n\t\t\t\t<dt class='gallery-icon landscape'>\n\t\t\t\t\t<a href='https:\/\/kinoroma.zabrze.pl\/mapa\/wp-content\/uploads\/szczescie-swiata-fotosy-kinoswiat-dystrybutor-22.jpg'><img width=\"150\" height=\"150\" src=\"https:\/\/kinoroma.zabrze.pl\/mapa\/wp-content\/uploads\/szczescie-swiata-fotosy-kinoswiat-dystrybutor-22-150x150.jpg\" class=\"attachment-thumbnail size-thumbnail\" alt=\"\" loading=\"lazy\" \/><\/a>\n\t\t\t\t<\/dt><dd><\/dd><\/dl><dl class='gallery-item'>\n\t\t\t\t<dt class='gallery-icon landscape'>\n\t\t\t\t\t<a href='https:\/\/kinoroma.zabrze.pl\/mapa\/wp-content\/uploads\/szczescie-swiata-fotosy-kinoswiat-dystrybutor-21.jpg'><img width=\"150\" height=\"150\" src=\"https:\/\/kinoroma.zabrze.pl\/mapa\/wp-content\/uploads\/szczescie-swiata-fotosy-kinoswiat-dystrybutor-21-150x150.jpg\" class=\"attachment-thumbnail size-thumbnail\" alt=\"\" loading=\"lazy\" \/><\/a>\n\t\t\t\t<\/dt><dd><\/dd><\/dl><dl class='gallery-item'>\n\t\t\t\t<dt class='gallery-icon landscape'>\n\t\t\t\t\t<a href='https:\/\/kinoroma.zabrze.pl\/mapa\/wp-content\/uploads\/szczescie-swiata-fotosy-kinoswiat-dystrybutor-20.jpg'><img width=\"150\" height=\"150\" src=\"https:\/\/kinoroma.zabrze.pl\/mapa\/wp-content\/uploads\/szczescie-swiata-fotosy-kinoswiat-dystrybutor-20-150x150.jpg\" class=\"attachment-thumbnail size-thumbnail\" alt=\"\" loading=\"lazy\" \/><\/a>\n\t\t\t\t<\/dt><dd><\/dd><\/dl><dl class='gallery-item'>\n\t\t\t\t<dt class='gallery-icon landscape'>\n\t\t\t\t\t<a href='https:\/\/kinoroma.zabrze.pl\/mapa\/wp-content\/uploads\/szczescie-swiata-fotosy-kinoswiat-dystrybutor-19.jpg'><img width=\"150\" height=\"150\" src=\"https:\/\/kinoroma.zabrze.pl\/mapa\/wp-content\/uploads\/szczescie-swiata-fotosy-kinoswiat-dystrybutor-19-150x150.jpg\" class=\"attachment-thumbnail size-thumbnail\" alt=\"\" loading=\"lazy\" \/><\/a>\n\t\t\t\t<\/dt><dd><\/dd><\/dl><br style=\"clear: both\" \/><dl class='gallery-item'>\n\t\t\t\t<dt class='gallery-icon landscape'>\n\t\t\t\t\t<a href='https:\/\/kinoroma.zabrze.pl\/mapa\/wp-content\/uploads\/szczescie-swiata-fotosy-kinoswiat-dystrybutor-18.jpg'><img width=\"150\" height=\"150\" src=\"https:\/\/kinoroma.zabrze.pl\/mapa\/wp-content\/uploads\/szczescie-swiata-fotosy-kinoswiat-dystrybutor-18-150x150.jpg\" class=\"attachment-thumbnail size-thumbnail\" alt=\"\" loading=\"lazy\" \/><\/a>\n\t\t\t\t<\/dt><dd><\/dd><\/dl><dl class='gallery-item'>\n\t\t\t\t<dt class='gallery-icon landscape'>\n\t\t\t\t\t<a href='https:\/\/kinoroma.zabrze.pl\/mapa\/wp-content\/uploads\/szczescie-swiata-fotosy-kinoswiat-dystrybutor-11.jpg'><img width=\"150\" height=\"150\" src=\"https:\/\/kinoroma.zabrze.pl\/mapa\/wp-content\/uploads\/szczescie-swiata-fotosy-kinoswiat-dystrybutor-11-150x150.jpg\" class=\"attachment-thumbnail size-thumbnail\" alt=\"\" loading=\"lazy\" \/><\/a>\n\t\t\t\t<\/dt><dd><\/dd><\/dl><dl class='gallery-item'>\n\t\t\t\t<dt class='gallery-icon landscape'>\n\t\t\t\t\t<a href='https:\/\/kinoroma.zabrze.pl\/mapa\/wp-content\/uploads\/szczescie-swiata-fotosy-kinoswiat-dystrybutor-12.jpg'><img width=\"150\" height=\"150\" src=\"https:\/\/kinoroma.zabrze.pl\/mapa\/wp-content\/uploads\/szczescie-swiata-fotosy-kinoswiat-dystrybutor-12-150x150.jpg\" class=\"attachment-thumbnail size-thumbnail\" alt=\"\" loading=\"lazy\" \/><\/a>\n\t\t\t\t<\/dt><dd><\/dd><\/dl><dl class='gallery-item'>\n\t\t\t\t<dt class='gallery-icon landscape'>\n\t\t\t\t\t<a href='https:\/\/kinoroma.zabrze.pl\/mapa\/wp-content\/uploads\/szczescie-swiata-fotosy-kinoswiat-dystrybutor-13.jpg'><img width=\"150\" height=\"150\" src=\"https:\/\/kinoroma.zabrze.pl\/mapa\/wp-content\/uploads\/szczescie-swiata-fotosy-kinoswiat-dystrybutor-13-150x150.jpg\" class=\"attachment-thumbnail size-thumbnail\" alt=\"\" loading=\"lazy\" \/><\/a>\n\t\t\t\t<\/dt><dd><\/dd><\/dl><dl class='gallery-item'>\n\t\t\t\t<dt class='gallery-icon landscape'>\n\t\t\t\t\t<a href='https:\/\/kinoroma.zabrze.pl\/mapa\/wp-content\/uploads\/szczescie-swiata-fotosy-kinoswiat-dystrybutor-14.jpg'><img width=\"150\" height=\"150\" src=\"https:\/\/kinoroma.zabrze.pl\/mapa\/wp-content\/uploads\/szczescie-swiata-fotosy-kinoswiat-dystrybutor-14-150x150.jpg\" class=\"attachment-thumbnail size-thumbnail\" alt=\"\" loading=\"lazy\" \/><\/a>\n\t\t\t\t<\/dt><dd><\/dd><\/dl><dl class='gallery-item'>\n\t\t\t\t<dt class='gallery-icon landscape'>\n\t\t\t\t\t<a href='https:\/\/kinoroma.zabrze.pl\/mapa\/wp-content\/uploads\/szczescie-swiata-fotosy-kinoswiat-dystrybutor-15.jpg'><img width=\"150\" height=\"150\" src=\"https:\/\/kinoroma.zabrze.pl\/mapa\/wp-content\/uploads\/szczescie-swiata-fotosy-kinoswiat-dystrybutor-15-150x150.jpg\" class=\"attachment-thumbnail size-thumbnail\" alt=\"\" loading=\"lazy\" \/><\/a>\n\t\t\t\t<\/dt><dd><\/dd><\/dl><br style=\"clear: both\" \/><dl class='gallery-item'>\n\t\t\t\t<dt class='gallery-icon landscape'>\n\t\t\t\t\t<a href='https:\/\/kinoroma.zabrze.pl\/mapa\/wp-content\/uploads\/szczescie-swiata-fotosy-kinoswiat-dystrybutor-16.jpg'><img width=\"150\" height=\"150\" src=\"https:\/\/kinoroma.zabrze.pl\/mapa\/wp-content\/uploads\/szczescie-swiata-fotosy-kinoswiat-dystrybutor-16-150x150.jpg\" class=\"attachment-thumbnail size-thumbnail\" alt=\"\" loading=\"lazy\" \/><\/a>\n\t\t\t\t<\/dt><dd><\/dd><\/dl><dl class='gallery-item'>\n\t\t\t\t<dt class='gallery-icon landscape'>\n\t\t\t\t\t<a href='https:\/\/kinoroma.zabrze.pl\/mapa\/wp-content\/uploads\/szczescie-swiata-fotosy-kinoswiat-dystrybutor-17.jpg'><img width=\"150\" height=\"150\" src=\"https:\/\/kinoroma.zabrze.pl\/mapa\/wp-content\/uploads\/szczescie-swiata-fotosy-kinoswiat-dystrybutor-17-150x150.jpg\" class=\"attachment-thumbnail size-thumbnail\" alt=\"\" loading=\"lazy\" \/><\/a>\n\t\t\t\t<\/dt><dd><\/dd><\/dl><dl class='gallery-item'>\n\t\t\t\t<dt class='gallery-icon landscape'>\n\t\t\t\t\t<a href='https:\/\/kinoroma.zabrze.pl\/mapa\/wp-content\/uploads\/szczescie-swiata-fotosy-kinoswiat-dystrybutor-10.jpg'><img width=\"150\" height=\"150\" src=\"https:\/\/kinoroma.zabrze.pl\/mapa\/wp-content\/uploads\/szczescie-swiata-fotosy-kinoswiat-dystrybutor-10-150x150.jpg\" class=\"attachment-thumbnail size-thumbnail\" alt=\"\" loading=\"lazy\" \/><\/a>\n\t\t\t\t<\/dt><dd><\/dd><\/dl><dl class='gallery-item'>\n\t\t\t\t<dt class='gallery-icon landscape'>\n\t\t\t\t\t<a href='https:\/\/kinoroma.zabrze.pl\/mapa\/wp-content\/uploads\/szczescie-swiata-fotosy-kinoswiat-dystrybutor-9.jpg'><img width=\"150\" height=\"150\" src=\"https:\/\/kinoroma.zabrze.pl\/mapa\/wp-content\/uploads\/szczescie-swiata-fotosy-kinoswiat-dystrybutor-9-150x150.jpg\" class=\"attachment-thumbnail size-thumbnail\" alt=\"\" loading=\"lazy\" \/><\/a>\n\t\t\t\t<\/dt><dd><\/dd><\/dl><dl class='gallery-item'>\n\t\t\t\t<dt class='gallery-icon landscape'>\n\t\t\t\t\t<a href='https:\/\/kinoroma.zabrze.pl\/mapa\/wp-content\/uploads\/szczescie-swiata-fotosy-kinoswiat-dystrybutor-8.jpg'><img width=\"150\" height=\"150\" src=\"https:\/\/kinoroma.zabrze.pl\/mapa\/wp-content\/uploads\/szczescie-swiata-fotosy-kinoswiat-dystrybutor-8-150x150.jpg\" class=\"attachment-thumbnail size-thumbnail\" alt=\"\" loading=\"lazy\" \/><\/a>\n\t\t\t\t<\/dt><dd><\/dd><\/dl><dl class='gallery-item'>\n\t\t\t\t<dt class='gallery-icon landscape'>\n\t\t\t\t\t<a href='https:\/\/kinoroma.zabrze.pl\/mapa\/wp-content\/uploads\/szczescie-swiata-fotosy-kinoswiat-dystrybutor-7.jpg'><img width=\"150\" height=\"150\" src=\"https:\/\/kinoroma.zabrze.pl\/mapa\/wp-content\/uploads\/szczescie-swiata-fotosy-kinoswiat-dystrybutor-7-150x150.jpg\" class=\"attachment-thumbnail size-thumbnail\" alt=\"\" loading=\"lazy\" \/><\/a>\n\t\t\t\t<\/dt><dd><\/dd><\/dl><br style=\"clear: both\" \/><dl class='gallery-item'>\n\t\t\t\t<dt class='gallery-icon landscape'>\n\t\t\t\t\t<a href='https:\/\/kinoroma.zabrze.pl\/mapa\/wp-content\/uploads\/szczescie-swiata-fotosy-kinoswiat-dystrybutor-6.jpg'><img width=\"150\" height=\"150\" src=\"https:\/\/kinoroma.zabrze.pl\/mapa\/wp-content\/uploads\/szczescie-swiata-fotosy-kinoswiat-dystrybutor-6-150x150.jpg\" class=\"attachment-thumbnail size-thumbnail\" alt=\"\" loading=\"lazy\" \/><\/a>\n\t\t\t\t<\/dt><dd><\/dd><\/dl><dl class='gallery-item'>\n\t\t\t\t<dt class='gallery-icon landscape'>\n\t\t\t\t\t<a href='https:\/\/kinoroma.zabrze.pl\/mapa\/wp-content\/uploads\/szczescie-swiata-fotosy-kinoswiat-dystrybutor-5.jpg'><img width=\"150\" height=\"150\" src=\"https:\/\/kinoroma.zabrze.pl\/mapa\/wp-content\/uploads\/szczescie-swiata-fotosy-kinoswiat-dystrybutor-5-150x150.jpg\" class=\"attachment-thumbnail size-thumbnail\" alt=\"\" loading=\"lazy\" \/><\/a>\n\t\t\t\t<\/dt><dd><\/dd><\/dl><dl class='gallery-item'>\n\t\t\t\t<dt class='gallery-icon landscape'>\n\t\t\t\t\t<a href='https:\/\/kinoroma.zabrze.pl\/mapa\/wp-content\/uploads\/szczescie-swiata-fotosy-kinoswiat-dystrybutor-4.jpg'><img width=\"150\" height=\"150\" src=\"https:\/\/kinoroma.zabrze.pl\/mapa\/wp-content\/uploads\/szczescie-swiata-fotosy-kinoswiat-dystrybutor-4-150x150.jpg\" class=\"attachment-thumbnail size-thumbnail\" alt=\"\" loading=\"lazy\" \/><\/a>\n\t\t\t\t<\/dt><dd><\/dd><\/dl><dl class='gallery-item'>\n\t\t\t\t<dt class='gallery-icon landscape'>\n\t\t\t\t\t<a href='https:\/\/kinoroma.zabrze.pl\/mapa\/wp-content\/uploads\/szczescie-swiata-fotosy-kinoswiat-dystrybutor-3.jpg'><img width=\"150\" height=\"150\" src=\"https:\/\/kinoroma.zabrze.pl\/mapa\/wp-content\/uploads\/szczescie-swiata-fotosy-kinoswiat-dystrybutor-3-150x150.jpg\" class=\"attachment-thumbnail size-thumbnail\" alt=\"\" loading=\"lazy\" \/><\/a>\n\t\t\t\t<\/dt><dd><\/dd><\/dl><dl class='gallery-item'>\n\t\t\t\t<dt class='gallery-icon landscape'>\n\t\t\t\t\t<a href='https:\/\/kinoroma.zabrze.pl\/mapa\/wp-content\/uploads\/szczescie-swiata-fotosy-kinoswiat-dystrybutor-2.jpg'><img width=\"150\" height=\"150\" src=\"https:\/\/kinoroma.zabrze.pl\/mapa\/wp-content\/uploads\/szczescie-swiata-fotosy-kinoswiat-dystrybutor-2-150x150.jpg\" class=\"attachment-thumbnail size-thumbnail\" alt=\"\" loading=\"lazy\" \/><\/a>\n\t\t\t\t<\/dt><dd><\/dd><\/dl>\n\t\t\t\t<br style='clear: both;' \/>\n\t\t\t<\/div><\/div>\n\n<hr \/>\n<p><span style=\"color: #800000;\"><u><strong>Metryczka filmu<\/strong><\/u><\/span><\/p>\n<p><span style=\"color: #800000;\">\u201eSzcz\u0119\u015bcie \u015bwiata\u201d<\/span><br \/>\n<span style=\"color: #800000;\">Polska 2016<\/span><\/p>\n<p><span style=\"color: #800000;\">Scenariusz i re\u017cyseria \u2013 Micha\u0142 Rosa<\/span><br \/>\n<span style=\"color: #800000;\">Zdj\u0119cia \u2013 Marcin Kosza\u0142ka<\/span><br \/>\n<span style=\"color: #800000;\">Scenografia \u2013 Tomasz Bartczak, Andrzej Kowalczyk<\/span><br \/>\n<span style=\"color: #800000;\">Muzyka \u2013 Janusz Wojtarowicz Motion Trio<\/span><br \/>\n<span style=\"color: #800000;\">Monta\u017c \u2013 Krzysztof Szpetma\u0144ski<\/span><br \/>\n<span style=\"color: #800000;\">Produkcja \u2013 Argomedia sp. z o.o.<\/span><br \/>\n<span style=\"color: #800000;\">Koprodukcja \u2013 TVP, Instytucja Filmowa Silesia-Film, Centrum Technologii Audiowizualnych (Wroc\u0142aw), D35<\/span><br \/>\n<span style=\"color: #800000;\">Wsp\u00f3\u0142finansowanie \u2013 Polski Instytut Sztuki Filmowejinni<\/span><br \/>\n<span style=\"color: #800000;\">Czas trwania: 103 min<\/span><br \/>\n<span style=\"color: #800000;\">Obsada: Karolina Gruszka, Agata Kulesza, Krzysztof Stroi\u0144ski, Tomasz Borkowski, Dorota Segda, Przemys\u0142aw Bluszcz, Dariusz Chojnacki<\/span><\/p>\n<hr \/>\n<p><u><strong>Trailer:<\/strong><\/u><\/p>\n<p><u><a href=\"https:\/\/www.youtube.com\/watch?v=fbKSVmS7V1M\" target=\"_blank\" rel=\"noopener noreferrer\">https:\/\/www.youtube.com\/watch?v=fbKSVmS7V1M<\/a><\/u><br \/>\n<iframe loading=\"lazy\" src=\"https:\/\/www.youtube.com\/embed\/fbKSVmS7V1M\" width=\"560\" height=\"315\" frameborder=\"0\" allowfullscreen=\"allowfullscreen\"><\/iframe><\/p>\n","protected":false},"excerpt":{"rendered":"<p>Re\u017c. Micha\u0142 Rosa Magiczna historia o magicznym domu i magicznych ludziach. A do tego dziej\u0105ca si\u0119 na G\u00f3rnym \u015al\u0105sku. Tak pokr\u00f3tce mo\u017cna stre\u015bci\u0107 \u201eSzcz\u0119\u015bcie \u015bwiata\u201d Micha\u0142a Rosy, ale jak ka\u017cde streszczenie &#8211; b\u0119dzie ono niewystarczaj\u0105ce. W tym nagrodzonym na festiwalu w Gdyni filmie, czu\u0107 wyra\u017anie klimat znany ze \u015bwiatowych hit\u00f3w &#8211; \u201eAmelia&#8221; i \u201eGrand Budapest [&hellip;]<\/p>\n","protected":false},"author":1,"featured_media":0,"parent":6068,"menu_order":0,"comment_status":"closed","ping_status":"closed","template":"","meta":[],"_links":{"self":[{"href":"https:\/\/kinoroma.zabrze.pl\/mapa\/index.php?rest_route=\/wp\/v2\/pages\/6160"}],"collection":[{"href":"https:\/\/kinoroma.zabrze.pl\/mapa\/index.php?rest_route=\/wp\/v2\/pages"}],"about":[{"href":"https:\/\/kinoroma.zabrze.pl\/mapa\/index.php?rest_route=\/wp\/v2\/types\/page"}],"author":[{"embeddable":true,"href":"https:\/\/kinoroma.zabrze.pl\/mapa\/index.php?rest_route=\/wp\/v2\/users\/1"}],"replies":[{"embeddable":true,"href":"https:\/\/kinoroma.zabrze.pl\/mapa\/index.php?rest_route=%2Fwp%2Fv2%2Fcomments&post=6160"}],"version-history":[{"count":10,"href":"https:\/\/kinoroma.zabrze.pl\/mapa\/index.php?rest_route=\/wp\/v2\/pages\/6160\/revisions"}],"predecessor-version":[{"id":7623,"href":"https:\/\/kinoroma.zabrze.pl\/mapa\/index.php?rest_route=\/wp\/v2\/pages\/6160\/revisions\/7623"}],"up":[{"embeddable":true,"href":"https:\/\/kinoroma.zabrze.pl\/mapa\/index.php?rest_route=\/wp\/v2\/pages\/6068"}],"wp:attachment":[{"href":"https:\/\/kinoroma.zabrze.pl\/mapa\/index.php?rest_route=%2Fwp%2Fv2%2Fmedia&parent=6160"}],"curies":[{"name":"wp","href":"https:\/\/api.w.org\/{rel}","templated":true}]}}