{"id":7028,"date":"2020-10-06T11:22:24","date_gmt":"2020-10-06T09:22:24","guid":{"rendered":"http:\/\/new.kinoroma.zabrze.pl\/mapa\/?page_id=7028"},"modified":"2020-10-20T13:00:03","modified_gmt":"2020-10-20T11:00:03","slug":"kabaret-smierci","status":"publish","type":"page","link":"https:\/\/kinoroma.zabrze.pl\/mapa\/?page_id=7028","title":{"rendered":"Kabaret \u015bmierci"},"content":{"rendered":"<h5>Re\u017c. Andrzej Celi\u0144ski<\/h5>\n<hr \/>\n<p><a href=\"https:\/\/kinoroma.zabrze.pl\/mapa\/wp-content\/uploads\/cmentarz.jpg\"><img loading=\"lazy\" class=\"alignleft wp-image-7017 size-medium\" src=\"https:\/\/kinoroma.zabrze.pl\/mapa\/wp-content\/uploads\/cmentarz-300x169.jpg\" alt=\"img\" width=\"300\" height=\"169\" srcset=\"https:\/\/kinoroma.zabrze.pl\/mapa\/wp-content\/uploads\/cmentarz-300x169.jpg 300w, https:\/\/kinoroma.zabrze.pl\/mapa\/wp-content\/uploads\/cmentarz-1024x576.jpg 1024w, https:\/\/kinoroma.zabrze.pl\/mapa\/wp-content\/uploads\/cmentarz-768x432.jpg 768w, https:\/\/kinoroma.zabrze.pl\/mapa\/wp-content\/uploads\/cmentarz-1536x864.jpg 1536w, https:\/\/kinoroma.zabrze.pl\/mapa\/wp-content\/uploads\/cmentarz.jpg 1920w\" sizes=\"(max-width: 300px) 100vw, 300px\" \/><\/a>Czy wolno by\u0142o \u015bmia\u0107 si\u0119 w Auschwitz albo getcie warszawskim? To pytanie pada na samym pocz\u0105tku filmu \u201eKabaret \u015bmierci&#8221;. I do ko\u0144ca nie wiemy, jak na nie odpowiedzie\u0107. Nominowany do Oscara Andrzej Celi\u0144ski w swoim fabularyzowanym dokumencie opowiada o \u015bwiatowej s\u0142awy \u017cydowskich artystach, kt\u00f3rzy trafili do piek\u0142a gett i niemieckich oboz\u00f3w koncentracyjnych, w kt\u00f3rych walczyli o \u017cycie swoj\u0105 sztuk\u0105.<\/p>\n<p>\u201eWojenna opowie\u015b\u0107 o artystach \u017cydowskiego pochodzenia, walcz\u0105cych o przetrwanie za pomoc\u0105 tw\u00f3rczo\u015bci muzycznej, teatralnej i filmowej&#8221;. Ten ch\u0142odny opis z oficjalnego materia\u0142u prasowego nie oddaje nawet odrobiny wstrz\u0105su jaki wywo\u0142uje w widzu \u201eKabaret \u015bmierci&#8221;.<\/p>\n<p>Celi\u0144ski prowadzi nas \u015bcie\u017ck\u0105 \u015bmierci poprzez obozy koncentracyjne i getta, w kt\u00f3rych \u017cydowscy arty\u015bci &#8211; przed wojn\u0105 s\u0142awni i kochani przez widz\u00f3w &#8211; organizuj\u0105 przedstawienia i koncerty. Walcz\u0105 o \u017cycie, o dusz\u0119 i o godno\u015b\u0107.<\/p>\n<p>Poznajemy s\u0142awnych przed wojn\u0105 niemieckich filmowc\u00f3w \u017cydowskiego pochodzenia: Maxa Ehrlicha i Kurta Gerrona. Ehrlich nakr\u0119ci\u0142 42 filmy, przed hitlerowcami uciek\u0142 do Holandii, sk\u0105d w 1943 trafi\u0142 jednak do Auschwitz, gdzie zosta\u0142 zamordowany, podobnie jak Gerron &#8211; s\u0142ynny komik niemiecki, kt\u00f3ry wyst\u0105pi\u0142 w kilkudziesi\u0119ciu filmach. Na ekranie pojawiaj\u0105 si\u0119 te\u017c fabularyzowane sceny po\u015bwi\u0119cone Wierze Gran &#8211; wielkiej polskiej piosenkarce, kt\u00f3ra dobrowolnie wr\u00f3ci\u0142a do getta w 1942 roku. Uciek\u0142a z niego przed akcja wysiedle\u0144cz\u0105. Prze\u017cy\u0142a i zmar\u0142a w 2006 roku w Pary\u017cu.<\/p>\n<p>W filmie zarejestrowano wypowiedzi re\u017cysera teatralnego Volkera K\u00fchna, re\u017cysera i aktora Teatru \u017bydowskiego w Warszawie Jana Szurmieja, ale tak\u017ce wi\u0119\u017aniarek\u00a0 i wi\u0119\u017ani\u00f3w oboz\u00f3w, kt\u00f3rzy prze\u017cyli dzi\u0119ki swojemu talentowi. Wi\u0119\u017aniarek obozu Theresienstadt w Czechach Anny Hanusovej-Flachovej i Evy Herrmannovej oraz Leopolda Koz\u0142owskiego wi\u0119\u017ania oboz\u00f3w Kurowice i Jaktor\u00f3w. Koz\u0142owski by\u0142 wybitnym, polskim pianist\u0105, kompozytorem i dyrygentem. Po wojnie koncertowa\u0142 przez wiele lat, przypominaj\u0105c muzyk\u0119 przedwojennych klezmer\u00f3w w Polsce i nazywany by\u0142 \u201eostatnim klezmerem Galicji&#8221;.<\/p>\n<a\n\thref=\"\/mapa\/?ait-item=24-cmentarz-zydowski\"\n\t\tid=\"ait-sc-button-1\"\n\tclass=\"ait-sc-button alignleft  buticon-left    simple\"\n\tstyle=\"width:260px;background-color:#001e92; border-color:#001e92;margin-top:20;margin-left:20;margin-right:20;margin-bottom:20;\"\n>\n\t<span class=\"container\">\n\t\t<span class=\"wrap\">\n\n\t\t\t\t\t\t\t\t\t\t\t\t<span class=\"icon\" style=\"text-align:left;\">\n\t\t\t\t\t\t<i class=\"fa fa fa-map-marker\" style=\"color: #ffffff;\"><\/i>\n\t\t\t\t\t<\/span>\n\t\t\t\t\t\t\t\n\t\t\t\t\t\t<span class=\"text\" style=\"text-align:left;\">\n\t\t\t\t\t\t\t\t<span class=\"title\" style=\"color:#ffffff;\">\n\t\t\t\t\tCmentarz \u017bydowski\t\t\t\t<\/span>\n\t\t\t\t\t\t\t\t\t\t\t<\/span>\n\t\t\t\n\t\t\t\t\t\t\t\t\t\t\t\t<\/span>\n\t<\/span>\n<\/a>\n\n<p>W\u0142a\u015bnie jego relacja jest szczeg\u00f3lnie wstrz\u0105saj\u0105ca. Celi\u0144ski opatrzy\u0142 j\u0105 sekwencjami fabularnymi, opartymi na obozowych wspomnieniach Koz\u0142owskiego. \u201eGra\u0142em o \u017cycie\u201d \u2013 m\u00f3wi artysta, streszczaj\u0105c w tym kr\u00f3tkim zdaniu istot\u0119 tego, czym by\u0142y jego wyst\u0119py przed komendantem obozu koncentracyjnego. \u201eGra\u0142em tym, kt\u00f3rzy rozstrzeliwali i gra\u0142em tym, kt\u00f3rzy byli rozstrzeliwani\u2026\u201d<\/p>\n<p>Prze\u017cy\u0142, bo uciek\u0142 z obozu. Potem walczy\u0142 w \u017cydowskim oddziale partyzanckim Abrama Bauma \u201eBunia\u201d oraz w oddzia\u0142ach Armii Krajowej.<\/p>\n<p>Andrzej Celi\u0144ski jest re\u017cyserem, kt\u00f3ry zas\u0142yn\u0105\u0142 w \u015bwiecie nominowanym do Oscara dokumentem \u201eDzieci z Leningradzkiego&#8221; (2004), wyre\u017cyserowanym wsp\u00f3lnie z Hann\u0105 Polak.<\/p>\n<hr \/>\n<p><span style=\"color: #800000;\"><u><b>Metryczka filmu<\/b><\/u><\/span><\/p>\n<p><span style=\"color: #800000;\">\u201eKabaret \u015bmierci&#8221;<\/span><br \/>\n<span style=\"color: #800000;\">Polska, 2014<\/span><\/p>\n<p><span style=\"color: #800000;\">Re\u017cyseria i scenariusz: Andrzej Celi\u0144ski<\/span><br \/>\n<span style=\"color: #800000;\">Zdj\u0119cia: Aleksander Dyl<\/span><br \/>\n<span style=\"color: #800000;\">Produkcja: Grupa dr. A. R. Kwieci\u0144skiego<\/span><br \/>\n<span style=\"color: #800000;\">Czas trwania: 98 min<\/span><br \/>\n<span style=\"color: #800000;\">Obsada aktorska: Rafa\u0142 G\u0105sowski, Feliks Szajnert, Piotr D\u0105browski, Jacek Milczanowski,<\/span><br \/>\n<span style=\"color: #800000;\">Magdalena Wojnarowska.<\/span><\/p>\n<hr \/>\n<p><span style=\"text-decoration: underline;\"><strong>Nagrody i wyr\u00f3\u017cnienia<\/strong><\/span><\/p>\n<p>2015 Nowy Jork (New York Festivals) &#8211; Z\u0142oty Medal w kategorii: Film and Video &#8211; Film Productions; Documentaries<br \/>\n2015 Prix Italia-w kategorii: dokument artystyczny<\/p>\n<p>&nbsp;<\/p>\n","protected":false},"excerpt":{"rendered":"<p>Re\u017c. Andrzej Celi\u0144ski Czy wolno by\u0142o \u015bmia\u0107 si\u0119 w Auschwitz albo getcie warszawskim? To pytanie pada na samym pocz\u0105tku filmu \u201eKabaret \u015bmierci&#8221;. I do ko\u0144ca nie wiemy, jak na nie odpowiedzie\u0107. Nominowany do Oscara Andrzej Celi\u0144ski w swoim fabularyzowanym dokumencie opowiada o \u015bwiatowej s\u0142awy \u017cydowskich artystach, kt\u00f3rzy trafili do piek\u0142a gett i niemieckich oboz\u00f3w koncentracyjnych, [&hellip;]<\/p>\n","protected":false},"author":1,"featured_media":0,"parent":6068,"menu_order":0,"comment_status":"closed","ping_status":"closed","template":"","meta":[],"_links":{"self":[{"href":"https:\/\/kinoroma.zabrze.pl\/mapa\/index.php?rest_route=\/wp\/v2\/pages\/7028"}],"collection":[{"href":"https:\/\/kinoroma.zabrze.pl\/mapa\/index.php?rest_route=\/wp\/v2\/pages"}],"about":[{"href":"https:\/\/kinoroma.zabrze.pl\/mapa\/index.php?rest_route=\/wp\/v2\/types\/page"}],"author":[{"embeddable":true,"href":"https:\/\/kinoroma.zabrze.pl\/mapa\/index.php?rest_route=\/wp\/v2\/users\/1"}],"replies":[{"embeddable":true,"href":"https:\/\/kinoroma.zabrze.pl\/mapa\/index.php?rest_route=%2Fwp%2Fv2%2Fcomments&post=7028"}],"version-history":[{"count":12,"href":"https:\/\/kinoroma.zabrze.pl\/mapa\/index.php?rest_route=\/wp\/v2\/pages\/7028\/revisions"}],"predecessor-version":[{"id":7668,"href":"https:\/\/kinoroma.zabrze.pl\/mapa\/index.php?rest_route=\/wp\/v2\/pages\/7028\/revisions\/7668"}],"up":[{"embeddable":true,"href":"https:\/\/kinoroma.zabrze.pl\/mapa\/index.php?rest_route=\/wp\/v2\/pages\/6068"}],"wp:attachment":[{"href":"https:\/\/kinoroma.zabrze.pl\/mapa\/index.php?rest_route=%2Fwp%2Fv2%2Fmedia&parent=7028"}],"curies":[{"name":"wp","href":"https:\/\/api.w.org\/{rel}","templated":true}]}}

Kabaret śmierci

<h5>Reż. Andrzej Celiński</h5>
<hr />
<p><a href="https://kinoroma.zabrze.pl/mapa/wp-content/uploads/cmentarz.jpg"><img loading="lazy" class="alignleft wp-image-7017 size-medium" src="https://kinoroma.zabrze.pl/mapa/wp-content/uploads/cmentarz-300x169.jpg" alt="img" width="300" height="169" srcset="https://kinoroma.zabrze.pl/mapa/wp-content/uploads/cmentarz-300x169.jpg 300w, https://kinoroma.zabrze.pl/mapa/wp-content/uploads/cmentarz-1024x576.jpg 1024w, https://kinoroma.zabrze.pl/mapa/wp-content/uploads/cmentarz-768x432.jpg 768w, https://kinoroma.zabrze.pl/mapa/wp-content/uploads/cmentarz-1536x864.jpg 1536w, https://kinoroma.zabrze.pl/mapa/wp-content/uploads/cmentarz.jpg 1920w" sizes="(max-width: 300px) 100vw, 300px" /></a>Czy wolno było śmiać się w Auschwitz albo getcie warszawskim? To pytanie pada na samym początku filmu „Kabaret śmierci&#8221;. I do końca nie wiemy, jak na nie odpowiedzieć. Nominowany do Oscara Andrzej Celiński w swoim fabularyzowanym dokumencie opowiada o światowej sławy żydowskich artystach, którzy trafili do piekła gett i niemieckich obozów koncentracyjnych, w których walczyli o życie swoją sztuką.</p>
<p>„Wojenna opowieść o artystach żydowskiego pochodzenia, walczących o przetrwanie za pomocą twórczości muzycznej, teatralnej i filmowej&#8221;. Ten chłodny opis z oficjalnego materiału prasowego nie oddaje nawet odrobiny wstrząsu jaki wywołuje w widzu „Kabaret śmierci&#8221;.</p>
<p>Celiński prowadzi nas ścieżką śmierci poprzez obozy koncentracyjne i getta, w których żydowscy artyści &#8211; przed wojną sławni i kochani przez widzów &#8211; organizują przedstawienia i koncerty. Walczą o życie, o duszę i o godność.</p>
<p>Poznajemy sławnych przed wojną niemieckich filmowców żydowskiego pochodzenia: Maxa Ehrlicha i Kurta Gerrona. Ehrlich nakręcił 42 filmy, przed hitlerowcami uciekł do Holandii, skąd w 1943 trafił jednak do Auschwitz, gdzie został zamordowany, podobnie jak Gerron &#8211; słynny komik niemiecki, który wystąpił w kilkudziesięciu filmach. Na ekranie pojawiają się też fabularyzowane sceny poświęcone Wierze Gran &#8211; wielkiej polskiej piosenkarce, która dobrowolnie wróciła do getta w 1942 roku. Uciekła z niego przed akcja wysiedleńczą. Przeżyła i zmarła w 2006 roku w Paryżu.</p>
<p>W filmie zarejestrowano wypowiedzi reżysera teatralnego Volkera Kühna, reżysera i aktora Teatru Żydowskiego w Warszawie Jana Szurmieja, ale także więźniarek  i więźniów obozów, którzy przeżyli dzięki swojemu talentowi. Więźniarek obozu Theresienstadt w Czechach Anny Hanusovej-Flachovej i Evy Herrmannovej oraz Leopolda Kozłowskiego więźnia obozów Kurowice i Jaktorów. Kozłowski był wybitnym, polskim pianistą, kompozytorem i dyrygentem. Po wojnie koncertował przez wiele lat, przypominając muzykę przedwojennych klezmerów w Polsce i nazywany był „ostatnim klezmerem Galicji&#8221;.</p>
<a
	href="/mapa/?ait-item=24-cmentarz-zydowski"
		id="ait-sc-button-1"
	class="ait-sc-button alignleft  buticon-left    simple"
	style="width:260px;background-color:#001e92; border-color:#001e92;margin-top:20;margin-left:20;margin-right:20;margin-bottom:20;"
>
	<span class="container">
		<span class="wrap">

												<span class="icon" style="text-align:left;">
						<i class="fa fa fa-map-marker" style="color: #ffffff;"></i>
					</span>
							
						<span class="text" style="text-align:left;">
								<span class="title" style="color:#ffffff;">
					Cmentarz Żydowski				</span>
											</span>
			
												</span>
	</span>
</a>

<p>Właśnie jego relacja jest szczególnie wstrząsająca. Celiński opatrzył ją sekwencjami fabularnymi, opartymi na obozowych wspomnieniach Kozłowskiego. „Grałem o życie” – mówi artysta, streszczając w tym krótkim zdaniu istotę tego, czym były jego występy przed komendantem obozu koncentracyjnego. „Grałem tym, którzy rozstrzeliwali i grałem tym, którzy byli rozstrzeliwani…”</p>
<p>Przeżył, bo uciekł z obozu. Potem walczył w żydowskim oddziale partyzanckim Abrama Bauma „Bunia” oraz w oddziałach Armii Krajowej.</p>
<p>Andrzej Celiński jest reżyserem, który zasłynął w świecie nominowanym do Oscara dokumentem „Dzieci z Leningradzkiego&#8221; (2004), wyreżyserowanym wspólnie z Hanną Polak.</p>
<hr />
<p><span style="color: #800000;"><u><b>Metryczka filmu</b></u></span></p>
<p><span style="color: #800000;">„Kabaret śmierci&#8221;</span><br />
<span style="color: #800000;">Polska, 2014</span></p>
<p><span style="color: #800000;">Reżyseria i scenariusz: Andrzej Celiński</span><br />
<span style="color: #800000;">Zdjęcia: Aleksander Dyl</span><br />
<span style="color: #800000;">Produkcja: Grupa dr. A. R. Kwiecińskiego</span><br />
<span style="color: #800000;">Czas trwania: 98 min</span><br />
<span style="color: #800000;">Obsada aktorska: Rafał Gąsowski, Feliks Szajnert, Piotr Dąbrowski, Jacek Milczanowski,</span><br />
<span style="color: #800000;">Magdalena Wojnarowska.</span></p>
<hr />
<p><span style="text-decoration: underline;"><strong>Nagrody i wyróżnienia</strong></span></p>
<p>2015 Nowy Jork (New York Festivals) &#8211; Złoty Medal w kategorii: Film and Video &#8211; Film Productions; Documentaries<br />
2015 Prix Italia-w kategorii: dokument artystyczny</p>
<p>&nbsp;</p>

<p>Reż. Andrzej Celiński Czy wolno było śmiać się w Auschwitz albo getcie warszawskim? To pytanie pada na samym początku filmu „Kabaret śmierci&#8221;. I do końca nie wiemy, jak na nie odpowiedzieć. Nominowany do Oscara Andrzej Celiński w swoim fabularyzowanym dokumencie opowiada o światowej sławy żydowskich artystach, którzy trafili do piekła gett i niemieckich obozów koncentracyjnych, [&hellip;]</p>
